--
-- Host: localhost    Database: flex_home
-- ------------------------------------------------------


--
-- Table structure for table `activations`
--

CREATE TABLE `activations` (
  `id` int unsigned NOT NULL AUTO_INCREMENT,
  `user_id` int unsigned NOT NULL,
  `code` varchar(120) CHARACTER SET utf8mb4 COLLATE utf8mb4_unicode_ci NOT NULL,
  `completed` tinyint(1) NOT NULL DEFAULT '0',
  `completed_at` timestamp NULL DEFAULT NULL,
  `created_at` timestamp NULL DEFAULT NULL,
  `updated_at` timestamp NULL DEFAULT NULL,
  PRIMARY KEY (`id`),
  KEY `activations_user_id_index` (`user_id`)
) ENGINE=InnoDB AUTO_INCREMENT=21 DEFAULT CHARSET=utf8mb4 COLLATE=utf8mb4_unicode_ci;

--
-- Dumping data for table `activations`
--

INSERT INTO `activations` VALUES (1,1,'JVEVccHIalHLwIL41uMnOJDfC0p59ohS',1,'2019-11-15 04:53:30','2019-11-15 04:53:30','2019-11-15 04:53:30'),(2,2,'bUiPYBbscR6j5dhSlWSesCy0LEXp7LDG',1,'2021-01-03 17:23:28','2021-01-03 17:23:28','2021-01-03 17:23:28'),(3,1,'dtG3n9fA2nz5TPWNuYP1nCFwtfgtVY3Q',1,'2021-01-12 20:51:55','2021-01-12 20:51:55','2021-01-12 20:51:55'),(4,1,'j34UyDusAYW6Qv7W8R9Phy1eS7J6x7VH',1,'2021-01-12 20:57:53','2021-01-12 20:57:53','2021-01-12 20:57:53'),(5,1,'zybfCxjzArgxYwys3SFXJFr5GtrR4fVh',1,'2021-04-15 01:12:40','2021-04-15 01:12:40','2021-04-15 01:12:40'),(6,1,'CdxxFEhkLAEjMbXfwV0sGfYouD04RXxR',1,'2021-04-18 09:20:14','2021-04-18 09:20:14','2021-04-18 09:20:14'),(7,1,'5QGfTcVcYiXHzILQHh84iziigUT1Asfo',1,'2021-04-29 20:46:36','2021-04-29 20:46:36','2021-04-29 20:46:36'),(8,1,'b6OPzC5TBqVWQUjUE6MwNt1xW50BQCiq',1,'2021-06-11 20:56:49','2021-06-11 20:56:49','2021-06-11 20:56:49'),(9,1,'aErtd3iYdCfFQHt9JGTC6CK2sDEipDfJ',1,'2021-12-04 05:15:56','2021-12-04 05:15:56','2021-12-04 05:15:56'),(10,1,'E2pnOQvxfnxT3FhzIVG3y64EmlSJquav',1,'2021-12-04 05:17:41','2021-12-04 05:17:41','2021-12-04 05:17:41'),(11,1,'aw6YZVSneTmkzQYSO1uZ5sza3JyZYFkk',1,'2021-12-04 05:21:13','2021-12-04 05:21:13','2021-12-04 05:21:13'),(12,1,'NmUPB12SAMkdIku581sX5QpARXMxqJjg',1,'2021-12-09 21:24:36','2021-12-09 21:24:36','2021-12-09 21:24:36'),(13,1,'brlhvZ2kzt9LlSMb4zvTFoibinKxnEQg',1,'2021-12-09 21:25:34','2021-12-09 21:25:34','2021-12-09 21:25:34'),(14,1,'KeHhljId92qtHGPBPfRvGoJORu49k1PA',1,'2023-03-04 04:32:17','2023-03-04 04:32:17','2023-03-04 04:32:17'),(15,1,'Z2UL2dgkw3zRXoBxCdUccdJichAYCYAR',1,'2023-03-05 07:12:14','2023-03-05 07:12:14','2023-03-05 07:12:14'),(16,1,'U2FTepYaNXk1Tk5ORrLEvjWbaM5AuD4x',1,'2023-03-05 21:23:36','2023-03-05 21:23:36','2023-03-05 21:23:36'),(17,1,'4KELAPn3TM8Of6htxplrt5ysyEBXvb9s',1,'2023-03-12 21:10:58','2023-03-12 21:10:58','2023-03-12 21:10:58'),(18,1,'FuCaSHp4hcoJZHo19VRu8m93yqbYASau',1,'2023-03-17 03:22:07','2023-03-17 03:22:07','2023-03-17 03:22:07'),(19,1,'pvDHSCkk2b05ArRvBdowNpI8fCGvlGHQ',1,'2023-03-17 03:23:43','2023-03-17 03:23:43','2023-03-17 03:23:43'),(20,1,'LS2JpCQ3ip4Urn5f8uWOw3ENDtyvho7E',1,'2023-03-18 00:07:32','2023-03-18 00:07:32','2023-03-18 00:07:32');

--
-- Table structure for table `admin_notifications`
--

CREATE TABLE `admin_notifications` (
  `id` bigint unsigned NOT NULL AUTO_INCREMENT,
  `title` varchar(191) CHARACTER SET utf8mb4 COLLATE utf8mb4_unicode_ci NOT NULL,
  `action_label` varchar(191) CHARACTER SET utf8mb4 COLLATE utf8mb4_unicode_ci DEFAULT NULL,
  `action_url` varchar(191) CHARACTER SET utf8mb4 COLLATE utf8mb4_unicode_ci DEFAULT NULL,
  `description` varchar(400) CHARACTER SET utf8mb4 COLLATE utf8mb4_unicode_ci NOT NULL,
  `read_at` timestamp NULL DEFAULT NULL,
  `created_at` timestamp NULL DEFAULT NULL,
  `updated_at` timestamp NULL DEFAULT NULL,
  PRIMARY KEY (`id`)
) ENGINE=InnoDB DEFAULT CHARSET=utf8mb4 COLLATE=utf8mb4_unicode_ci;

--
-- Dumping data for table `admin_notifications`
--


--
-- Table structure for table `audit_histories`
--

CREATE TABLE `audit_histories` (
  `id` int unsigned NOT NULL AUTO_INCREMENT,
  `user_id` int unsigned NOT NULL,
  `module` varchar(60) CHARACTER SET utf8mb4 COLLATE utf8mb4_unicode_ci NOT NULL,
  `request` text CHARACTER SET utf8mb4 COLLATE utf8mb4_unicode_ci,
  `action` varchar(120) CHARACTER SET utf8mb4 COLLATE utf8mb4_unicode_ci NOT NULL,
  `user_agent` text CHARACTER SET utf8mb4 COLLATE utf8mb4_unicode_ci,
  `ip_address` varchar(39) CHARACTER SET utf8mb4 COLLATE utf8mb4_unicode_ci DEFAULT NULL,
  `reference_user` int unsigned NOT NULL,
  `reference_id` int unsigned NOT NULL,
  `reference_name` varchar(255) CHARACTER SET utf8mb4 COLLATE utf8mb4_unicode_ci NOT NULL,
  `type` varchar(20) CHARACTER SET utf8mb4 COLLATE utf8mb4_unicode_ci NOT NULL,
  `created_at` timestamp NULL DEFAULT NULL,
  `updated_at` timestamp NULL DEFAULT NULL,
  PRIMARY KEY (`id`),
  KEY `audit_histories_user_id_index` (`user_id`),
  KEY `audit_histories_module_index` (`module`)
) ENGINE=InnoDB DEFAULT CHARSET=utf8mb4 COLLATE=utf8mb4_unicode_ci;

--
-- Dumping data for table `audit_histories`
--


--
-- Table structure for table `careers`
--

CREATE TABLE `careers` (
  `id` int unsigned NOT NULL AUTO_INCREMENT,
  `name` varchar(120) CHARACTER SET utf8mb4 COLLATE utf8mb4_unicode_ci NOT NULL,
  `location` varchar(255) CHARACTER SET utf8mb4 COLLATE utf8mb4_unicode_ci NOT NULL,
  `salary` varchar(255) CHARACTER SET utf8mb4 COLLATE utf8mb4_unicode_ci NOT NULL,
  `content` text CHARACTER SET utf8mb4 COLLATE utf8mb4_unicode_ci NOT NULL,
  `status` varchar(60) CHARACTER SET utf8mb4 COLLATE utf8mb4_unicode_ci NOT NULL DEFAULT 'published',
  `created_at` timestamp NULL DEFAULT NULL,
  `updated_at` timestamp NULL DEFAULT NULL,
  `description` varchar(400) CHARACTER SET utf8mb4 COLLATE utf8mb4_unicode_ci DEFAULT NULL,
  PRIMARY KEY (`id`)
) ENGINE=InnoDB AUTO_INCREMENT=6 DEFAULT CHARSET=utf8mb4 COLLATE=utf8mb4_unicode_ci;

--
-- Dumping data for table `careers`
--

INSERT INTO `careers` VALUES (1,'Sales Manager (Up to 2600$)','Ho Chi Minh, Viet Nam','1300$ - 2600$','<p><span style=\"font-size:16px;\"><span style=\"font-family:Arial,Helvetica,sans-serif;\"><strong>BENEFITS FOR YOU</strong></span></span></p>\r\n\r\n<p><span style=\"font-size:14px;\"><span style=\"font-family:Arial,Helvetica,sans-serif;\">- Applicants receive a salary from 1300 USD to 2600 USD<br />\r\n- Fully enjoy the regimes according to Vietnam&#39;s Labor Law: Social insurance, health insurance, unemployment insurance<br />\r\n- Trained to improve expertise and capacity in suitable positions.</span></span></p>\r\n\r\n<p>&nbsp;</p>\r\n\r\n<p><span style=\"font-size:16px;\"><span style=\"font-family:Arial,Helvetica,sans-serif;\"><strong>JOB DESCRIPTION</strong></span></span></p>\r\n\r\n<p><span style=\"font-size:14px;\"><span style=\"font-family:Arial,Helvetica,sans-serif;\">- Coordinate with the Investment Department in organizing the collection, analysis, evaluation of market information and submitting proposals for planning the project&#39;s products and investment cooperation plans (if any);<br />\r\n- Acting as a focal point of exploitation and trading with customers, managing trading floors and distributors;<br />\r\n- Checking and approving the selection of sales units, management units for exploitation, operation and investment cooperation;<br />\r\n- Leading the negotiation and management of contracts with customers, sales units, management of exploitation, operation and investment cooperation;<br />\r\n- Prepare and submit a price approval for the sale, lease, and cooperation prices of all real estate projects;<br />\r\n- Develop sales plans, sales policies, support and promotions;<br />\r\n- Coordinate with member companies (Project Management Board) to collect and hand over product records (technical documents, red books, sales contracts ...) to hand over customers;<br />\r\n- Deploy customer support activities;</span></span></p>\r\n\r\n<p>&nbsp;</p>\r\n\r\n<p><span style=\"font-size:16px;\"><span style=\"font-family:Arial,Helvetica,sans-serif;\"><strong>JOB REQUIREMENTS</strong></span></span></p>\r\n\r\n<p><span style=\"font-size:14px;\"><span style=\"font-family:Arial,Helvetica,sans-serif;\">- Preferred age: 30-35<br />\r\n- University degree in Business Administration, Economics, or related industries.<br />\r\n- Over 03 years of experience in assuming the position of Real Estate Business City<br />\r\n- Priority with a certificate of real estate broker, certificate of real estate trading floor management<br />\r\n- Good planning, operating, and control skills<br />\r\n- Good communication, negotiation and problem-solving skills</span></span></p>','published','2019-11-30 19:43:10','2019-11-30 19:46:53',NULL),(3,'Senior Real Estate Consultant Demo','Ho Chi Minh, Viet Nam','From 1500$','<p><span style=\"font-size:16px;\"><span style=\"font-family:Arial,Helvetica,sans-serif;\"><strong>BENEFITS FOR YOU</strong></span></span></p>\r\n\r\n<p><span style=\"font-size:14px;\"><span style=\"font-family:Arial,Helvetica,sans-serif;\">- Basic salary 500$&nbsp;/ month.<br />\r\n- Access to diverse sources of goods and opportunities from reputable investors.<br />\r\n- Retrospective salary policy up to 2400$-7000$&nbsp;/ year.<br />\r\n- Commission of 22-50% and a commission 1000$ / successful transaction in the month.<br />\r\n- Effective bonus 0.6-3% of annual revenue.<br />\r\n- A place to build your personal brand in a standard and different way.<br />\r\n- Attend seminars on real estate every 6 months.<br />\r\n- Participate in the course on negotiation skills (Win - Win), language of sales (Language of Sales), customer mind marketing (SOI), customer conversion from social networks (Go Social)<br />\r\n- Unlimited promotion opportunities.<br />\r\n- Working with professional space and modern open office design.<br />\r\n- Welfare policy, domestic and foreign tourism ...<br />\r\n- Decentralized, democratic, financial transparency, considering brokerage is a business partner.<br />\r\n- Environmentally friendly, is the place where brokers are connected with regular activities</span></span></p>\r\n\r\n<p>&nbsp;</p>\r\n\r\n<p><span style=\"font-size:16px;\"><span style=\"font-family:Arial,Helvetica,sans-serif;\"><strong>JOB DESCRIPTION</strong></span></span></p>\r\n\r\n<p><span style=\"font-size:14px;\"><span style=\"font-family:Arial,Helvetica,sans-serif;\">- Quantity: 30 employees<br />\r\n- Find and exploit potential customers for real estate products valued from 2000 USD / m2 in the high-end and luxury segment;<br />\r\n- Deploying activities to find customers, coordinate with teams to realize sales targets<br />\r\n- Advise customers on information related to products and projects of the Company;</span></span></p>\r\n\r\n<p>&nbsp;</p>\r\n\r\n<p><span style=\"font-size:16px;\"><span style=\"font-family:Arial,Helvetica,sans-serif;\"><strong>JOB REQUIREMENTS</strong></span></span></p>\r\n\r\n<p><span style=\"font-size:14px;\"><span style=\"font-family:Arial,Helvetica,sans-serif;\">- Graduating from college or higher<br />\r\n- Good appearance, male height from 1.68m, female from 1.58m. Age from 22-35 years old<br />\r\n- Priority to candidates who know foreign languages ​​and have 1 year or more experience in the field of real estate, banking and finance.<br />\r\n- Have financial goals, work and life.<br />\r\n- Desire to achieve big goals.<br />\r\n- Diligent, persistent, honest.</span></span></p>','published','2019-11-30 19:52:42','2021-01-03 17:26:17',NULL);

--
-- Table structure for table `careers_translations`
--

CREATE TABLE `careers_translations` (
  `lang_code` varchar(191) CHARACTER SET utf8mb4 COLLATE utf8mb4_unicode_ci NOT NULL,
  `careers_id` int NOT NULL,
  `name` varchar(255) CHARACTER SET utf8mb4 COLLATE utf8mb4_unicode_ci DEFAULT NULL,
  `location` varchar(255) CHARACTER SET utf8mb4 COLLATE utf8mb4_unicode_ci DEFAULT NULL,
  `salary` varchar(255) CHARACTER SET utf8mb4 COLLATE utf8mb4_unicode_ci DEFAULT NULL,
  `description` longtext CHARACTER SET utf8mb4 COLLATE utf8mb4_unicode_ci,
  PRIMARY KEY (`lang_code`,`careers_id`)
) ENGINE=InnoDB DEFAULT CHARSET=utf8mb4 COLLATE=utf8mb4_unicode_ci;

--
-- Dumping data for table `careers_translations`
--

INSERT INTO `careers_translations` VALUES ('vi',1,'Trưởng Phòng Kinh Doanh ( Lương lên tới 60tr)','Ho Chi Minh, Viet Nam','30,000,000 VND-60,000,000 VND',NULL),('vi',3,'Chuyên Viên Tư Vấn Bất Động Sản Cao Cấp','Ho Chi Minh, Viet Nam','Từ 30,000,000 VND',NULL);

--
-- Table structure for table `categories`
--

CREATE TABLE `categories` (
  `id` int unsigned NOT NULL AUTO_INCREMENT,
  `name` varchar(120) CHARACTER SET utf8mb4 COLLATE utf8mb4_unicode_ci NOT NULL,
  `parent_id` int unsigned NOT NULL DEFAULT '0',
  `description` varchar(400) CHARACTER SET utf8mb4 COLLATE utf8mb4_unicode_ci DEFAULT NULL,
  `status` varchar(60) CHARACTER SET utf8mb4 COLLATE utf8mb4_unicode_ci NOT NULL DEFAULT 'published',
  `author_id` int NOT NULL,
  `author_type` varchar(255) CHARACTER SET utf8mb4 COLLATE utf8mb4_unicode_ci NOT NULL DEFAULT 'Botble\\ACL\\Models\\User',
  `icon` varchar(60) CHARACTER SET utf8mb4 COLLATE utf8mb4_unicode_ci DEFAULT NULL,
  `order` tinyint NOT NULL DEFAULT '0',
  `is_featured` tinyint NOT NULL DEFAULT '0',
  `is_default` tinyint unsigned NOT NULL DEFAULT '0',
  `created_at` timestamp NULL DEFAULT NULL,
  `updated_at` timestamp NULL DEFAULT NULL,
  PRIMARY KEY (`id`),
  KEY `categories_parent_id_status_created_at_index` (`parent_id`,`status`,`created_at`)
) ENGINE=InnoDB AUTO_INCREMENT=9 DEFAULT CHARSET=utf8mb4 COLLATE=utf8mb4_unicode_ci;

--
-- Dumping data for table `categories`
--

INSERT INTO `categories` VALUES (1,'News',0,NULL,'published',1,'Botble\\ACL\\Models\\User',NULL,0,0,1,'2019-11-18 02:33:35','2019-11-18 02:33:35'),(2,'House architecture',0,NULL,'published',1,'Botble\\ACL\\Models\\User',NULL,0,0,0,'2019-11-21 07:49:25','2019-11-21 07:49:25'),(3,'Kiến trúc nhà',0,NULL,'published',1,'Botble\\ACL\\Models\\User',NULL,0,0,0,'2019-11-21 07:49:35','2019-11-21 07:49:35'),(4,'House design',0,NULL,'published',1,'Botble\\ACL\\Models\\User',NULL,0,0,0,'2019-11-21 07:50:02','2019-11-21 07:50:02'),(5,'Thiết kế nhà',0,NULL,'published',1,'Botble\\ACL\\Models\\User',NULL,0,0,0,'2019-11-21 07:50:17','2019-11-21 07:50:17'),(6,'Building materials',0,NULL,'published',1,'Botble\\ACL\\Models\\User',NULL,0,0,0,'2019-11-21 07:50:36','2019-11-21 07:50:36'),(7,'Vật liệu xây dựng',0,NULL,'published',1,'Botble\\ACL\\Models\\User',NULL,0,0,0,'2019-11-21 07:50:58','2019-11-21 07:50:58'),(8,'Tin tức',0,NULL,'published',1,'Botble\\ACL\\Models\\User',NULL,0,0,1,'2019-11-22 01:26:08','2019-11-22 01:26:08');

--
-- Table structure for table `categories_translations`
--

CREATE TABLE `categories_translations` (
  `lang_code` varchar(191) CHARACTER SET utf8mb4 COLLATE utf8mb4_unicode_ci NOT NULL,
  `categories_id` int NOT NULL,
  `name` varchar(255) CHARACTER SET utf8mb4 COLLATE utf8mb4_unicode_ci DEFAULT NULL,
  `description` varchar(400) CHARACTER SET utf8mb4 COLLATE utf8mb4_unicode_ci DEFAULT NULL,
  PRIMARY KEY (`lang_code`,`categories_id`)
) ENGINE=InnoDB DEFAULT CHARSET=utf8mb4 COLLATE=utf8mb4_unicode_ci;

--
-- Dumping data for table `categories_translations`
--


--
-- Table structure for table `cities`
--

CREATE TABLE `cities` (
  `id` int unsigned NOT NULL AUTO_INCREMENT,
  `name` varchar(120) CHARACTER SET utf8mb4 COLLATE utf8mb4_unicode_ci NOT NULL,
  `state_id` int unsigned NOT NULL,
  `country_id` int unsigned NOT NULL,
  `order` tinyint NOT NULL DEFAULT '0',
  `is_default` tinyint unsigned NOT NULL DEFAULT '0',
  `is_featured` tinyint NOT NULL DEFAULT '0',
  `image` varchar(255) CHARACTER SET utf8mb4 COLLATE utf8mb4_unicode_ci DEFAULT NULL,
  `status` varchar(60) CHARACTER SET utf8mb4 COLLATE utf8mb4_unicode_ci NOT NULL DEFAULT 'published',
  `created_at` timestamp NULL DEFAULT NULL,
  `updated_at` timestamp NULL DEFAULT NULL,
  `slug` varchar(120) CHARACTER SET utf8mb4 COLLATE utf8mb4_unicode_ci DEFAULT NULL,
  `record_id` varchar(40) CHARACTER SET utf8mb4 COLLATE utf8mb4_unicode_ci DEFAULT NULL,
  PRIMARY KEY (`id`),
  UNIQUE KEY `cities_slug_unique` (`slug`)
) ENGINE=InnoDB AUTO_INCREMENT=6 DEFAULT CHARSET=utf8mb4 COLLATE=utf8mb4_unicode_ci;

--
-- Dumping data for table `cities`
--

INSERT INTO `cities` VALUES (1,'Alhambra',1,1,0,0,1,'cities/los-angeles-winter-2016.jpg','published','2019-11-18 08:18:42','2019-12-03 05:55:52','alhambra',NULL),(2,'Oakland',1,1,0,0,1,'cities/oaklandnightskylineandlakemerritt.jpg','published','2019-11-18 08:23:14','2019-12-03 05:55:52','oakland',NULL),(3,'Bakersfield',1,1,0,0,1,'cities/2009-0726-ca-bakersfield-truxtontower.jpg','published','2019-11-18 08:26:54','2019-12-03 05:55:52','bakersfield',NULL),(4,'Anaheim',1,1,0,0,1,'cities/castillo-de-disneyland.jpg','published','2019-11-18 08:27:57','2019-12-03 05:55:52','anaheim',NULL),(5,'San Francisco',1,1,0,0,1,'cities/goldengatebridge-001.jpg','published','2019-11-18 08:29:18','2019-12-03 05:55:52','san-francisco',NULL);

--
-- Table structure for table `cities_translations`
--

CREATE TABLE `cities_translations` (
  `lang_code` varchar(191) CHARACTER SET utf8mb4 COLLATE utf8mb4_unicode_ci NOT NULL,
  `cities_id` int NOT NULL,
  `name` varchar(120) CHARACTER SET utf8mb4 COLLATE utf8mb4_unicode_ci DEFAULT NULL,
  PRIMARY KEY (`lang_code`,`cities_id`)
) ENGINE=InnoDB DEFAULT CHARSET=utf8mb4 COLLATE=utf8mb4_unicode_ci;

--
-- Dumping data for table `cities_translations`
--

INSERT INTO `cities_translations` VALUES ('vi',1,'Alhambra'),('vi',2,'Oakland'),('vi',3,'Bakersfield'),('vi',4,'Anaheim'),('vi',5,'San Francisco');

--
-- Table structure for table `contact_replies`
--

CREATE TABLE `contact_replies` (
  `id` int unsigned NOT NULL AUTO_INCREMENT,
  `message` text CHARACTER SET utf8mb4 COLLATE utf8mb4_unicode_ci NOT NULL,
  `contact_id` int NOT NULL,
  `created_at` timestamp NULL DEFAULT NULL,
  `updated_at` timestamp NULL DEFAULT NULL,
  PRIMARY KEY (`id`)
) ENGINE=InnoDB DEFAULT CHARSET=utf8mb4 COLLATE=utf8mb4_unicode_ci;

--
-- Dumping data for table `contact_replies`
--


--
-- Table structure for table `contacts`
--

CREATE TABLE `contacts` (
  `id` int unsigned NOT NULL AUTO_INCREMENT,
  `name` varchar(60) CHARACTER SET utf8mb4 COLLATE utf8mb4_unicode_ci NOT NULL,
  `email` varchar(60) CHARACTER SET utf8mb4 COLLATE utf8mb4_unicode_ci NOT NULL,
  `phone` varchar(60) CHARACTER SET utf8mb4 COLLATE utf8mb4_unicode_ci DEFAULT NULL,
  `address` varchar(120) CHARACTER SET utf8mb4 COLLATE utf8mb4_unicode_ci DEFAULT NULL,
  `subject` varchar(120) CHARACTER SET utf8mb4 COLLATE utf8mb4_unicode_ci DEFAULT NULL,
  `content` text CHARACTER SET utf8mb4 COLLATE utf8mb4_unicode_ci NOT NULL,
  `status` varchar(60) CHARACTER SET utf8mb4 COLLATE utf8mb4_unicode_ci NOT NULL DEFAULT 'unread',
  `created_at` timestamp NULL DEFAULT NULL,
  `updated_at` timestamp NULL DEFAULT NULL,
  PRIMARY KEY (`id`)
) ENGINE=InnoDB DEFAULT CHARSET=utf8mb4 COLLATE=utf8mb4_unicode_ci;

--
-- Dumping data for table `contacts`
--


--
-- Table structure for table `countries`
--

CREATE TABLE `countries` (
  `id` int unsigned NOT NULL AUTO_INCREMENT,
  `name` varchar(120) CHARACTER SET utf8mb4 COLLATE utf8mb4_unicode_ci NOT NULL,
  `nationality` varchar(120) CHARACTER SET utf8mb4 COLLATE utf8mb4_unicode_ci DEFAULT NULL,
  `order` tinyint NOT NULL DEFAULT '0',
  `is_default` tinyint unsigned NOT NULL DEFAULT '0',
  `status` varchar(60) CHARACTER SET utf8mb4 COLLATE utf8mb4_unicode_ci NOT NULL DEFAULT 'published',
  `created_at` timestamp NULL DEFAULT NULL,
  `updated_at` timestamp NULL DEFAULT NULL,
  `code` varchar(10) CHARACTER SET utf8mb4 COLLATE utf8mb4_unicode_ci DEFAULT NULL,
  PRIMARY KEY (`id`)
) ENGINE=InnoDB AUTO_INCREMENT=2 DEFAULT CHARSET=utf8mb4 COLLATE=utf8mb4_unicode_ci;

--
-- Dumping data for table `countries`
--

INSERT INTO `countries` VALUES (1,'United States','United States of America',0,0,'published','2019-11-18 08:17:29','2019-11-18 08:17:29',NULL);

--
-- Table structure for table `countries_translations`
--

CREATE TABLE `countries_translations` (
  `lang_code` varchar(191) CHARACTER SET utf8mb4 COLLATE utf8mb4_unicode_ci NOT NULL,
  `countries_id` int NOT NULL,
  `name` varchar(120) CHARACTER SET utf8mb4 COLLATE utf8mb4_unicode_ci DEFAULT NULL,
  `nationality` varchar(120) CHARACTER SET utf8mb4 COLLATE utf8mb4_unicode_ci DEFAULT NULL,
  PRIMARY KEY (`lang_code`,`countries_id`)
) ENGINE=InnoDB DEFAULT CHARSET=utf8mb4 COLLATE=utf8mb4_unicode_ci;

--
-- Dumping data for table `countries_translations`
--

INSERT INTO `countries_translations` VALUES ('vi',1,'United States',NULL);

--
-- Table structure for table `dashboard_widget_settings`
--

CREATE TABLE `dashboard_widget_settings` (
  `id` int unsigned NOT NULL AUTO_INCREMENT,
  `settings` text CHARACTER SET utf8mb4 COLLATE utf8mb4_unicode_ci,
  `user_id` int unsigned NOT NULL,
  `widget_id` int unsigned NOT NULL,
  `order` tinyint unsigned NOT NULL DEFAULT '0',
  `status` tinyint unsigned NOT NULL DEFAULT '1',
  `created_at` timestamp NULL DEFAULT NULL,
  `updated_at` timestamp NULL DEFAULT NULL,
  PRIMARY KEY (`id`),
  KEY `dashboard_widget_settings_user_id_index` (`user_id`),
  KEY `dashboard_widget_settings_widget_id_index` (`widget_id`)
) ENGINE=InnoDB AUTO_INCREMENT=7 DEFAULT CHARSET=utf8mb4 COLLATE=utf8mb4_unicode_ci;

--
-- Dumping data for table `dashboard_widget_settings`
--

INSERT INTO `dashboard_widget_settings` VALUES (1,NULL,1,7,0,1,'2019-11-26 02:40:58','2019-11-26 02:40:58'),(2,NULL,1,5,1,1,'2019-11-26 02:40:58','2019-11-26 02:40:58'),(3,NULL,1,6,2,1,'2019-11-26 02:40:58','2019-11-26 02:40:58'),(4,NULL,1,8,3,1,'2019-11-26 02:40:58','2019-11-26 02:40:58'),(5,NULL,1,9,4,1,'2019-11-26 02:40:58','2019-11-26 02:40:58'),(6,NULL,1,10,5,1,'2019-11-26 02:40:58','2019-11-26 02:40:58');

--
-- Table structure for table `dashboard_widgets`
--

CREATE TABLE `dashboard_widgets` (
  `id` int unsigned NOT NULL AUTO_INCREMENT,
  `name` varchar(120) CHARACTER SET utf8mb4 COLLATE utf8mb4_unicode_ci NOT NULL,
  `created_at` timestamp NULL DEFAULT NULL,
  `updated_at` timestamp NULL DEFAULT NULL,
  PRIMARY KEY (`id`)
) ENGINE=InnoDB AUTO_INCREMENT=15 DEFAULT CHARSET=utf8mb4 COLLATE=utf8mb4_unicode_ci;

--
-- Dumping data for table `dashboard_widgets`
--

INSERT INTO `dashboard_widgets` VALUES (1,'widget_total_pages','2019-11-15 04:57:40','2019-11-15 04:57:40'),(2,'widget_total_users','2019-11-15 04:57:40','2019-11-15 04:57:40'),(3,'widget_total_plugins','2019-11-15 04:57:40','2019-11-15 04:57:40'),(4,'widget_total_themes','2019-11-15 04:57:40','2019-11-15 04:57:40'),(5,'widget_audit_logs','2019-11-15 18:54:50','2019-11-15 18:54:50'),(6,'widget_posts_recent','2019-11-15 18:54:50','2019-11-15 18:54:50'),(7,'widget_analytics_general','2019-11-15 18:54:50','2019-11-15 18:54:50'),(8,'widget_analytics_page','2019-11-15 18:54:50','2019-11-15 18:54:50'),(9,'widget_analytics_browser','2019-11-15 18:54:50','2019-11-15 18:54:50'),(10,'widget_analytics_referrer','2019-11-15 18:54:50','2019-11-15 18:54:50'),(11,'widget_total_1','2022-11-05 23:58:22','2022-11-05 23:58:22'),(12,'widget_total_2','2022-11-05 23:58:22','2022-11-05 23:58:22'),(13,'widget_total_3','2022-11-05 23:58:22','2022-11-05 23:58:22'),(14,'widget_total_4','2022-11-05 23:58:22','2022-11-05 23:58:22');

--
-- Table structure for table `failed_jobs`
--

CREATE TABLE `failed_jobs` (
  `id` bigint unsigned NOT NULL AUTO_INCREMENT,
  `connection` text CHARACTER SET utf8mb4 COLLATE utf8mb4_unicode_ci NOT NULL,
  `queue` text CHARACTER SET utf8mb4 COLLATE utf8mb4_unicode_ci NOT NULL,
  `payload` longtext CHARACTER SET utf8mb4 COLLATE utf8mb4_unicode_ci NOT NULL,
  `exception` longtext CHARACTER SET utf8mb4 COLLATE utf8mb4_unicode_ci NOT NULL,
  `failed_at` timestamp NOT NULL DEFAULT CURRENT_TIMESTAMP,
  PRIMARY KEY (`id`)
) ENGINE=InnoDB DEFAULT CHARSET=utf8mb4 COLLATE=utf8mb4_unicode_ci;

--
-- Dumping data for table `failed_jobs`
--


--
-- Table structure for table `jobs`
--

CREATE TABLE `jobs` (
  `id` bigint unsigned NOT NULL AUTO_INCREMENT,
  `queue` varchar(191) CHARACTER SET utf8mb4 COLLATE utf8mb4_unicode_ci NOT NULL,
  `payload` longtext CHARACTER SET utf8mb4 COLLATE utf8mb4_unicode_ci NOT NULL,
  `attempts` tinyint unsigned NOT NULL,
  `reserved_at` int unsigned DEFAULT NULL,
  `available_at` int unsigned NOT NULL,
  `created_at` int unsigned NOT NULL,
  PRIMARY KEY (`id`),
  KEY `jobs_queue_index` (`queue`)
) ENGINE=InnoDB DEFAULT CHARSET=utf8mb4 COLLATE=utf8mb4_unicode_ci;

--
-- Dumping data for table `jobs`
--


--
-- Table structure for table `language_meta`
--

CREATE TABLE `language_meta` (
  `lang_meta_id` int unsigned NOT NULL AUTO_INCREMENT,
  `reference_id` int unsigned NOT NULL,
  `lang_meta_code` text CHARACTER SET utf8mb4 COLLATE utf8mb4_unicode_ci,
  `reference_type` varchar(120) CHARACTER SET utf8mb4 COLLATE utf8mb4_unicode_ci NOT NULL,
  `lang_meta_origin` varchar(255) CHARACTER SET utf8mb4 COLLATE utf8mb4_unicode_ci NOT NULL,
  PRIMARY KEY (`lang_meta_id`),
  KEY `language_meta_lang_meta_content_id_index` (`reference_id`)
) ENGINE=InnoDB AUTO_INCREMENT=522 DEFAULT CHARSET=utf8mb4 COLLATE=utf8mb4_unicode_ci;

--
-- Dumping data for table `language_meta`
--

INSERT INTO `language_meta` VALUES (3,1,'en_US','Botble\\RealEstate\\Models\\Property','404601a719bd38c609172d77df408ba1'),(4,2,'en_US','Botble\\RealEstate\\Models\\Property','9fd22570b6527cea3f74256bc5beeade'),(5,3,'en_US','Botble\\RealEstate\\Models\\Property','657ce80dc667a53aed03ea05f3977ff0'),(6,4,'en_US','Botble\\RealEstate\\Models\\Property','6be7679ead5366a6369167210fd247a0'),(7,1,'en_US','Botble\\RealEstate\\Models\\PropertyFeature','13cf1f003e0c62806dd7ad26f048b91d'),(8,2,'en_US','Botble\\RealEstate\\Models\\PropertyFeature','f2356c699c6653bffaff97dd9387717d'),(12,3,'en_US','Botble\\RealEstate\\Models\\PropertyFeature','e8c67bae0a5f47fa54a4a76a875daf3f'),(13,4,'en_US','Botble\\RealEstate\\Models\\PropertyFeature','d57fa54aad5abc3f0caec4fb0e4e0907'),(14,5,'en_US','Botble\\RealEstate\\Models\\PropertyFeature','2d253e85c0394609682b9dbe77705bdb'),(15,1,'en_US','Botble\\RealEstate\\Models\\Project','56e4bdd055bc0b01d9fdc5efdbee6166'),(16,5,'en_US','Botble\\RealEstate\\Models\\Property','ac45379b9b6134531a834400a7d9175c'),(17,6,'en_US','Botble\\RealEstate\\Models\\PropertyFeature','150d1429049e27e62396ed759719ada4'),(18,7,'en_US','Botble\\RealEstate\\Models\\PropertyFeature','a7dd32dd31e9b85768892b17c4b6283b'),(19,8,'en_US','Botble\\RealEstate\\Models\\PropertyFeature','bc3b21d633995dfaaa528eeb34b804ca'),(20,6,'en_US','Botble\\RealEstate\\Models\\Property','976a11dca6f828f42ef579a8b3671b56'),(21,7,'en_US','Botble\\RealEstate\\Models\\Property','141e080b1eff418e2977b5efdbfe799a'),(22,1,'en_US','Botble\\RealEstate\\Models\\Investor','b55b725e9ba113942275849272e2969b'),(23,2,'en_US','Botble\\RealEstate\\Models\\Investor','8b391f8d425ee376f0378860cbc205ae'),(24,3,'en_US','Botble\\RealEstate\\Models\\Investor','c9199634afef0d21b9ed76f0438c1d92'),(25,4,'en_US','Botble\\RealEstate\\Models\\Investor','ae7c96e8601ae6be06b85cb1b035498d'),(26,5,'en_US','Botble\\RealEstate\\Models\\Investor','12f47dc443a0c4c9ed8dd3f48e43ef24'),(27,6,'en_US','Botble\\RealEstate\\Models\\Investor','35466099783edd979365b6d42380217a'),(28,7,'en_US','Botble\\RealEstate\\Models\\Investor','0f2d227a5e8b165455e69574d168d628'),(29,8,'en_US','Botble\\RealEstate\\Models\\Investor','9c7f8c61383d7ea76f817fcd2224363f'),(30,9,'en_US','Botble\\RealEstate\\Models\\Investor','a714f38063f2a21302b72ca0c9ebf69d'),(31,10,'en_US','Botble\\RealEstate\\Models\\Investor','3752c23672cc11767202d85776490354'),(32,11,'en_US','Botble\\RealEstate\\Models\\Investor','33ba5096310a9bb0d2cbed1ebab2f00e'),(33,12,'en_US','Botble\\RealEstate\\Models\\Investor','b9df16fdbc60e5d1d446560fa55780ad'),(34,13,'en_US','Botble\\RealEstate\\Models\\Investor','aa340b8dd1304e49d7b6e3be7bb939cb'),(35,14,'en_US','Botble\\RealEstate\\Models\\Investor','0dc7c295282a2e338f97f9ac56d3e707'),(36,15,'en_US','Botble\\RealEstate\\Models\\Investor','7e37f52d065e2ac7f71cec27528ff1a7'),(37,2,'en_US','Botble\\RealEstate\\Models\\Project','b8c605675ac073dd9d5b3572087a2445'),(38,8,'en_US','Botble\\RealEstate\\Models\\Property','ccf2b58508febe22dae3fe588d1f7f36'),(39,9,'en_US','Botble\\RealEstate\\Models\\Property','18e0c764a6457fa1677a1710cc219337'),(40,10,'en_US','Botble\\RealEstate\\Models\\Property','2c9217b2ce21882234bfaf9222893fc9'),(41,11,'en_US','Botble\\RealEstate\\Models\\Property','dad4f25ae76974a87d59084f82dae01b'),(42,1,'en_US','Botble\\Blog\\Models\\Category','8804d947c9dfc67caa38c6d758c533fb'),(43,12,'en_US','Botble\\RealEstate\\Models\\Property','4be0c322dda4d57a9ae43c4bb5b7b608'),(45,1,'en_US','Botble\\Blog\\Models\\Tag','cb81f9780b7fcdcb490a2dc412bf2dc8'),(47,2,'en_US','Botble\\Blog\\Models\\Tag','b1f1b44f1eb59e622269e868a16d4ead'),(50,3,'en_US','Botble\\Blog\\Models\\Tag','3facfab60703e4bb17ce679a63d04d6e'),(51,3,'en_US','Botble\\RealEstate\\Models\\Project','1631e995fd3df41119f30d9608085dae'),(52,4,'en_US','Botble\\RealEstate\\Models\\Project','e6f78da435a49ddb8497a027537ad6f5'),(53,5,'en_US','Botble\\RealEstate\\Models\\Project','e10e38c14cc5ba56f403049c9f003285'),(54,6,'en_US','Botble\\RealEstate\\Models\\Project','0f0ae4af74e088ea71a1456a71084118'),(55,13,'en_US','Botble\\RealEstate\\Models\\Property','cb46b75d51f5b9ca4f7ea650ae885169'),(56,14,'en_US','Botble\\RealEstate\\Models\\Property','702833126d23884c8fa5f965b7fa3870'),(57,15,'en_US','Botble\\RealEstate\\Models\\Property','73a8f9e2401b54cca959e1a0a5fb9c9e'),(58,16,'en_US','Botble\\RealEstate\\Models\\Property','4aba3c5a608665c657affb7c59fce1e5'),(59,17,'en_US','Botble\\RealEstate\\Models\\Property','417317c4e6d4e390e19b87986cc52aa0'),(83,16,'vi','Botble\\RealEstate\\Models\\Investor','7e37f52d065e2ac7f71cec27528ff1a7'),(84,17,'vi','Botble\\RealEstate\\Models\\Investor','0dc7c295282a2e338f97f9ac56d3e707'),(85,18,'vi','Botble\\RealEstate\\Models\\Investor','aa340b8dd1304e49d7b6e3be7bb939cb'),(86,19,'vi','Botble\\RealEstate\\Models\\Investor','b9df16fdbc60e5d1d446560fa55780ad'),(87,20,'vi','Botble\\RealEstate\\Models\\Investor','33ba5096310a9bb0d2cbed1ebab2f00e'),(88,21,'vi','Botble\\RealEstate\\Models\\Investor','3752c23672cc11767202d85776490354'),(89,22,'vi','Botble\\RealEstate\\Models\\Investor','a714f38063f2a21302b72ca0c9ebf69d'),(90,23,'vi','Botble\\RealEstate\\Models\\Investor','9c7f8c61383d7ea76f817fcd2224363f'),(91,24,'vi','Botble\\RealEstate\\Models\\Investor','0f2d227a5e8b165455e69574d168d628'),(92,25,'vi','Botble\\RealEstate\\Models\\Investor','35466099783edd979365b6d42380217a'),(93,26,'vi','Botble\\RealEstate\\Models\\Investor','12f47dc443a0c4c9ed8dd3f48e43ef24'),(94,27,'vi','Botble\\RealEstate\\Models\\Investor','ae7c96e8601ae6be06b85cb1b035498d'),(96,29,'vi','Botble\\RealEstate\\Models\\Investor','c9199634afef0d21b9ed76f0438c1d92'),(97,30,'vi','Botble\\RealEstate\\Models\\Investor','8b391f8d425ee376f0378860cbc205ae'),(98,31,'vi','Botble\\RealEstate\\Models\\Investor','b55b725e9ba113942275849272e2969b'),(122,2,'en_US','Botble\\Blog\\Models\\Category','6675f12d6ce53d9ed753a54bca8d67b0'),(123,3,'vi','Botble\\Blog\\Models\\Category','6675f12d6ce53d9ed753a54bca8d67b0'),(124,4,'en_US','Botble\\Blog\\Models\\Category','745e79e10f12a0f66d19ae3b4dad987a'),(125,5,'vi','Botble\\Blog\\Models\\Category','745e79e10f12a0f66d19ae3b4dad987a'),(126,6,'en_US','Botble\\Blog\\Models\\Category','f1ba0f3404bb5b827cfaa552a6894c0f'),(127,7,'vi','Botble\\Blog\\Models\\Category','f1ba0f3404bb5b827cfaa552a6894c0f'),(135,8,'vi','Botble\\Blog\\Models\\Category','8804d947c9dfc67caa38c6d758c533fb'),(144,1,'en_US','Botble\\Career\\Models\\Career','09e2cc1ea05bd7c9dd60cfd54725975c'),(146,3,'en_US','Botble\\Career\\Models\\Career','dcd6eb9e2a31b96825a0c519101c098e'),(194,5,'en_US','Botble\\Career\\Models\\Career','9d36fac293afaacbe2deeaaccc00f346'),(512,1,'en_US','Botble\\Menu\\Models\\MenuLocation','f153caa9bf2865cd901fae8b57bfbb33'),(513,1,'en_US','Botble\\Menu\\Models\\Menu','98226271d9fdb6405adf7b60211fe977'),(514,2,'en_US','Botble\\Menu\\Models\\Menu','592d37b15e93c67b805162ace8125d4d'),(515,3,'en_US','Botble\\Menu\\Models\\Menu','dd5be88653b60101c1bd49cd17baea7c'),(516,4,'en_US','Botble\\Menu\\Models\\Menu','d22b4b71f2c6fbd69e044f84596ffc77'),(517,2,'vi','Botble\\Menu\\Models\\MenuLocation','6ad5f5488beac8cbebcf7673071f182b'),(518,5,'vi','Botble\\Menu\\Models\\Menu','98226271d9fdb6405adf7b60211fe977'),(519,6,'vi','Botble\\Menu\\Models\\Menu','592d37b15e93c67b805162ace8125d4d'),(520,7,'vi','Botble\\Menu\\Models\\Menu','dd5be88653b60101c1bd49cd17baea7c'),(521,8,'vi','Botble\\Menu\\Models\\Menu','d22b4b71f2c6fbd69e044f84596ffc77');

--
-- Table structure for table `languages`
--

CREATE TABLE `languages` (
  `lang_id` int unsigned NOT NULL AUTO_INCREMENT,
  `lang_name` varchar(120) CHARACTER SET utf8mb4 COLLATE utf8mb4_unicode_ci NOT NULL,
  `lang_locale` varchar(20) CHARACTER SET utf8mb4 COLLATE utf8mb4_unicode_ci NOT NULL,
  `lang_code` varchar(20) CHARACTER SET utf8mb4 COLLATE utf8mb4_unicode_ci NOT NULL,
  `lang_flag` varchar(20) CHARACTER SET utf8mb4 COLLATE utf8mb4_unicode_ci DEFAULT NULL,
  `lang_is_default` tinyint unsigned NOT NULL DEFAULT '0',
  `lang_order` int NOT NULL DEFAULT '0',
  `lang_is_rtl` tinyint unsigned NOT NULL DEFAULT '0',
  PRIMARY KEY (`lang_id`)
) ENGINE=InnoDB AUTO_INCREMENT=3 DEFAULT CHARSET=utf8mb4 COLLATE=utf8mb4_unicode_ci;

--
-- Dumping data for table `languages`
--

INSERT INTO `languages` VALUES (1,'English','en','en_US','us',1,0,0),(2,'Tiếng Việt','vi','vi','vn',0,0,0);

--
-- Table structure for table `media_files`
--

CREATE TABLE `media_files` (
  `id` int unsigned NOT NULL AUTO_INCREMENT,
  `user_id` int unsigned NOT NULL,
  `name` varchar(255) CHARACTER SET utf8mb4 COLLATE utf8mb4_unicode_ci NOT NULL,
  `alt` varchar(191) CHARACTER SET utf8mb4 COLLATE utf8mb4_unicode_ci DEFAULT NULL,
  `folder_id` int unsigned NOT NULL DEFAULT '0',
  `mime_type` varchar(120) CHARACTER SET utf8mb4 COLLATE utf8mb4_unicode_ci NOT NULL,
  `size` int NOT NULL,
  `url` varchar(255) CHARACTER SET utf8mb4 COLLATE utf8mb4_unicode_ci NOT NULL,
  `options` text CHARACTER SET utf8mb4 COLLATE utf8mb4_unicode_ci,
  `created_at` timestamp NULL DEFAULT NULL,
  `updated_at` timestamp NULL DEFAULT NULL,
  `deleted_at` timestamp NULL DEFAULT NULL,
  PRIMARY KEY (`id`),
  KEY `media_files_user_id_index` (`user_id`),
  KEY `media_files_folder_id_user_id_created_at_index` (`folder_id`,`user_id`,`created_at`)
) ENGINE=InnoDB AUTO_INCREMENT=2870 DEFAULT CHARSET=utf8mb4 COLLATE=utf8mb4_unicode_ci;

--
-- Dumping data for table `media_files`
--

INSERT INTO `media_files` VALUES (2699,0,'1','1',139,'image/jpeg',2165,'accounts/1.jpg','[]','2023-03-18 00:07:31','2023-03-18 00:07:31',NULL),(2700,0,'10','10',139,'image/jpeg',2165,'accounts/10.jpg','[]','2023-03-18 00:07:31','2023-03-18 00:07:31',NULL),(2701,0,'2','2',139,'image/jpeg',2165,'accounts/2.jpg','[]','2023-03-18 00:07:31','2023-03-18 00:07:31',NULL),(2702,0,'3','3',139,'image/jpeg',2165,'accounts/3.jpg','[]','2023-03-18 00:07:31','2023-03-18 00:07:31',NULL),(2703,0,'4','4',139,'image/jpeg',2165,'accounts/4.jpg','[]','2023-03-18 00:07:31','2023-03-18 00:07:31',NULL),(2704,0,'5','5',139,'image/jpeg',2165,'accounts/5.jpg','[]','2023-03-18 00:07:31','2023-03-18 00:07:31',NULL),(2705,0,'6','6',139,'image/jpeg',2165,'accounts/6.jpg','[]','2023-03-18 00:07:31','2023-03-18 00:07:31',NULL),(2706,0,'7','7',139,'image/jpeg',2165,'accounts/7.jpg','[]','2023-03-18 00:07:31','2023-03-18 00:07:31',NULL),(2707,0,'8','8',139,'image/jpeg',2165,'accounts/8.jpg','[]','2023-03-18 00:07:31','2023-03-18 00:07:31',NULL),(2708,0,'9','9',139,'image/jpeg',2165,'accounts/9.jpg','[]','2023-03-18 00:07:31','2023-03-18 00:07:31',NULL),(2709,0,'asset-3-at-3x','asset-3-at-3x',140,'image/png',76833,'general/asset-3-at-3x.png','[]','2023-03-18 00:07:32','2023-03-18 00:07:32',NULL),(2710,0,'asset-4-at-3x','asset-4-at-3x',140,'image/png',84067,'general/asset-4-at-3x.png','[]','2023-03-18 00:07:32','2023-03-18 00:07:32',NULL),(2711,0,'breadcrumb-background','breadcrumb-background',140,'image/jpeg',504692,'general/breadcrumb-background.jpg','[]','2023-03-18 00:07:32','2023-03-18 00:07:32',NULL),(2712,0,'copyright','copyright',140,'image/jpeg',128544,'general/copyright.jpg','[]','2023-03-18 00:07:33','2023-03-18 00:07:33',NULL),(2713,0,'home-banner','home-banner',140,'image/jpeg',892011,'general/home-banner.jpg','[]','2023-03-18 00:07:33','2023-03-18 00:07:33',NULL),(2714,0,'termsconditions-pagedesktop','termsconditions-pagedesktop',140,'image/jpeg',185151,'general/termsconditions-pagedesktop.jpg','[]','2023-03-18 00:07:33','2023-03-18 00:07:33',NULL),(2715,0,'video-vi-pham-ban-quyen-bi-youtube-thang-tay-trung-tri','video-vi-pham-ban-quyen-bi-youtube-thang-tay-trung-tri',140,'image/jpeg',63143,'general/video-vi-pham-ban-quyen-bi-youtube-thang-tay-trung-tri.jpg','[]','2023-03-18 00:07:33','2023-03-18 00:07:33',NULL),(2716,0,'vietnam-office-4','vietnam-office-4',140,'image/jpeg',214366,'general/vietnam-office-4.jpg','[]','2023-03-18 00:07:33','2023-03-18 00:07:33',NULL),(2717,0,'1','1',141,'image/jpeg',66997,'news/1.jpg','[]','2023-03-18 00:07:33','2023-03-18 00:07:33',NULL),(2718,0,'10','10',141,'image/jpeg',66858,'news/10.jpg','[]','2023-03-18 00:07:33','2023-03-18 00:07:33',NULL),(2719,0,'11','11',141,'image/jpeg',86492,'news/11.jpg','[]','2023-03-18 00:07:33','2023-03-18 00:07:33',NULL),(2720,0,'12','12',141,'image/jpeg',91376,'news/12.jpg','[]','2023-03-18 00:07:33','2023-03-18 00:07:33',NULL),(2721,0,'13','13',141,'image/jpeg',82991,'news/13.jpg','[]','2023-03-18 00:07:33','2023-03-18 00:07:33',NULL),(2722,0,'14','14',141,'image/jpeg',66997,'news/14.jpg','[]','2023-03-18 00:07:33','2023-03-18 00:07:33',NULL),(2723,0,'15','15',141,'image/jpeg',111450,'news/15.jpg','[]','2023-03-18 00:07:33','2023-03-18 00:07:33',NULL),(2724,0,'16','16',141,'image/jpeg',464807,'news/16.jpg','[]','2023-03-18 00:07:33','2023-03-18 00:07:33',NULL),(2725,0,'2','2',141,'image/jpeg',51884,'news/2.jpg','[]','2023-03-18 00:07:33','2023-03-18 00:07:33',NULL),(2726,0,'3','3',141,'image/jpeg',132835,'news/3.jpg','[]','2023-03-18 00:07:33','2023-03-18 00:07:33',NULL),(2727,0,'4','4',141,'image/jpeg',948302,'news/4.jpg','[]','2023-03-18 00:07:33','2023-03-18 00:07:33',NULL),(2728,0,'5','5',141,'image/jpeg',66858,'news/5.jpg','[]','2023-03-18 00:07:33','2023-03-18 00:07:33',NULL),(2729,0,'6','6',141,'image/jpeg',328317,'news/6.jpg','[]','2023-03-18 00:07:33','2023-03-18 00:07:33',NULL),(2730,0,'7','7',141,'image/jpeg',249538,'news/7.jpg','[]','2023-03-18 00:07:33','2023-03-18 00:07:33',NULL),(2731,0,'8','8',141,'image/jpeg',147871,'news/8.jpg','[]','2023-03-18 00:07:33','2023-03-18 00:07:33',NULL),(2732,0,'9','9',141,'image/jpeg',194815,'news/9.jpg','[]','2023-03-18 00:07:34','2023-03-18 00:07:34',NULL),(2733,0,'banner','banner',1,'image/jpeg',7703,'banner/banner.jpg','[]','2023-03-18 00:07:34','2023-03-18 00:07:34',NULL),(2734,0,'2009-0726-ca-bakersfield-truxtontower','2009-0726-ca-bakersfield-truxtontower',142,'image/jpeg',2165,'cities/2009-0726-ca-bakersfield-truxtontower.jpg','[]','2023-03-18 00:07:34','2023-03-18 00:07:34',NULL),(2735,0,'castillo-de-disneyland','castillo-de-disneyland',142,'image/jpeg',2165,'cities/castillo-de-disneyland.jpg','[]','2023-03-18 00:07:34','2023-03-18 00:07:34',NULL),(2736,0,'goldengatebridge-001','goldengatebridge-001',142,'image/jpeg',2165,'cities/goldengatebridge-001.jpg','[]','2023-03-18 00:07:34','2023-03-18 00:07:34',NULL),(2737,0,'los-angeles-winter-2016','los-angeles-winter-2016',142,'image/jpeg',2165,'cities/los-angeles-winter-2016.jpg','[]','2023-03-18 00:07:34','2023-03-18 00:07:34',NULL),(2738,0,'oaklandnightskylineandlakemerritt','oaklandnightskylineandlakemerritt',142,'image/jpeg',2165,'cities/oaklandnightskylineandlakemerritt.jpg','[]','2023-03-18 00:07:34','2023-03-18 00:07:34',NULL),(2739,0,'favicon','favicon',143,'image/png',3110,'logo/favicon.png','[]','2023-03-18 00:07:34','2023-03-18 00:07:34',NULL),(2740,0,'logo-white','logo-white',143,'image/png',18120,'logo/logo-white.png','[]','2023-03-18 00:07:34','2023-03-18 00:07:34',NULL),(2741,0,'logo','logo',143,'image/png',23910,'logo/logo.png','[]','2023-03-18 00:07:34','2023-03-18 00:07:34',NULL),(2742,0,'1','1',144,'image/jpeg',2165,'projects/1.jpg','[]','2023-03-18 00:07:34','2023-03-18 00:07:34',NULL),(2743,0,'11','11',144,'image/jpeg',2165,'projects/11.jpg','[]','2023-03-18 00:07:34','2023-03-18 00:07:34',NULL),(2744,0,'12','12',144,'image/jpeg',2165,'projects/12.jpg','[]','2023-03-18 00:07:34','2023-03-18 00:07:34',NULL),(2745,0,'13','13',144,'image/jpeg',2165,'projects/13.jpg','[]','2023-03-18 00:07:34','2023-03-18 00:07:34',NULL),(2746,0,'14','14',144,'image/jpeg',2165,'projects/14.jpg','[]','2023-03-18 00:07:34','2023-03-18 00:07:34',NULL),(2747,0,'2','2',144,'image/jpeg',2165,'projects/2.jpg','[]','2023-03-18 00:07:35','2023-03-18 00:07:35',NULL),(2748,0,'21','21',144,'image/jpeg',2165,'projects/21.jpg','[]','2023-03-18 00:07:35','2023-03-18 00:07:35',NULL),(2749,0,'22','22',144,'image/jpeg',2165,'projects/22.jpg','[]','2023-03-18 00:07:35','2023-03-18 00:07:35',NULL),(2750,0,'23','23',144,'image/jpeg',2165,'projects/23.jpg','[]','2023-03-18 00:07:35','2023-03-18 00:07:35',NULL),(2751,0,'24','24',144,'image/jpeg',2165,'projects/24.jpg','[]','2023-03-18 00:07:35','2023-03-18 00:07:35',NULL),(2752,0,'25','25',144,'image/jpeg',2165,'projects/25.jpg','[]','2023-03-18 00:07:35','2023-03-18 00:07:35',NULL),(2753,0,'26','26',144,'image/jpeg',2165,'projects/26.jpg','[]','2023-03-18 00:07:35','2023-03-18 00:07:35',NULL),(2754,0,'3','3',144,'image/jpeg',2165,'projects/3.jpg','[]','2023-03-18 00:07:35','2023-03-18 00:07:35',NULL),(2755,0,'5','5',144,'image/jpeg',2165,'projects/5.jpg','[]','2023-03-18 00:07:35','2023-03-18 00:07:35',NULL),(2756,0,'1-1','1-1',145,'image/jpeg',2165,'properties/1-1.jpg','[]','2023-03-18 00:07:35','2023-03-18 00:07:35',NULL),(2757,0,'1-2','1-2',145,'image/jpeg',2165,'properties/1-2.jpg','[]','2023-03-18 00:07:35','2023-03-18 00:07:35',NULL),(2758,0,'1-3','1-3',145,'image/jpeg',2165,'properties/1-3.jpg','[]','2023-03-18 00:07:35','2023-03-18 00:07:35',NULL),(2759,0,'1','1',145,'image/jpeg',2165,'properties/1.jpg','[]','2023-03-18 00:07:35','2023-03-18 00:07:35',NULL),(2760,0,'10-1','10-1',145,'image/jpeg',2165,'properties/10-1.jpg','[]','2023-03-18 00:07:35','2023-03-18 00:07:35',NULL),(2761,0,'10','10',145,'image/jpeg',2165,'properties/10.jpg','[]','2023-03-18 00:07:35','2023-03-18 00:07:35',NULL),(2762,0,'11-1','11-1',145,'image/jpeg',2165,'properties/11-1.jpg','[]','2023-03-18 00:07:35','2023-03-18 00:07:35',NULL),(2763,0,'11','11',145,'image/jpeg',2165,'properties/11.jpg','[]','2023-03-18 00:07:35','2023-03-18 00:07:35',NULL),(2764,0,'12','12',145,'image/jpeg',2165,'properties/12.jpg','[]','2023-03-18 00:07:35','2023-03-18 00:07:35',NULL),(2765,0,'13','13',145,'image/jpeg',2165,'properties/13.jpg','[]','2023-03-18 00:07:35','2023-03-18 00:07:35',NULL),(2766,0,'14','14',145,'image/jpeg',2165,'properties/14.jpg','[]','2023-03-18 00:07:35','2023-03-18 00:07:35',NULL),(2767,0,'15','15',145,'image/jpeg',2165,'properties/15.jpg','[]','2023-03-18 00:07:35','2023-03-18 00:07:35',NULL),(2768,0,'2-1','2-1',145,'image/jpeg',2165,'properties/2-1.jpg','[]','2023-03-18 00:07:35','2023-03-18 00:07:35',NULL),(2769,0,'2-2','2-2',145,'image/jpeg',2165,'properties/2-2.jpg','[]','2023-03-18 00:07:35','2023-03-18 00:07:35',NULL),(2770,0,'2-3','2-3',145,'image/jpeg',2165,'properties/2-3.jpg','[]','2023-03-18 00:07:35','2023-03-18 00:07:35',NULL),(2771,0,'2','2',145,'image/jpeg',2165,'properties/2.jpg','[]','2023-03-18 00:07:35','2023-03-18 00:07:35',NULL),(2772,0,'21','21',145,'image/jpeg',2165,'properties/21.jpg','[]','2023-03-18 00:07:35','2023-03-18 00:07:35',NULL),(2773,0,'22-1','22-1',145,'image/jpeg',2165,'properties/22-1.jpg','[]','2023-03-18 00:07:35','2023-03-18 00:07:35',NULL),(2774,0,'22','22',145,'image/jpeg',2165,'properties/22.jpg','[]','2023-03-18 00:07:35','2023-03-18 00:07:35',NULL),(2775,0,'23','23',145,'image/jpeg',2165,'properties/23.jpg','[]','2023-03-18 00:07:35','2023-03-18 00:07:35',NULL),(2776,0,'24-1','24-1',145,'image/jpeg',2165,'properties/24-1.jpg','[]','2023-03-18 00:07:35','2023-03-18 00:07:35',NULL),(2777,0,'24','24',145,'image/jpeg',2165,'properties/24.jpg','[]','2023-03-18 00:07:35','2023-03-18 00:07:35',NULL),(2778,0,'3-1','3-1',145,'image/jpeg',2165,'properties/3-1.jpg','[]','2023-03-18 00:07:35','2023-03-18 00:07:35',NULL),(2779,0,'3-2','3-2',145,'image/jpeg',2165,'properties/3-2.jpg','[]','2023-03-18 00:07:35','2023-03-18 00:07:35',NULL),(2780,0,'3-3','3-3',145,'image/jpeg',2165,'properties/3-3.jpg','[]','2023-03-18 00:07:35','2023-03-18 00:07:35',NULL),(2781,0,'3','3',145,'image/jpeg',2165,'properties/3.jpg','[]','2023-03-18 00:07:36','2023-03-18 00:07:36',NULL),(2782,0,'31','31',145,'image/jpeg',2165,'properties/31.jpg','[]','2023-03-18 00:07:36','2023-03-18 00:07:36',NULL),(2783,0,'311','311',145,'image/jpeg',2165,'properties/311.jpg','[]','2023-03-18 00:07:36','2023-03-18 00:07:36',NULL),(2784,0,'32','32',145,'image/jpeg',2165,'properties/32.jpg','[]','2023-03-18 00:07:36','2023-03-18 00:07:36',NULL),(2785,0,'32223-43914-378','32223-43914-378',145,'image/jpeg',2165,'properties/32223-43914-378.jpg','[]','2023-03-18 00:07:36','2023-03-18 00:07:36',NULL),(2786,0,'33','33',145,'image/jpeg',2165,'properties/33.jpg','[]','2023-03-18 00:07:36','2023-03-18 00:07:36',NULL),(2787,0,'34','34',145,'image/jpeg',2165,'properties/34.jpg','[]','2023-03-18 00:07:36','2023-03-18 00:07:36',NULL),(2788,0,'35','35',145,'image/jpeg',2165,'properties/35.jpg','[]','2023-03-18 00:07:36','2023-03-18 00:07:36',NULL),(2789,0,'4-1','4-1',145,'image/jpeg',2165,'properties/4-1.jpg','[]','2023-03-18 00:07:36','2023-03-18 00:07:36',NULL),(2790,0,'4-2','4-2',145,'image/jpeg',2165,'properties/4-2.jpg','[]','2023-03-18 00:07:36','2023-03-18 00:07:36',NULL),(2791,0,'4','4',145,'image/jpeg',2165,'properties/4.jpg','[]','2023-03-18 00:07:36','2023-03-18 00:07:36',NULL),(2792,0,'411','411',145,'image/jpeg',2165,'properties/411.jpg','[]','2023-03-18 00:07:36','2023-03-18 00:07:36',NULL),(2793,0,'42','42',145,'image/jpeg',2165,'properties/42.jpg','[]','2023-03-18 00:07:36','2023-03-18 00:07:36',NULL),(2794,0,'421834935dbc9ef3aaa42','421834935dbc9ef3aaa42',145,'image/jpeg',2165,'properties/421834935dbc9ef3aaa42.jpg','[]','2023-03-18 00:07:36','2023-03-18 00:07:36',NULL),(2795,0,'43','43',145,'image/jpeg',2165,'properties/43.jpg','[]','2023-03-18 00:07:36','2023-03-18 00:07:36',NULL),(2796,0,'44','44',145,'image/jpeg',2165,'properties/44.jpg','[]','2023-03-18 00:07:36','2023-03-18 00:07:36',NULL),(2797,0,'5-1','5-1',145,'image/jpeg',2165,'properties/5-1.jpg','[]','2023-03-18 00:07:36','2023-03-18 00:07:36',NULL),(2798,0,'5-2','5-2',145,'image/jpeg',2165,'properties/5-2.jpg','[]','2023-03-18 00:07:36','2023-03-18 00:07:36',NULL),(2799,0,'5','5',145,'image/jpeg',2165,'properties/5.jpg','[]','2023-03-18 00:07:36','2023-03-18 00:07:36',NULL),(2800,0,'6-1','6-1',145,'image/jpeg',2165,'properties/6-1.jpg','[]','2023-03-18 00:07:36','2023-03-18 00:07:36',NULL),(2801,0,'6-2','6-2',145,'image/jpeg',2165,'properties/6-2.jpg','[]','2023-03-18 00:07:36','2023-03-18 00:07:36',NULL),(2802,0,'6','6',145,'image/jpeg',2165,'properties/6.jpg','[]','2023-03-18 00:07:36','2023-03-18 00:07:36',NULL),(2803,0,'7-1','7-1',145,'image/jpeg',2165,'properties/7-1.jpg','[]','2023-03-18 00:07:36','2023-03-18 00:07:36',NULL),(2804,0,'7-2','7-2',145,'image/jpeg',2165,'properties/7-2.jpg','[]','2023-03-18 00:07:36','2023-03-18 00:07:36',NULL),(2805,0,'7','7',145,'image/jpeg',2165,'properties/7.jpg','[]','2023-03-18 00:07:36','2023-03-18 00:07:36',NULL),(2806,0,'71','71',145,'image/jpeg',2165,'properties/71.jpg','[]','2023-03-18 00:07:36','2023-03-18 00:07:36',NULL),(2807,0,'72','72',145,'image/jpeg',2165,'properties/72.jpg','[]','2023-03-18 00:07:36','2023-03-18 00:07:36',NULL),(2808,0,'73','73',145,'image/jpeg',2165,'properties/73.jpg','[]','2023-03-18 00:07:36','2023-03-18 00:07:36',NULL),(2809,0,'74','74',145,'image/jpeg',2165,'properties/74.jpg','[]','2023-03-18 00:07:36','2023-03-18 00:07:36',NULL),(2810,0,'75','75',145,'image/jpeg',2165,'properties/75.jpg','[]','2023-03-18 00:07:36','2023-03-18 00:07:36',NULL),(2811,0,'78','78',145,'image/jpeg',2165,'properties/78.jpg','[]','2023-03-18 00:07:36','2023-03-18 00:07:36',NULL),(2812,0,'79','79',145,'image/jpeg',2165,'properties/79.jpg','[]','2023-03-18 00:07:36','2023-03-18 00:07:36',NULL),(2813,0,'8-1','8-1',145,'image/jpeg',2165,'properties/8-1.jpg','[]','2023-03-18 00:07:36','2023-03-18 00:07:36',NULL),(2814,0,'8-2','8-2',145,'image/jpeg',2165,'properties/8-2.jpg','[]','2023-03-18 00:07:36','2023-03-18 00:07:36',NULL),(2815,0,'8','8',145,'image/jpeg',2165,'properties/8.jpg','[]','2023-03-18 00:07:36','2023-03-18 00:07:36',NULL),(2816,0,'9-1','9-1',145,'image/jpeg',2165,'properties/9-1.jpg','[]','2023-03-18 00:07:36','2023-03-18 00:07:36',NULL),(2817,0,'9','9',145,'image/jpeg',2165,'properties/9.jpg','[]','2023-03-18 00:07:36','2023-03-18 00:07:36',NULL),(2818,0,'a1-1','a1-1',145,'image/jpeg',2165,'properties/a1-1.jpg','[]','2023-03-18 00:07:36','2023-03-18 00:07:36',NULL),(2819,0,'a1-2','a1-2',145,'image/jpeg',2165,'properties/a1-2.jpg','[]','2023-03-18 00:07:36','2023-03-18 00:07:36',NULL),(2820,0,'a1','a1',145,'image/jpeg',2165,'properties/a1.jpg','[]','2023-03-18 00:07:36','2023-03-18 00:07:36',NULL),(2821,0,'a10','a10',145,'image/jpeg',2165,'properties/a10.jpg','[]','2023-03-18 00:07:37','2023-03-18 00:07:37',NULL),(2822,0,'a2-1','a2-1',145,'image/jpeg',2165,'properties/a2-1.jpg','[]','2023-03-18 00:07:37','2023-03-18 00:07:37',NULL),(2823,0,'a2-2','a2-2',145,'image/jpeg',2165,'properties/a2-2.jpg','[]','2023-03-18 00:07:37','2023-03-18 00:07:37',NULL),(2824,0,'a2','a2',145,'image/jpeg',2165,'properties/a2.jpg','[]','2023-03-18 00:07:37','2023-03-18 00:07:37',NULL),(2825,0,'a3-1','a3-1',145,'image/jpeg',2165,'properties/a3-1.jpg','[]','2023-03-18 00:07:37','2023-03-18 00:07:37',NULL),(2826,0,'a3-2','a3-2',145,'image/jpeg',2165,'properties/a3-2.jpg','[]','2023-03-18 00:07:37','2023-03-18 00:07:37',NULL),(2827,0,'a3','a3',145,'image/jpeg',2165,'properties/a3.jpg','[]','2023-03-18 00:07:37','2023-03-18 00:07:37',NULL),(2828,0,'a4-1','a4-1',145,'image/jpeg',2165,'properties/a4-1.jpg','[]','2023-03-18 00:07:37','2023-03-18 00:07:37',NULL),(2829,0,'a4-2','a4-2',145,'image/jpeg',2165,'properties/a4-2.jpg','[]','2023-03-18 00:07:37','2023-03-18 00:07:37',NULL),(2830,0,'a4','a4',145,'image/jpeg',2165,'properties/a4.jpg','[]','2023-03-18 00:07:37','2023-03-18 00:07:37',NULL),(2831,0,'a5-1','a5-1',145,'image/jpeg',2165,'properties/a5-1.jpg','[]','2023-03-18 00:07:37','2023-03-18 00:07:37',NULL),(2832,0,'a5','a5',145,'image/jpeg',2165,'properties/a5.jpg','[]','2023-03-18 00:07:37','2023-03-18 00:07:37',NULL),(2833,0,'a6-1','a6-1',145,'image/jpeg',2165,'properties/a6-1.jpg','[]','2023-03-18 00:07:37','2023-03-18 00:07:37',NULL),(2834,0,'a6','a6',145,'image/jpeg',2165,'properties/a6.jpg','[]','2023-03-18 00:07:37','2023-03-18 00:07:37',NULL),(2835,0,'a7','a7',145,'image/jpeg',2165,'properties/a7.jpg','[]','2023-03-18 00:07:37','2023-03-18 00:07:37',NULL),(2836,0,'a8','a8',145,'image/jpeg',2165,'properties/a8.jpg','[]','2023-03-18 00:07:37','2023-03-18 00:07:37',NULL),(2837,0,'a9','a9',145,'image/jpeg',2165,'properties/a9.jpg','[]','2023-03-18 00:07:37','2023-03-18 00:07:37',NULL),(2838,0,'b1','b1',145,'image/jpeg',2165,'properties/b1.jpg','[]','2023-03-18 00:07:37','2023-03-18 00:07:37',NULL),(2839,0,'b2','b2',145,'image/jpeg',2165,'properties/b2.jpg','[]','2023-03-18 00:07:37','2023-03-18 00:07:37',NULL),(2840,0,'b3','b3',145,'image/jpeg',2165,'properties/b3.jpg','[]','2023-03-18 00:07:37','2023-03-18 00:07:37',NULL),(2841,0,'b4-1','b4-1',145,'image/jpeg',2165,'properties/b4-1.jpg','[]','2023-03-18 00:07:37','2023-03-18 00:07:37',NULL),(2842,0,'b4','b4',145,'image/jpeg',2165,'properties/b4.jpg','[]','2023-03-18 00:07:37','2023-03-18 00:07:37',NULL),(2843,0,'b5-1','b5-1',145,'image/jpeg',2165,'properties/b5-1.jpg','[]','2023-03-18 00:07:37','2023-03-18 00:07:37',NULL),(2844,0,'b5','b5',145,'image/jpeg',2165,'properties/b5.jpg','[]','2023-03-18 00:07:37','2023-03-18 00:07:37',NULL),(2845,0,'b6','b6',145,'image/jpeg',2165,'properties/b6.jpg','[]','2023-03-18 00:07:37','2023-03-18 00:07:37',NULL),(2846,0,'download','download',145,'image/jpeg',2165,'properties/download.jpg','[]','2023-03-18 00:07:37','2023-03-18 00:07:37',NULL),(2847,0,'e1','e1',145,'image/jpeg',2165,'properties/e1.jpg','[]','2023-03-18 00:07:37','2023-03-18 00:07:37',NULL),(2848,0,'e2','e2',145,'image/jpeg',2165,'properties/e2.jpg','[]','2023-03-18 00:07:37','2023-03-18 00:07:37',NULL),(2849,0,'e3','e3',145,'image/jpeg',2165,'properties/e3.jpg','[]','2023-03-18 00:07:37','2023-03-18 00:07:37',NULL),(2850,0,'e4','e4',145,'image/jpeg',2165,'properties/e4.jpg','[]','2023-03-18 00:07:37','2023-03-18 00:07:37',NULL),(2851,0,'e5','e5',145,'image/jpeg',2165,'properties/e5.jpg','[]','2023-03-18 00:07:37','2023-03-18 00:07:37',NULL),(2852,0,'e7','e7',145,'image/jpeg',2165,'properties/e7.jpg','[]','2023-03-18 00:07:37','2023-03-18 00:07:37',NULL),(2853,0,'e8','e8',145,'image/jpeg',2165,'properties/e8.jpg','[]','2023-03-18 00:07:37','2023-03-18 00:07:37',NULL),(2854,0,'p1','p1',145,'image/jpeg',2165,'properties/p1.jpg','[]','2023-03-18 00:07:37','2023-03-18 00:07:37',NULL),(2855,0,'p2','p2',145,'image/jpeg',2165,'properties/p2.jpg','[]','2023-03-18 00:07:37','2023-03-18 00:07:37',NULL),(2856,0,'property-video-thumb','property-video-thumb',145,'image/jpeg',2165,'properties/property-video-thumb.jpg','[]','2023-03-18 00:07:37','2023-03-18 00:07:37',NULL),(2857,0,'q1','q1',145,'image/jpeg',2165,'properties/q1.jpg','[]','2023-03-18 00:07:37','2023-03-18 00:07:37',NULL),(2858,0,'q2','q2',145,'image/jpeg',2165,'properties/q2.jpg','[]','2023-03-18 00:07:37','2023-03-18 00:07:37',NULL),(2859,0,'q3','q3',145,'image/jpeg',2165,'properties/q3.jpg','[]','2023-03-18 00:07:38','2023-03-18 00:07:38',NULL),(2860,0,'q6','q6',145,'image/jpeg',2165,'properties/q6.jpg','[]','2023-03-18 00:07:38','2023-03-18 00:07:38',NULL),(2861,0,'q7','q7',145,'image/jpeg',2165,'properties/q7.jpg','[]','2023-03-18 00:07:38','2023-03-18 00:07:38',NULL),(2862,0,'q8','q8',145,'image/jpeg',2165,'properties/q8.jpg','[]','2023-03-18 00:07:38','2023-03-18 00:07:38',NULL),(2863,0,'t1','t1',145,'image/jpeg',2165,'properties/t1.jpg','[]','2023-03-18 00:07:38','2023-03-18 00:07:38',NULL),(2864,0,'t2','t2',145,'image/jpeg',2165,'properties/t2.jpg','[]','2023-03-18 00:07:38','2023-03-18 00:07:38',NULL),(2865,0,'t3','t3',145,'image/jpeg',2165,'properties/t3.jpg','[]','2023-03-18 00:07:38','2023-03-18 00:07:38',NULL),(2866,0,'t4','t4',145,'image/jpeg',2165,'properties/t4.jpg','[]','2023-03-18 00:07:38','2023-03-18 00:07:38',NULL),(2867,0,'t5','t5',145,'image/jpeg',2165,'properties/t5.jpg','[]','2023-03-18 00:07:38','2023-03-18 00:07:38',NULL),(2868,0,'wp1a','wp1a',145,'image/jpeg',2165,'properties/wp1a.jpg','[]','2023-03-18 00:07:38','2023-03-18 00:07:38',NULL),(2869,0,'avatar','avatar',146,'image/jpeg',151486,'users/avatar.jpg','[]','2023-03-18 00:07:38','2023-03-18 00:07:38',NULL);

--
-- Table structure for table `media_folders`
--

CREATE TABLE `media_folders` (
  `id` int unsigned NOT NULL AUTO_INCREMENT,
  `user_id` int unsigned NOT NULL,
  `name` varchar(255) CHARACTER SET utf8mb4 COLLATE utf8mb4_unicode_ci DEFAULT NULL,
  `slug` varchar(255) CHARACTER SET utf8mb4 COLLATE utf8mb4_unicode_ci DEFAULT NULL,
  `parent_id` int NOT NULL DEFAULT '0',
  `created_at` timestamp NULL DEFAULT NULL,
  `updated_at` timestamp NULL DEFAULT NULL,
  `deleted_at` timestamp NULL DEFAULT NULL,
  PRIMARY KEY (`id`),
  KEY `media_folders_user_id_index` (`user_id`),
  KEY `media_folders_parent_id_user_id_created_at_index` (`parent_id`,`user_id`,`created_at`)
) ENGINE=InnoDB AUTO_INCREMENT=147 DEFAULT CHARSET=utf8mb4 COLLATE=utf8mb4_unicode_ci;

--
-- Dumping data for table `media_folders`
--

INSERT INTO `media_folders` VALUES (1,1,'Banners','banner',0,'2019-11-16 02:00:43','2019-11-16 02:00:50',NULL),(139,0,'accounts','accounts',0,'2023-03-18 00:07:31','2023-03-18 00:07:31',NULL),(140,0,'general','general',0,'2023-03-18 00:07:32','2023-03-18 00:07:32',NULL),(141,0,'news','news',0,'2023-03-18 00:07:33','2023-03-18 00:07:33',NULL),(142,0,'cities','cities',0,'2023-03-18 00:07:34','2023-03-18 00:07:34',NULL),(143,0,'logo','logo',0,'2023-03-18 00:07:34','2023-03-18 00:07:34',NULL),(144,0,'projects','projects',0,'2023-03-18 00:07:34','2023-03-18 00:07:34',NULL),(145,0,'properties','properties',0,'2023-03-18 00:07:35','2023-03-18 00:07:35',NULL),(146,0,'users','users',0,'2023-03-18 00:07:38','2023-03-18 00:07:38',NULL);

--
-- Table structure for table `media_settings`
--

CREATE TABLE `media_settings` (
  `id` int unsigned NOT NULL AUTO_INCREMENT,
  `key` varchar(120) CHARACTER SET utf8mb4 COLLATE utf8mb4_unicode_ci NOT NULL,
  `value` text CHARACTER SET utf8mb4 COLLATE utf8mb4_unicode_ci,
  `media_id` int DEFAULT NULL,
  `user_id` int DEFAULT NULL,
  `created_at` timestamp NULL DEFAULT NULL,
  `updated_at` timestamp NULL DEFAULT NULL,
  PRIMARY KEY (`id`)
) ENGINE=InnoDB DEFAULT CHARSET=utf8mb4 COLLATE=utf8mb4_unicode_ci;

--
-- Dumping data for table `media_settings`
--


--
-- Table structure for table `menu_locations`
--

CREATE TABLE `menu_locations` (
  `id` int unsigned NOT NULL AUTO_INCREMENT,
  `menu_id` int unsigned NOT NULL,
  `location` varchar(120) CHARACTER SET utf8mb4 COLLATE utf8mb4_unicode_ci NOT NULL,
  `created_at` timestamp NULL DEFAULT NULL,
  `updated_at` timestamp NULL DEFAULT NULL,
  PRIMARY KEY (`id`),
  KEY `menu_locations_menu_id_created_at_index` (`menu_id`,`created_at`)
) ENGINE=InnoDB AUTO_INCREMENT=3 DEFAULT CHARSET=utf8mb4 COLLATE=utf8mb4_unicode_ci;

--
-- Dumping data for table `menu_locations`
--

INSERT INTO `menu_locations` VALUES (1,1,'main-menu','2023-03-18 00:07:32','2023-03-18 00:07:32'),(2,5,'main-menu','2023-03-18 00:07:32','2023-03-18 00:07:32');

--
-- Table structure for table `menu_nodes`
--

CREATE TABLE `menu_nodes` (
  `id` int unsigned NOT NULL AUTO_INCREMENT,
  `menu_id` int unsigned NOT NULL,
  `parent_id` int unsigned NOT NULL DEFAULT '0',
  `reference_id` int unsigned DEFAULT '0',
  `reference_type` varchar(255) CHARACTER SET utf8mb4 COLLATE utf8mb4_unicode_ci DEFAULT NULL,
  `url` varchar(120) CHARACTER SET utf8mb4 COLLATE utf8mb4_unicode_ci DEFAULT NULL,
  `icon_font` varchar(50) CHARACTER SET utf8mb4 COLLATE utf8mb4_unicode_ci DEFAULT NULL,
  `position` tinyint unsigned NOT NULL DEFAULT '0',
  `title` varchar(120) CHARACTER SET utf8mb4 COLLATE utf8mb4_unicode_ci DEFAULT NULL,
  `css_class` varchar(120) CHARACTER SET utf8mb4 COLLATE utf8mb4_unicode_ci DEFAULT NULL,
  `target` varchar(20) CHARACTER SET utf8mb4 COLLATE utf8mb4_unicode_ci NOT NULL DEFAULT '_self',
  `has_child` tinyint unsigned NOT NULL DEFAULT '0',
  `created_at` timestamp NULL DEFAULT NULL,
  `updated_at` timestamp NULL DEFAULT NULL,
  PRIMARY KEY (`id`),
  KEY `menu_nodes_menu_id_index` (`menu_id`),
  KEY `menu_nodes_parent_id_index` (`parent_id`),
  KEY `menu_nodes_related_id_index` (`reference_id`),
  KEY `menu_nodes_index` (`parent_id`,`reference_id`,`reference_type`,`has_child`,`created_at`)
) ENGINE=InnoDB AUTO_INCREMENT=37 DEFAULT CHARSET=utf8mb4 COLLATE=utf8mb4_unicode_ci;

--
-- Dumping data for table `menu_nodes`
--

INSERT INTO `menu_nodes` VALUES (1,1,0,0,NULL,'/projects',NULL,0,'Projects',NULL,'_self',0,'2023-03-18 00:07:32','2023-03-18 00:07:32'),(2,1,0,0,NULL,'/properties',NULL,0,'Properties',NULL,'_self',0,'2023-03-18 00:07:32','2023-03-18 00:07:32'),(3,1,0,0,NULL,'/agents',NULL,0,'Agents',NULL,'_self',0,'2023-03-18 00:07:32','2023-03-18 00:07:32'),(4,1,0,2,'Botble\\Page\\Models\\Page','/news',NULL,0,'News',NULL,'_self',0,'2023-03-18 00:07:32','2023-03-18 00:07:32'),(5,1,0,0,NULL,'/careers',NULL,0,'Careers',NULL,'_self',0,'2023-03-18 00:07:32','2023-03-18 00:07:32'),(6,1,0,4,'Botble\\Page\\Models\\Page','/contact',NULL,0,'Contact',NULL,'_self',0,'2023-03-18 00:07:32','2023-03-18 00:07:32'),(7,2,0,3,'Botble\\Page\\Models\\Page','/about-us',NULL,0,'About us',NULL,'_self',0,'2023-03-18 00:07:32','2023-03-18 00:07:32'),(8,2,0,4,'Botble\\Page\\Models\\Page','/contact',NULL,0,'Contact us',NULL,'_self',0,'2023-03-18 00:07:32','2023-03-18 00:07:32'),(9,2,0,0,NULL,'/careers',NULL,0,'Careers',NULL,'_self',0,'2023-03-18 00:07:32','2023-03-18 00:07:32'),(10,2,0,5,'Botble\\Page\\Models\\Page','/terms-amp-conditions',NULL,0,'Terms & Conditions',NULL,'_self',0,'2023-03-18 00:07:32','2023-03-18 00:07:32'),(11,3,0,0,NULL,'/projects',NULL,0,'All projects',NULL,'_self',0,'2023-03-18 00:07:32','2023-03-18 00:07:32'),(12,3,0,0,NULL,'/properties',NULL,0,'All properties',NULL,'_self',0,'2023-03-18 00:07:32','2023-03-18 00:07:32'),(13,3,0,0,NULL,'/properties?type=sale',NULL,0,'Houses for sale',NULL,'_self',0,'2023-03-18 00:07:32','2023-03-18 00:07:32'),(14,3,0,0,NULL,'/properties?type=rent',NULL,0,'Houses for rent',NULL,'_self',0,'2023-03-18 00:07:32','2023-03-18 00:07:32'),(15,4,0,2,'Botble\\Page\\Models\\Page','/news',NULL,0,'Latest news',NULL,'_self',0,'2023-03-18 00:07:32','2023-03-18 00:07:32'),(16,4,0,2,'Botble\\Blog\\Models\\Category','/news/house-architecture',NULL,0,'House architecture',NULL,'_self',0,'2023-03-18 00:07:32','2023-03-18 00:07:32'),(17,4,0,4,'Botble\\Blog\\Models\\Category','/news/house-design',NULL,0,'House design',NULL,'_self',0,'2023-03-18 00:07:32','2023-03-18 00:07:32'),(18,4,0,6,'Botble\\Blog\\Models\\Category','/news/building-materials',NULL,0,'Building materials',NULL,'_self',0,'2023-03-18 00:07:32','2023-03-18 00:07:32'),(19,5,0,0,NULL,'/projects',NULL,0,'Dự án',NULL,'_self',0,'2023-03-18 00:07:32','2023-03-18 00:07:32'),(20,5,0,0,NULL,'/properties',NULL,0,'Nhà - Căn Hộ',NULL,'_self',0,'2023-03-18 00:07:32','2023-03-18 00:07:32'),(21,5,0,0,NULL,'/agents',NULL,0,'Đại lý',NULL,'_self',0,'2023-03-18 00:07:32','2023-03-18 00:07:32'),(22,5,0,2,'Botble\\Page\\Models\\Page','/news',NULL,0,'Tin tức',NULL,'_self',0,'2023-03-18 00:07:32','2023-03-18 00:07:32'),(23,5,0,0,NULL,'/careers',NULL,0,'Tuyển dụng',NULL,'_self',0,'2023-03-18 00:07:32','2023-03-18 00:07:32'),(24,5,0,4,'Botble\\Page\\Models\\Page','/contact',NULL,0,'Liên hệ',NULL,'_self',0,'2023-03-18 00:07:32','2023-03-18 00:07:32'),(25,6,0,3,'Botble\\Page\\Models\\Page','/about-us',NULL,0,'Về chúng tôi',NULL,'_self',0,'2023-03-18 00:07:32','2023-03-18 00:07:32'),(26,6,0,4,'Botble\\Page\\Models\\Page','/contact',NULL,0,'Liên hệ',NULL,'_self',0,'2023-03-18 00:07:32','2023-03-18 00:07:32'),(27,6,0,0,NULL,'/careers',NULL,0,'Tuyển dụng',NULL,'_self',0,'2023-03-18 00:07:32','2023-03-18 00:07:32'),(28,6,0,5,'Botble\\Page\\Models\\Page','/terms-amp-conditions',NULL,0,'Điều khoản và quy định',NULL,'_self',0,'2023-03-18 00:07:32','2023-03-18 00:07:32'),(29,7,0,0,NULL,'/projects',NULL,0,'Dự án',NULL,'_self',0,'2023-03-18 00:07:32','2023-03-18 00:07:32'),(30,7,0,0,NULL,'/properties',NULL,0,'Nhà - Căn hộ',NULL,'_self',0,'2023-03-18 00:07:32','2023-03-18 00:07:32'),(31,7,0,0,NULL,'/properties?type=sale',NULL,0,'Nhà bán',NULL,'_self',0,'2023-03-18 00:07:32','2023-03-18 00:07:32'),(32,7,0,0,NULL,'/properties?type=rent',NULL,0,'Nhà cho thuê',NULL,'_self',0,'2023-03-18 00:07:32','2023-03-18 00:07:32'),(33,8,0,2,'Botble\\Page\\Models\\Page','/news',NULL,0,'Tin tức mới nhất',NULL,'_self',0,'2023-03-18 00:07:32','2023-03-18 00:07:32'),(34,8,0,2,'Botble\\Blog\\Models\\Category','/news/house-architecture',NULL,0,'Kiến trúc nhà',NULL,'_self',0,'2023-03-18 00:07:32','2023-03-18 00:07:32'),(35,8,0,4,'Botble\\Blog\\Models\\Category','/news/house-design',NULL,0,'Thiết kế nhà',NULL,'_self',0,'2023-03-18 00:07:32','2023-03-18 00:07:32'),(36,8,0,6,'Botble\\Blog\\Models\\Category','/news/building-materials',NULL,0,'Vật liệu xây dựng',NULL,'_self',0,'2023-03-18 00:07:32','2023-03-18 00:07:32');

--
-- Table structure for table `menus`
--

CREATE TABLE `menus` (
  `id` int unsigned NOT NULL AUTO_INCREMENT,
  `name` varchar(120) CHARACTER SET utf8mb4 COLLATE utf8mb4_unicode_ci NOT NULL,
  `slug` varchar(120) CHARACTER SET utf8mb4 COLLATE utf8mb4_unicode_ci DEFAULT NULL,
  `status` varchar(60) CHARACTER SET utf8mb4 COLLATE utf8mb4_unicode_ci NOT NULL DEFAULT 'published',
  `created_at` timestamp NULL DEFAULT NULL,
  `updated_at` timestamp NULL DEFAULT NULL,
  PRIMARY KEY (`id`),
  UNIQUE KEY `menus_slug_unique` (`slug`)
) ENGINE=InnoDB AUTO_INCREMENT=9 DEFAULT CHARSET=utf8mb4 COLLATE=utf8mb4_unicode_ci;

--
-- Dumping data for table `menus`
--

INSERT INTO `menus` VALUES (1,'Main menu','main-menu','published','2023-03-18 00:07:32','2023-03-18 00:07:32'),(2,'About','about','published','2023-03-18 00:07:32','2023-03-18 00:07:32'),(3,'More information','more-information','published','2023-03-18 00:07:32','2023-03-18 00:07:32'),(4,'News','news','published','2023-03-18 00:07:32','2023-03-18 00:07:32'),(5,'Menu chính','menu-chinh','published','2023-03-18 00:07:32','2023-03-18 00:07:32'),(6,'Về chúng tôi','ve-chung-toi','published','2023-03-18 00:07:32','2023-03-18 00:07:32'),(7,'Thông tin thêm','thong-tin-them','published','2023-03-18 00:07:32','2023-03-18 00:07:32'),(8,'Tin tức','tin-tuc','published','2023-03-18 00:07:32','2023-03-18 00:07:32');

--
-- Table structure for table `meta_boxes`
--

CREATE TABLE `meta_boxes` (
  `id` int unsigned NOT NULL AUTO_INCREMENT,
  `reference_id` int unsigned NOT NULL,
  `meta_key` varchar(255) CHARACTER SET utf8mb4 COLLATE utf8mb4_unicode_ci NOT NULL,
  `meta_value` text CHARACTER SET utf8mb4 COLLATE utf8mb4_unicode_ci,
  `reference_type` varchar(120) CHARACTER SET utf8mb4 COLLATE utf8mb4_unicode_ci NOT NULL,
  `created_at` timestamp NULL DEFAULT NULL,
  `updated_at` timestamp NULL DEFAULT NULL,
  PRIMARY KEY (`id`),
  KEY `meta_boxes_content_id_index` (`reference_id`)
) ENGINE=InnoDB AUTO_INCREMENT=104 DEFAULT CHARSET=utf8mb4 COLLATE=utf8mb4_unicode_ci;

--
-- Dumping data for table `meta_boxes`
--

INSERT INTO `meta_boxes` VALUES (1,1,'seo_meta','[{\"seo_title\":null,\"seo_description\":null}]','Botble\\RealEstate\\Models\\Property','2019-11-17 20:34:59','2019-11-17 20:34:59'),(2,2,'seo_meta','[{\"seo_title\":null,\"seo_description\":null}]','Botble\\RealEstate\\Models\\Property','2019-11-17 20:53:34','2019-11-17 20:53:34'),(3,3,'seo_meta','[{\"seo_title\":null,\"seo_description\":null}]','Botble\\RealEstate\\Models\\Property','2019-11-17 21:09:55','2019-11-17 21:09:55'),(4,4,'seo_meta','[{\"seo_title\":null,\"seo_description\":null}]','Botble\\RealEstate\\Models\\Property','2019-11-17 21:18:11','2019-11-17 21:18:11'),(5,1,'seo_meta','[{\"seo_title\":null,\"seo_description\":null}]','Botble\\RealEstate\\Models\\PropertyFeature','2019-11-17 21:40:58','2019-11-17 21:40:58'),(6,2,'seo_meta','[{\"seo_title\":null,\"seo_description\":null}]','Botble\\RealEstate\\Models\\PropertyFeature','2019-11-17 21:41:43','2019-11-17 21:41:43'),(7,1,'seo_meta','[{\"seo_title\":null,\"seo_description\":null}]','Botble\\RealEstate\\Models\\Project','2019-11-18 00:34:49','2019-11-18 00:34:49'),(8,5,'seo_meta','[{\"seo_title\":null,\"seo_description\":null}]','Botble\\RealEstate\\Models\\Property','2019-11-18 00:47:52','2019-11-18 00:47:52'),(9,6,'seo_meta','[{\"seo_title\":null,\"seo_description\":null}]','Botble\\RealEstate\\Models\\Property','2019-11-18 01:05:58','2019-11-18 01:05:58'),(10,7,'seo_meta','[{\"seo_title\":null,\"seo_description\":null}]','Botble\\RealEstate\\Models\\Property','2019-11-18 01:12:07','2019-11-18 01:12:07'),(11,2,'seo_meta','[{\"seo_title\":null,\"seo_description\":null}]','Botble\\RealEstate\\Models\\Project','2019-11-18 01:28:45','2019-11-18 01:28:45'),(12,8,'seo_meta','[{\"seo_title\":null,\"seo_description\":null}]','Botble\\RealEstate\\Models\\Property','2019-11-18 01:49:36','2019-11-18 01:49:36'),(13,9,'seo_meta','[{\"seo_title\":null,\"seo_description\":null}]','Botble\\RealEstate\\Models\\Property','2019-11-18 02:02:19','2019-11-18 02:02:19'),(14,10,'seo_meta','[{\"seo_title\":null,\"seo_description\":null}]','Botble\\RealEstate\\Models\\Property','2019-11-18 02:16:53','2019-11-18 02:16:53'),(15,11,'seo_meta','[{\"seo_title\":null,\"seo_description\":null}]','Botble\\RealEstate\\Models\\Property','2019-11-18 02:22:48','2019-11-18 02:22:48'),(16,1,'seo_meta','[{\"seo_title\":null,\"seo_description\":null}]','Botble\\Blog\\Models\\Category','2019-11-18 02:33:35','2019-11-18 02:33:35'),(17,12,'seo_meta','[{\"seo_title\":null,\"seo_description\":null}]','Botble\\RealEstate\\Models\\Property','2019-11-18 02:47:05','2019-11-18 02:47:05'),(18,1,'seo_meta','[{\"seo_title\":null,\"seo_description\":null}]','Botble\\Blog\\Models\\Post','2019-11-18 02:51:35','2019-11-18 02:51:35'),(19,1,'seo_meta','[{\"seo_title\":null,\"seo_description\":null}]','Botble\\Blog\\Models\\Tag','2019-11-18 02:51:35','2019-11-18 02:51:35'),(20,2,'seo_meta','[{\"seo_title\":null,\"seo_description\":null}]','Botble\\Blog\\Models\\Post','2019-11-18 02:55:53','2019-11-18 02:55:53'),(21,2,'seo_meta','[{\"seo_title\":null,\"seo_description\":null}]','Botble\\Blog\\Models\\Tag','2019-11-18 02:55:53','2019-11-18 02:55:53'),(22,3,'seo_meta','[{\"seo_title\":null,\"seo_description\":null}]','Botble\\Blog\\Models\\Post','2019-11-18 02:59:01','2019-11-18 02:59:01'),(23,4,'seo_meta','[{\"seo_title\":null,\"seo_description\":null}]','Botble\\Blog\\Models\\Post','2019-11-18 03:07:27','2019-11-18 03:07:27'),(24,3,'seo_meta','[{\"seo_title\":null,\"seo_description\":null}]','Botble\\Blog\\Models\\Tag','2019-11-18 03:07:27','2019-11-18 03:07:27'),(25,3,'seo_meta','[{\"seo_title\":null,\"seo_description\":null}]','Botble\\RealEstate\\Models\\Project','2019-11-18 03:30:34','2019-11-18 03:30:34'),(26,4,'seo_meta','[{\"seo_title\":null,\"seo_description\":null}]','Botble\\RealEstate\\Models\\Project','2019-11-18 03:38:13','2019-11-18 03:38:13'),(27,5,'seo_meta','[{\"seo_title\":null,\"seo_description\":null}]','Botble\\RealEstate\\Models\\Project','2019-11-18 03:45:06','2019-11-18 03:45:06'),(28,6,'seo_meta','[{\"seo_title\":null,\"seo_description\":null}]','Botble\\RealEstate\\Models\\Project','2019-11-18 03:53:20','2019-11-18 03:53:20'),(29,13,'seo_meta','[{\"seo_title\":null,\"seo_description\":null}]','Botble\\RealEstate\\Models\\Property','2019-11-18 07:23:02','2019-11-18 07:23:02'),(30,14,'seo_meta','[{\"seo_title\":null,\"seo_description\":null}]','Botble\\RealEstate\\Models\\Property','2019-11-18 07:36:29','2019-11-18 07:36:29'),(31,15,'seo_meta','[{\"seo_title\":null,\"seo_description\":null}]','Botble\\RealEstate\\Models\\Property','2019-11-18 07:44:44','2019-11-18 07:44:44'),(32,16,'seo_meta','[{\"seo_title\":null,\"seo_description\":null}]','Botble\\RealEstate\\Models\\Property','2019-11-18 07:59:14','2019-11-18 07:59:14'),(33,17,'seo_meta','[{\"seo_title\":null,\"seo_description\":null}]','Botble\\RealEstate\\Models\\Property','2019-11-18 08:13:07','2019-11-18 08:13:07'),(34,7,'seo_meta','[{\"seo_title\":null,\"seo_description\":null}]','Botble\\RealEstate\\Models\\Project','2019-11-21 01:54:36','2019-11-21 01:54:36'),(35,8,'seo_meta','[{\"seo_title\":null,\"seo_description\":null}]','Botble\\RealEstate\\Models\\Project','2019-11-21 02:28:09','2019-11-21 02:28:09'),(36,9,'seo_meta','[{\"seo_title\":null,\"seo_description\":null}]','Botble\\RealEstate\\Models\\Project','2019-11-21 02:40:25','2019-11-21 02:40:25'),(37,10,'seo_meta','[{\"seo_title\":null,\"seo_description\":null}]','Botble\\RealEstate\\Models\\Project','2019-11-21 02:58:55','2019-11-21 02:58:55'),(38,11,'seo_meta','[{\"seo_title\":null,\"seo_description\":null}]','Botble\\RealEstate\\Models\\Project','2019-11-21 03:16:25','2019-11-21 03:16:25'),(39,12,'seo_meta','[{\"seo_title\":null,\"seo_description\":null}]','Botble\\RealEstate\\Models\\Project','2019-11-21 03:25:22','2019-11-21 03:25:22'),(40,18,'seo_meta','[{\"seo_title\":null,\"seo_description\":null}]','Botble\\RealEstate\\Models\\Property','2019-11-21 05:51:54','2019-11-21 05:51:54'),(41,19,'seo_meta','[{\"seo_title\":null,\"seo_description\":null}]','Botble\\RealEstate\\Models\\Property','2019-11-21 06:03:11','2019-11-21 06:03:11'),(42,20,'seo_meta','[{\"seo_title\":null,\"seo_description\":null}]','Botble\\RealEstate\\Models\\Property','2019-11-21 06:12:15','2019-11-21 06:12:15'),(43,21,'seo_meta','[{\"seo_title\":null,\"seo_description\":null}]','Botble\\RealEstate\\Models\\Property','2019-11-21 06:26:59','2019-11-21 06:26:59'),(44,22,'seo_meta','[{\"seo_title\":null,\"seo_description\":null}]','Botble\\RealEstate\\Models\\Property','2019-11-21 06:56:50','2019-11-21 06:56:50'),(45,23,'seo_meta','[{\"seo_title\":null,\"seo_description\":null}]','Botble\\RealEstate\\Models\\Property','2019-11-21 07:18:36','2019-11-21 07:18:36'),(46,24,'seo_meta','[{\"seo_title\":null,\"seo_description\":null}]','Botble\\RealEstate\\Models\\Property','2019-11-21 07:26:48','2019-11-21 07:26:48'),(47,25,'seo_meta','[{\"seo_title\":null,\"seo_description\":null}]','Botble\\RealEstate\\Models\\Property','2019-11-21 07:34:38','2019-11-21 07:34:38'),(48,26,'seo_meta','[{\"seo_title\":null,\"seo_description\":null}]','Botble\\RealEstate\\Models\\Property','2019-11-21 07:40:46','2019-11-21 07:40:46'),(49,27,'seo_meta','[{\"seo_title\":null,\"seo_description\":null}]','Botble\\RealEstate\\Models\\Property','2019-11-21 07:45:34','2019-11-21 07:45:34'),(52,2,'seo_meta','[{\"seo_title\":null,\"seo_description\":null}]','Botble\\Blog\\Models\\Category','2019-11-21 07:49:25','2019-11-21 07:49:25'),(53,3,'seo_meta','[{\"seo_title\":null,\"seo_description\":null}]','Botble\\Blog\\Models\\Category','2019-11-21 07:49:35','2019-11-21 07:49:35'),(54,4,'seo_meta','[{\"seo_title\":null,\"seo_description\":null}]','Botble\\Blog\\Models\\Category','2019-11-21 07:50:02','2019-11-21 07:50:02'),(55,5,'seo_meta','[{\"seo_title\":null,\"seo_description\":null}]','Botble\\Blog\\Models\\Category','2019-11-21 07:50:17','2019-11-21 07:50:17'),(56,6,'seo_meta','[{\"seo_title\":null,\"seo_description\":null}]','Botble\\Blog\\Models\\Category','2019-11-21 07:50:36','2019-11-21 07:50:36'),(57,7,'seo_meta','[{\"seo_title\":null,\"seo_description\":null}]','Botble\\Blog\\Models\\Category','2019-11-21 07:50:58','2019-11-21 07:50:58'),(58,28,'seo_meta','[{\"seo_title\":null,\"seo_description\":null}]','Botble\\RealEstate\\Models\\Property','2019-11-21 19:53:17','2019-11-21 19:53:17'),(59,29,'seo_meta','[{\"seo_title\":null,\"seo_description\":null}]','Botble\\RealEstate\\Models\\Property','2019-11-21 19:59:16','2019-11-21 19:59:16'),(60,30,'seo_meta','[{\"seo_title\":null,\"seo_description\":null}]','Botble\\RealEstate\\Models\\Property','2019-11-22 00:29:01','2019-11-22 00:29:01'),(61,31,'seo_meta','[{\"seo_title\":null,\"seo_description\":null}]','Botble\\RealEstate\\Models\\Property','2019-11-22 00:42:28','2019-11-22 00:42:28'),(62,32,'seo_meta','[{\"seo_title\":null,\"seo_description\":null}]','Botble\\RealEstate\\Models\\Property','2019-11-22 00:47:18','2019-11-22 00:47:18'),(63,33,'seo_meta','[{\"seo_title\":null,\"seo_description\":null}]','Botble\\RealEstate\\Models\\Property','2019-11-22 00:57:15','2019-11-22 00:57:15'),(64,34,'seo_meta','[{\"seo_title\":null,\"seo_description\":null}]','Botble\\RealEstate\\Models\\Property','2019-11-22 01:06:09','2019-11-22 01:06:09'),(65,8,'seo_meta','[{\"seo_title\":null,\"seo_description\":null}]','Botble\\Blog\\Models\\Category','2019-11-22 01:26:08','2019-11-22 01:26:08'),(66,5,'seo_meta','[{\"seo_title\":null,\"seo_description\":null}]','Botble\\Blog\\Models\\Post','2019-11-22 01:26:31','2019-11-22 01:26:31'),(67,6,'seo_meta','[{\"seo_title\":null,\"seo_description\":null}]','Botble\\Blog\\Models\\Post','2019-11-22 01:29:45','2019-11-22 01:29:45'),(68,7,'seo_meta','[{\"seo_title\":null,\"seo_description\":null}]','Botble\\Blog\\Models\\Post','2019-11-22 01:33:23','2019-11-22 01:33:23'),(69,8,'seo_meta','[{\"seo_title\":null,\"seo_description\":null}]','Botble\\Blog\\Models\\Post','2019-11-22 01:39:38','2019-11-22 01:39:38'),(74,1,'seo_meta','[{\"seo_title\":null,\"seo_description\":null}]','Botble\\Career\\Models\\Career','2019-11-30 19:43:10','2019-11-30 19:43:10'),(75,2,'seo_meta','[{\"seo_title\":null,\"seo_description\":null}]','Botble\\Career\\Models\\Career','2019-11-30 19:49:07','2019-11-30 19:49:07'),(76,3,'seo_meta','[{\"seo_title\":null,\"seo_description\":null}]','Botble\\Career\\Models\\Career','2019-11-30 19:52:42','2019-11-30 19:52:42'),(77,4,'seo_meta','[{\"seo_title\":null,\"seo_description\":null}]','Botble\\Career\\Models\\Career','2019-11-30 19:56:50','2019-11-30 19:56:50'),(80,2,'video','[{\"thumbnail\":\"\",\"url\":\"https:\\/\\/www.youtube.com\\/watch?v=UfEiKK-iX70\"}]','Botble\\RealEstate\\Models\\Property','2021-04-29 20:46:36','2021-04-29 20:46:36'),(81,4,'video','[{\"thumbnail\":\"properties\\/property-video-thumb.jpg\",\"url\":\"https:\\/\\/www.youtube.com\\/watch?v=UfEiKK-iX70\"}]','Botble\\RealEstate\\Models\\Property','2021-04-29 20:46:36','2021-04-29 20:46:36'),(82,6,'video','[{\"thumbnail\":\"\",\"url\":\"https:\\/\\/www.youtube.com\\/watch?v=UfEiKK-iX70\"}]','Botble\\RealEstate\\Models\\Property','2021-04-29 20:46:36','2021-04-29 20:46:36'),(83,8,'video','[{\"thumbnail\":\"properties\\/property-video-thumb.jpg\",\"url\":\"https:\\/\\/www.youtube.com\\/watch?v=UfEiKK-iX70\"}]','Botble\\RealEstate\\Models\\Property','2021-04-29 20:46:36','2021-04-29 20:46:36'),(84,10,'video','[{\"thumbnail\":\"\",\"url\":\"https:\\/\\/www.youtube.com\\/watch?v=UfEiKK-iX70\"}]','Botble\\RealEstate\\Models\\Property','2021-04-29 20:46:36','2021-04-29 20:46:36'),(85,12,'video','[{\"thumbnail\":\"properties\\/property-video-thumb.jpg\",\"url\":\"https:\\/\\/www.youtube.com\\/watch?v=UfEiKK-iX70\"}]','Botble\\RealEstate\\Models\\Property','2021-04-29 20:46:36','2021-04-29 20:46:36'),(86,14,'video','[{\"thumbnail\":\"\",\"url\":\"https:\\/\\/www.youtube.com\\/watch?v=UfEiKK-iX70\"}]','Botble\\RealEstate\\Models\\Property','2021-04-29 20:46:36','2021-04-29 20:46:36'),(87,16,'video','[{\"thumbnail\":\"properties\\/property-video-thumb.jpg\",\"url\":\"https:\\/\\/www.youtube.com\\/watch?v=UfEiKK-iX70\"}]','Botble\\RealEstate\\Models\\Property','2021-04-29 20:46:36','2021-04-29 20:46:36'),(88,18,'video','[{\"thumbnail\":\"\",\"url\":\"https:\\/\\/www.youtube.com\\/watch?v=UfEiKK-iX70\"}]','Botble\\RealEstate\\Models\\Property','2021-04-29 20:46:36','2021-04-29 20:46:36'),(89,20,'video','[{\"thumbnail\":\"properties\\/property-video-thumb.jpg\",\"url\":\"https:\\/\\/www.youtube.com\\/watch?v=UfEiKK-iX70\"}]','Botble\\RealEstate\\Models\\Property','2021-04-29 20:46:36','2021-04-29 20:46:36'),(90,22,'video','[{\"thumbnail\":\"\",\"url\":\"https:\\/\\/www.youtube.com\\/watch?v=UfEiKK-iX70\"}]','Botble\\RealEstate\\Models\\Property','2021-04-29 20:46:36','2021-04-29 20:46:36'),(91,24,'video','[{\"thumbnail\":\"properties\\/property-video-thumb.jpg\",\"url\":\"https:\\/\\/www.youtube.com\\/watch?v=UfEiKK-iX70\"}]','Botble\\RealEstate\\Models\\Property','2021-04-29 20:46:36','2021-04-29 20:46:36'),(92,26,'video','[{\"thumbnail\":\"\",\"url\":\"https:\\/\\/www.youtube.com\\/watch?v=UfEiKK-iX70\"}]','Botble\\RealEstate\\Models\\Property','2021-04-29 20:46:36','2021-04-29 20:46:36'),(93,28,'video','[{\"thumbnail\":\"properties\\/property-video-thumb.jpg\",\"url\":\"https:\\/\\/www.youtube.com\\/watch?v=UfEiKK-iX70\"}]','Botble\\RealEstate\\Models\\Property','2021-04-29 20:46:36','2021-04-29 20:46:36'),(94,30,'video','[{\"thumbnail\":\"\",\"url\":\"https:\\/\\/www.youtube.com\\/watch?v=UfEiKK-iX70\"}]','Botble\\RealEstate\\Models\\Property','2021-04-29 20:46:36','2021-04-29 20:46:36'),(95,32,'video','[{\"thumbnail\":\"properties\\/property-video-thumb.jpg\",\"url\":\"https:\\/\\/www.youtube.com\\/watch?v=UfEiKK-iX70\"}]','Botble\\RealEstate\\Models\\Property','2021-04-29 20:46:36','2021-04-29 20:46:36'),(96,34,'video','[{\"thumbnail\":\"\",\"url\":\"https:\\/\\/www.youtube.com\\/watch?v=UfEiKK-iX70\"}]','Botble\\RealEstate\\Models\\Property','2021-04-29 20:46:36','2021-04-29 20:46:36'),(97,2,'video','[{\"thumbnail\":\"\",\"url\":\"https:\\/\\/www.youtube.com\\/watch?v=UfEiKK-iX70\"}]','Botble\\RealEstate\\Models\\Project','2021-04-29 20:46:36','2021-04-29 20:46:36'),(98,4,'video','[{\"thumbnail\":\"properties\\/property-video-thumb.jpg\",\"url\":\"https:\\/\\/www.youtube.com\\/watch?v=UfEiKK-iX70\"}]','Botble\\RealEstate\\Models\\Project','2021-04-29 20:46:36','2021-04-29 20:46:36'),(99,6,'video','[{\"thumbnail\":\"\",\"url\":\"https:\\/\\/www.youtube.com\\/watch?v=UfEiKK-iX70\"}]','Botble\\RealEstate\\Models\\Project','2021-04-29 20:46:36','2021-04-29 20:46:36'),(100,8,'video','[{\"thumbnail\":\"properties\\/property-video-thumb.jpg\",\"url\":\"https:\\/\\/www.youtube.com\\/watch?v=UfEiKK-iX70\"}]','Botble\\RealEstate\\Models\\Project','2021-04-29 20:46:36','2021-04-29 20:46:36'),(101,10,'video','[{\"thumbnail\":\"\",\"url\":\"https:\\/\\/www.youtube.com\\/watch?v=UfEiKK-iX70\"}]','Botble\\RealEstate\\Models\\Project','2021-04-29 20:46:36','2021-04-29 20:46:36'),(102,12,'video','[{\"thumbnail\":\"properties\\/property-video-thumb.jpg\",\"url\":\"https:\\/\\/www.youtube.com\\/watch?v=UfEiKK-iX70\"}]','Botble\\RealEstate\\Models\\Project','2021-04-29 20:46:36','2021-04-29 20:46:36'),(103,1,'subscribed_packaged_id','[2]','Botble\\Payment\\Models\\Payment','2022-12-27 20:03:55','2022-12-27 20:03:55');

--
-- Table structure for table `migrations`
--

CREATE TABLE `migrations` (
  `id` int unsigned NOT NULL AUTO_INCREMENT,
  `migration` varchar(255) CHARACTER SET utf8mb4 COLLATE utf8mb4_unicode_ci NOT NULL,
  `batch` int NOT NULL,
  PRIMARY KEY (`id`)
) ENGINE=InnoDB AUTO_INCREMENT=156 DEFAULT CHARSET=utf8mb4 COLLATE=utf8mb4_unicode_ci;

--
-- Dumping data for table `migrations`
--

INSERT INTO `migrations` VALUES (1,'2013_04_09_032329_create_base_tables',1),(2,'2013_04_09_062329_create_revisions_table',1),(3,'2014_10_12_000000_create_users_table',1),(4,'2014_10_12_100000_create_password_resets_table',1),(5,'2016_06_01_000001_create_oauth_auth_codes_table',1),(6,'2016_06_01_000002_create_oauth_access_tokens_table',1),(7,'2016_06_01_000003_create_oauth_refresh_tokens_table',1),(8,'2016_06_01_000004_create_oauth_clients_table',1),(9,'2016_06_01_000005_create_oauth_personal_access_clients_table',1),(10,'2016_06_10_230148_create_acl_tables',1),(11,'2016_06_14_230857_create_menus_table',1),(12,'2016_06_28_221418_create_pages_table',1),(13,'2016_10_05_074239_create_setting_table',1),(14,'2016_11_28_032840_create_dashboard_widget_tables',1),(15,'2016_12_16_084601_create_widgets_table',1),(16,'2017_05_09_070343_create_media_tables',1),(17,'2017_11_03_070450_create_slug_table',1),(18,'2019_07_15_042406_change_site_title_from_settings_to_theme_options',1),(19,'2019_08_13_033145_remove_unused_columns_in_users_table',1),(20,'2019_08_19_000000_create_failed_jobs_table',1),(21,'2019_09_07_030654_update_menu_nodes_table',1),(22,'2019_09_07_045041_update_slugs_table',1),(23,'2019_09_07_050405_update_slug_reference_for_page',1),(24,'2019_09_08_014859_update_meta_boxes_table',1),(25,'2019_09_08_015629_update_meta_box_data_for_page',1),(26,'2019_09_12_073711_update_media_url',1),(27,'2019_09_12_073711_update_media_url_for_current_data',1),(28,'2019_10_20_002256_remove_parent_id_in_pages_table',1),(31,'2018_06_22_032304_create_real_estate_table',2),(32,'2015_06_29_025744_create_audit_history',3),(33,'2015_06_18_033822_create_blog_table',4),(34,'2019_09_07_035526_update_menu_node_reference_type_for_category',4),(35,'2019_09_07_050058_update_slug_reference_for_blog',4),(36,'2019_09_07_155716_update_language_meta_for_blog',4),(37,'2019_09_08_015552_update_meta_box_data_for_blog',4),(38,'2019_10_20_002342_remove_parent_id_in_tags_table',4),(39,'2016_10_03_032336_create_languages_table',5),(40,'2019_09_07_154718_update_lang_meta_table',5),(41,'2017_10_24_154832_create_newsletter_table',6),(42,'2016_06_17_091537_create_contacts_table',7),(43,'2015_08_15_122343_create_notes_table',8),(44,'2019_11_18_035125_add_column_type_into_re_properties_table',9),(45,'2019_11_18_035712_create_investor_table',9),(46,'2019_11_18_040153_update_real_estates_table',9),(47,'2019_11_18_041228_drop_table_re_property_categories',10),(48,'2019_11_18_082146_create_currencies_table',11),(49,'2019_11_18_061011_create_country_table',12),(50,'2019_11_18_061730_create_state_table',12),(51,'2019_11_18_062515_create_city_table',12),(52,'2019_11_19_063851_create_project_features_table',13),(53,'2019_11_21_090830_update_project_and_property_table',14),(54,'2019_11_21_130139_add_price_to_projects_table',15),(55,'2019_11_14_210650_create_consults_table',16),(56,'2019_11_26_024326_update_property_type',17),(57,'2019_06_24_211801_create_career_table',18),(58,'2019_12_03_123314_add_column_slug_into_cities_table',19),(59,'2019_12_03_124417_add_column_city_id_into_table_properties_and_projects',19),(60,'2017_05_18_080441_create_payment_tables',20),(61,'2019_12_10_140938_create_vendor_table',20),(62,'2019_12_15_025938_update_column_images_in_real_estate_tables',20),(63,'2019_12_17_064316_add_column_period_to_table_re_properties',20),(64,'2019_12_24_033049_add_column_author_into_re_properties_table',20),(65,'2019_12_24_083810_vendor_create_package_table',20),(66,'2019_12_27_004653_update_vendors_table_with_package_data',20),(68,'2020_01_08_002704_real_estate_create_type_table',21),(69,'2020_01_10_133700_change_re_types_to_re_categories',22),(70,'2016_10_07_193005_create_translations_table',23),(71,'2020_01_23_133752_update_account_tables',24),(72,'2020_02_03_144309_update_column_payment_channel',25),(73,'2020_02_06_143217_update_vendor_table',26),(74,'2020_02_11_133026_add_description_to_table_payments',27),(75,'2020_02_11_140823_create_transactions_table',27),(76,'2020_02_23_111922_fix_column_number_block_in_re_properties_table',27),(77,'2020_03_24_151004_add_moderation_status_into_properties_table',28),(78,'2020_03_25_030953_create_table_vendor_packages',29),(79,'2020_03_25_083610_add_column_expire_date_into_re_properties_table',30),(80,'2020_03_26_081108_add_column_auto_renew_to_re_properties_table',31),(81,'2020_03_16_072752_add_column_abbreviation_to_states_table',32),(82,'2020_03_28_020724_make_column_user_id_nullable_table_revisions',33),(83,'2020_03_23_093053_update_payments_table',34),(84,'2020_04_22_074304_add_column_never_expired_to_re_properties_table',35),(85,'2020_05_26_014304_add_column_provider_to_oauth_clients_table',36),(86,'2020_07_27_085437_add_icon_to_re_features',37),(90,'2020_08_21_102728_real_estate_create_facility_table',38),(91,'2020_08_22_024455_rename_table_for_accounts',39),(92,'2020_08_26_130439_add_column_username_into_table_re_accounts',40),(93,'2020_09_09_110653_update_table_careers',41),(94,'2020_09_15_111419_fix_old_data_for_re_properties',42),(95,'2020_10_05_030817_make_column_charge_id_nullable',43),(96,'2020_10_18_134416_fix_audit_logs_table',44),(97,'2020_10_24_133432_change_column_distance_to_string',45),(99,'2020_10_31_053746_add_column_description_into_re_categories_table',46),(100,'2019_01_05_053554_create_jobs_table',47),(101,'2020_12_05_112556_change_contact_page_to_a_page',48),(102,'2021_02_11_031126_update_price_column_in_projects_and_properties',49),(103,'2021_02_16_092633_remove_default_value_for_author_type',50),(104,'2021_03_08_024049_add_lat_long_into_real_estate_tables',51),(105,'2021_03_27_144913_add_customer_type_into_table_payments',52),(106,'2021_05_24_034720_make_column_currency_nullable',53),(107,'2021_06_10_091950_add_column_is_featured_to_table_re_accounts',54),(108,'2021_07_07_021757_update_table_account_activity_logs',55),(109,'2021_07_18_101839_fix_old_theme_options',56),(110,'2021_08_05_134214_fix_social_link_theme_options',57),(111,'2021_08_09_161302_add_metadata_column_to_payments_table',58),(112,'2021_09_29_042758_create_re_categories_multilevel_table',59),(113,'2021_10_19_020859_update_metadata_field',60),(114,'2021_10_31_031254_add_company_to_accounts_table',61),(115,'2021_10_25_021023_fix-priority-load-for-language-advanced',62),(116,'2021_12_03_030600_create_blog_translations',62),(117,'2021_12_03_075608_create_page_translations',62),(118,'2021_12_03_084118_create_location_translations',62),(119,'2021_12_03_094518_migrate_old_location_data',62),(120,'2021_12_04_095357_create_careers_translations_table',62),(121,'2021_12_10_034440_switch_plugin_location_to_use_language_advanced',63),(122,'2021_12_10_034807_create_real_estate_translation_tables',64),(123,'2021_12_18_081636_add_property_project_views_count',65),(124,'2022_01_16_085908_improve_plugin_location',66),(125,'2022_04_19_113923_add_index_to_table_posts',67),(126,'2022_04_20_100851_add_index_to_media_table',67),(127,'2022_04_20_101046_add_index_to_menu_table',67),(128,'2022_05_03_033044_update_column_images_in_real_estate_tables',68),(129,'2022_05_04_033044_update_column_images_in_real_estate_tables',69),(130,'2022_06_04_033634_improve_homepage_content',70),(131,'2022_06_28_151901_activate_paypal_stripe_plugin',71),(132,'2022_07_02_081723_fix_expired_date_column',71),(133,'2019_12_14_000001_create_personal_access_tokens_table',72),(134,'2022_07_07_153354_update_charge_id_in_table_payments',72),(135,'2022_07_10_034813_move_lang_folder_to_root',72),(136,'2022_08_01_090213_update_table_properties_and_projects',72),(137,'2022_08_04_051940_add_missing_column_expires_at',72),(138,'2022_08_04_052122_delete_location_backup_tables',72),(139,'2022_10_14_024629_drop_column_is_featured',73),(140,'2022_10_29_065232_increase_states_abbreviation_column',74),(141,'2022_11_06_061847_increase_state_translations_abbreviation_column',75),(142,'2022_11_06_070405_improve_homepage_search_box',75),(143,'2022_11_18_063357_add_missing_timestamp_in_table_settings',76),(144,'2022_12_02_093615_update_slug_index_columns',76),(145,'2022_09_01_000001_create_admin_notifications_tables',77),(146,'2023_01_30_024431_add_alt_to_media_table',78),(147,'2023_01_31_023233_create_re_custom_fields_table',79),(148,'2023_02_06_000000_add_location_to_re_accounts_table',79),(149,'2023_02_06_024257_add_package_translations',79),(150,'2023_02_08_062457_add_custom_fields_translation_table',80),(151,'2014_10_12_100000_create_password_reset_tokens_table',81),(152,'2023_02_15_024644_create_re_reviews_table',81),(153,'2023_02_16_042611_drop_table_password_resets',81),(154,'2023_02_20_072604_create_re_invoices_table',82),(155,'2023_02_20_081251_create_re_account_packages_table',82);

--
-- Table structure for table `newsletters`
--

CREATE TABLE `newsletters` (
  `id` int unsigned NOT NULL AUTO_INCREMENT,
  `email` varchar(120) CHARACTER SET utf8mb4 COLLATE utf8mb4_unicode_ci NOT NULL,
  `name` varchar(120) CHARACTER SET utf8mb4 COLLATE utf8mb4_unicode_ci DEFAULT NULL,
  `status` varchar(60) CHARACTER SET utf8mb4 COLLATE utf8mb4_unicode_ci NOT NULL DEFAULT 'subscribed',
  `created_at` timestamp NULL DEFAULT NULL,
  `updated_at` timestamp NULL DEFAULT NULL,
  PRIMARY KEY (`id`)
) ENGINE=InnoDB DEFAULT CHARSET=utf8mb4 COLLATE=utf8mb4_unicode_ci;

--
-- Dumping data for table `newsletters`
--


--
-- Table structure for table `notes`
--

CREATE TABLE `notes` (
  `id` int unsigned NOT NULL AUTO_INCREMENT,
  `user_id` int unsigned NOT NULL,
  `reference_id` int unsigned NOT NULL,
  `reference_type` varchar(120) CHARACTER SET utf8mb4 COLLATE utf8mb4_unicode_ci NOT NULL,
  `created_by` int unsigned NOT NULL,
  `note` text CHARACTER SET utf8mb4 COLLATE utf8mb4_unicode_ci NOT NULL,
  `created_at` timestamp NULL DEFAULT NULL,
  `updated_at` timestamp NULL DEFAULT NULL,
  PRIMARY KEY (`id`),
  KEY `notes_user_id_index` (`user_id`),
  KEY `notes_reference_id_index` (`reference_id`),
  KEY `notes_created_by_index` (`created_by`)
) ENGINE=InnoDB DEFAULT CHARSET=utf8mb4 COLLATE=utf8mb4_unicode_ci;

--
-- Dumping data for table `notes`
--


--
-- Table structure for table `oauth_access_tokens`
--

CREATE TABLE `oauth_access_tokens` (
  `id` varchar(100) CHARACTER SET utf8mb4 COLLATE utf8mb4_unicode_ci NOT NULL,
  `user_id` bigint DEFAULT NULL,
  `client_id` int unsigned NOT NULL,
  `name` varchar(255) CHARACTER SET utf8mb4 COLLATE utf8mb4_unicode_ci DEFAULT NULL,
  `scopes` text CHARACTER SET utf8mb4 COLLATE utf8mb4_unicode_ci,
  `revoked` tinyint(1) NOT NULL,
  `created_at` timestamp NULL DEFAULT NULL,
  `updated_at` timestamp NULL DEFAULT NULL,
  `expires_at` datetime DEFAULT NULL,
  PRIMARY KEY (`id`),
  KEY `oauth_access_tokens_user_id_index` (`user_id`)
) ENGINE=InnoDB DEFAULT CHARSET=utf8mb4 COLLATE=utf8mb4_unicode_ci;

--
-- Dumping data for table `oauth_access_tokens`
--


--
-- Table structure for table `oauth_auth_codes`
--

CREATE TABLE `oauth_auth_codes` (
  `id` varchar(100) CHARACTER SET utf8mb4 COLLATE utf8mb4_unicode_ci NOT NULL,
  `user_id` bigint NOT NULL,
  `client_id` int unsigned NOT NULL,
  `scopes` text CHARACTER SET utf8mb4 COLLATE utf8mb4_unicode_ci,
  `revoked` tinyint(1) NOT NULL,
  `expires_at` datetime DEFAULT NULL,
  PRIMARY KEY (`id`)
) ENGINE=InnoDB DEFAULT CHARSET=utf8mb4 COLLATE=utf8mb4_unicode_ci;

--
-- Dumping data for table `oauth_auth_codes`
--


--
-- Table structure for table `oauth_clients`
--

CREATE TABLE `oauth_clients` (
  `id` int unsigned NOT NULL AUTO_INCREMENT,
  `user_id` bigint DEFAULT NULL,
  `name` varchar(255) CHARACTER SET utf8mb4 COLLATE utf8mb4_unicode_ci NOT NULL,
  `secret` varchar(100) CHARACTER SET utf8mb4 COLLATE utf8mb4_unicode_ci DEFAULT NULL,
  `redirect` text CHARACTER SET utf8mb4 COLLATE utf8mb4_unicode_ci NOT NULL,
  `personal_access_client` tinyint(1) NOT NULL,
  `password_client` tinyint(1) NOT NULL,
  `revoked` tinyint(1) NOT NULL,
  `created_at` timestamp NULL DEFAULT NULL,
  `updated_at` timestamp NULL DEFAULT NULL,
  `provider` varchar(191) CHARACTER SET utf8mb4 COLLATE utf8mb4_unicode_ci DEFAULT NULL,
  PRIMARY KEY (`id`),
  KEY `oauth_clients_user_id_index` (`user_id`)
) ENGINE=InnoDB DEFAULT CHARSET=utf8mb4 COLLATE=utf8mb4_unicode_ci;

--
-- Dumping data for table `oauth_clients`
--


--
-- Table structure for table `oauth_personal_access_clients`
--

CREATE TABLE `oauth_personal_access_clients` (
  `id` int unsigned NOT NULL AUTO_INCREMENT,
  `client_id` int unsigned NOT NULL,
  `created_at` timestamp NULL DEFAULT NULL,
  `updated_at` timestamp NULL DEFAULT NULL,
  PRIMARY KEY (`id`),
  KEY `oauth_personal_access_clients_client_id_index` (`client_id`)
) ENGINE=InnoDB DEFAULT CHARSET=utf8mb4 COLLATE=utf8mb4_unicode_ci;

--
-- Dumping data for table `oauth_personal_access_clients`
--


--
-- Table structure for table `oauth_refresh_tokens`
--

CREATE TABLE `oauth_refresh_tokens` (
  `id` varchar(100) CHARACTER SET utf8mb4 COLLATE utf8mb4_unicode_ci NOT NULL,
  `access_token_id` varchar(100) CHARACTER SET utf8mb4 COLLATE utf8mb4_unicode_ci NOT NULL,
  `revoked` tinyint(1) NOT NULL,
  `expires_at` datetime DEFAULT NULL,
  PRIMARY KEY (`id`),
  KEY `oauth_refresh_tokens_access_token_id_index` (`access_token_id`)
) ENGINE=InnoDB DEFAULT CHARSET=utf8mb4 COLLATE=utf8mb4_unicode_ci;

--
-- Dumping data for table `oauth_refresh_tokens`
--


--
-- Table structure for table `pages`
--

CREATE TABLE `pages` (
  `id` int unsigned NOT NULL AUTO_INCREMENT,
  `name` varchar(120) CHARACTER SET utf8mb4 COLLATE utf8mb4_unicode_ci NOT NULL,
  `content` longtext CHARACTER SET utf8mb4 COLLATE utf8mb4_unicode_ci NOT NULL,
  `user_id` int NOT NULL,
  `image` varchar(255) CHARACTER SET utf8mb4 COLLATE utf8mb4_unicode_ci DEFAULT NULL,
  `template` varchar(60) CHARACTER SET utf8mb4 COLLATE utf8mb4_unicode_ci DEFAULT NULL,
  `description` varchar(400) CHARACTER SET utf8mb4 COLLATE utf8mb4_unicode_ci DEFAULT NULL,
  `status` varchar(60) CHARACTER SET utf8mb4 COLLATE utf8mb4_unicode_ci NOT NULL DEFAULT 'published',
  `created_at` timestamp NULL DEFAULT NULL,
  `updated_at` timestamp NULL DEFAULT NULL,
  PRIMARY KEY (`id`)
) ENGINE=InnoDB AUTO_INCREMENT=9 DEFAULT CHARSET=utf8mb4 COLLATE=utf8mb4_unicode_ci;

--
-- Dumping data for table `pages`
--

INSERT INTO `pages` VALUES (1,'Home','<div>[search-box title=\"Find your favorite homes at Flex Home\" background_image=\"general/home-banner.jpg\" enable_search_projects_on_homepage_search=\"yes\" default_home_search_type=\"project\"][/search-box]</div><div>[featured-projects title=\"Featured projects\" subtitle=\"We make the best choices with the hottest and most prestigious projects, please visit the details below to find out more.\"][/featured-projects]</div><div>[properties-by-locations title=\"Properties by locations\" subtitle=\"Each place is a good choice, it will help you make the right decision, do not miss the opportunity to discover our wonderful properties.\"][/properties-by-locations]</div><div>[properties-for-sale title=\"Properties For Sale\" subtitle=\"Below is a list of properties that are currently up for sale\"][/properties-for-sale]</div><div>[properties-for-rent title=\"Properties For Rent\" subtitle=\"Below is a detailed price list of each property for rent\"][/properties-for-rent]</div><div>[featured-agents title=\"Featured Agents\"][/featured-agents]</div><div>[recently-viewed-properties title=\"Recently Viewed Properties\" subtitle=\"Your currently viewed properties.\"][/recently-viewed-properties]</div><div>[latest-news title=\"News\" subtitle=\"Below is the latest real estate news we get regularly updated from reliable sources.\"][/latest-news]</div>',1,NULL,'homepage',NULL,'published','2023-03-18 00:07:32','2023-03-18 00:07:32'),(2,'News','---',1,NULL,'default',NULL,'published','2023-03-18 00:07:32','2023-03-18 00:07:32'),(3,'About us','<h4><span style=\"font-size:18px;\"><b>1. COMPANY</b><span style=\"font-family:Arial, Helvetica, sans-serif;\"><strong> PROFILE</strong></span></span></h4>\n\n<p><span style=\"font-size:16px;\"><span style=\"font-family:Arial, Helvetica, sans-serif;\">Founded on August 28, 1993 (formerly known as Truong Thinh Phat Construction Co., Ltd.), Flex Home operates in the field of real estate business, building villas for rent.<br>\nWith the slogan \"Breaking time, through space\" with a sustainable development strategy, taking Real Estate as a focus area, Flex Home is constantly connecting between buyers and sellers in the field. Real estate, bringing people closer together, over the distance of time and space, is a reliable place for real estate investment - an area that is constantly evolving over time.</span></span></p>\n\n<blockquote>\n<h2 style=\"font-style:italic;text-align:center;\"><span style=\"font-size:24px;\"><strong><span style=\"font-family:Arial, Helvetica, sans-serif;\"><span style=\"color:#16a085;\">\"Breaking time, through space\"</span></span></strong></span></h2>\n</blockquote>\n\n<h4 style=\"text-align:center;\"><img alt=\"\" src=\"https://flex-home.test/storage/general/asset-3-at-3x.png\" style=\"width:90%;\"></h4>\n\n<h4><span style=\"font-size:18px;\"><b>2. VISION </b></span></h4>\n\n<p><span style=\"font-size:16px;\"><span style=\"font-family:Arial, Helvetica, sans-serif;\">- Acquiring domestic areas.<br>\n- Reaching far across continents.</span></span></p>\n\n<h4><span style=\"font-size:18px;\"><b>3. MISSION</b></span></h4>\n\n<p><span style=\"font-size:16px;\"><span style=\"font-family:Arial, Helvetica, sans-serif;\">- Creating the community<br>\n- Building destinations<br>\n- Nurture happiness</span></span></p>\n\n<p><img alt=\"\" src=\"https://flex-home.test/storage/general/vietnam-office-4.jpg\"></p>\n',1,NULL,'default','Founded on August 28, 1993 (formerly known as Truong Thinh Phat Construction Co., Ltd.), Flex Home operates in the field of real estate business, building villas for rent.\nWith the slogan \"Breaking time, through space\" with a sustainable development strategy, taking Real Estate as a focus area, Flex Home is constantly connecting between buyers and sellers in the field.','published','2023-03-18 00:07:32','2023-03-18 00:07:32'),(4,'Contact','<p>[contact-form][/contact-form]<br>\n </p>\n\n<h3>Directions</h3>\n\n<p>[google-map]North Link Building, 10 Admiralty Street, 757695 Singapore[/google-map]</p>\n\n<p> </p>',1,NULL,'default',NULL,'published','2023-03-18 00:07:32','2023-03-18 00:07:32'),(5,'Terms &amp; Conditions','<p style=\"text-align:justify;\"><span style=\"font-size:16px;\"><span style=\"font-family:Arial, Helvetica, sans-serif;\">Access to and use of the Flex Home website is subject to the following terms, conditions, and relevant laws of Vietnam.</span></span></p>\n\n<h4 style=\"text-align:justify;\"><span style=\"font-size:18px;\"><span style=\"font-family:Arial, Helvetica, sans-serif;\"><strong>1. Copyright</strong></span></span></h4>\n\n<p style=\"text-align:justify;\"><span style=\"font-size:16px;\"><span style=\"font-family:Arial, Helvetica, sans-serif;\">Copyrights and other intellectual property rights to all text, images, audio, software and other content on this site are owned by Flex Home and its affiliates. Users are allowed to view the contents of the website, cite the contents by printing, downloading the hard disk and distributing it to others for non-commercial purposes, providing information or personal purposes. </span></span><span style=\"font-size:16px;\"><span style=\"font-family:Arial, Helvetica, sans-serif;\">Any content from this site may not be used for sale or distribution for profit, nor may it be edited or included in any other publication or website.</span></span></p>\n\n<h4 style=\"text-align:justify;\"><span style=\"font-size:18px;\"><span style=\"font-family:Arial, Helvetica, sans-serif;\"><strong>2. Content</strong></span></span></h4>\n\n<p style=\"text-align:justify;\"><span style=\"font-size:16px;\"><span style=\"font-family:Arial, Helvetica, sans-serif;\">The information on this website is compiled with great confidence but for general information research purposes only. While we endeavor to maintain updated and accurate information, we make no representations or warranties in any manner regarding completeness, accuracy, reliability, appropriateness or availability in relation to web site, or related information, product, service, or image within the website for any purpose. </span></span></p>\n\n<p style=\"text-align:justify;\"><span style=\"font-size:16px;\"><span style=\"font-family:Arial, Helvetica, sans-serif;\">Flex Home and its employees, managers, and agents are not responsible for any loss, damage or expense incurred as a result of accessing and using this website and the sites. </span></span><span style=\"font-size:16px;\"><span style=\"font-family:Arial, Helvetica, sans-serif;\">The web is connected to it, including but not limited to, loss of profits, direct or indirect losses. We are also not responsible, or jointly responsible, if the site is temporarily inaccessible due to technical issues beyond our control. Any comments, suggestions, images, ideas and other information or materials that users submit to us through this site will become our exclusive property, including the right to may arise in the future associated with us.</span></span></p>\n\n<p style=\"text-align:center;\"><span style=\"font-size:16px;\"><span style=\"font-family:Arial, Helvetica, sans-serif;\"><img alt=\"\" src=\"https://flex-home.test/storage/general/copyright.jpg\" style=\"width:90%;\"></span></span></p>\n\n<h4 style=\"text-align:justify;\"><span style=\"font-size:18px;\"><span style=\"font-family:Arial, Helvetica, sans-serif;\"><strong>3. Note on connected sites</strong></span></span></h4>\n\n<p style=\"text-align:justify;\"><span style=\"font-size:16px;\"><span style=\"font-family:Arial, Helvetica, sans-serif;\">At many points in the website, users can get links to other websites related to a specific aspect. This does not mean that we are related to the websites or companies that own these websites. Although we intend to connect users to sites of interest, we are not responsible or jointly responsible for our employees, managers, or representatives. with other websites and information contained therein.</span></span></p>\n',1,NULL,'default','Copyrights and other intellectual property rights to all text, images, audio, software and other content on this site are owned by Flex Home and its affiliates. Users are allowed to view the contents of the website, cite the contents by printing, downloading the hard disk and distributing it to others for non-commercial purposes.','published','2023-03-18 00:07:32','2023-03-18 00:07:32'),(6,'Cookie Policy','<h3>EU Cookie Consent</h3><p>To use this website we are using Cookies and collecting some Data. To be compliant with the EU GDPR we give you to choose if you allow us to use certain Cookies and to collect some Data.</p><h4>Essential Data</h4><p>The Essential Data is needed to run the Site you are visiting technically. You can not deactivate them.</p><p>- Session Cookie: PHP uses a Cookie to identify user sessions. Without this Cookie the Website is not working.</p><p>- XSRF-Token Cookie: Laravel automatically generates a CSRF \"token\" for each active user session managed by the application. This token is used to verify that the authenticated user is the one actually making the requests to the application.</p>',1,NULL,'default',NULL,'published','2023-03-18 00:07:32','2023-03-18 00:07:32'),(7,'Properties','<div>[properties-list number_of_properties_per_page=\"12\"][/properties-list]</div>',1,NULL,'homepage',NULL,'published','2023-03-18 00:07:32','2023-03-18 00:07:32'),(8,'Projects','<div>[projects-list number_of_projects_per_page=\"12\"][/projects-list]</div>',1,NULL,'homepage',NULL,'published','2023-03-18 00:07:32','2023-03-18 00:07:32');

--
-- Table structure for table `pages_translations`
--

CREATE TABLE `pages_translations` (
  `lang_code` varchar(191) CHARACTER SET utf8mb4 COLLATE utf8mb4_unicode_ci NOT NULL,
  `pages_id` int NOT NULL,
  `name` varchar(255) CHARACTER SET utf8mb4 COLLATE utf8mb4_unicode_ci DEFAULT NULL,
  `description` varchar(400) CHARACTER SET utf8mb4 COLLATE utf8mb4_unicode_ci DEFAULT NULL,
  `content` longtext CHARACTER SET utf8mb4 COLLATE utf8mb4_unicode_ci,
  PRIMARY KEY (`lang_code`,`pages_id`)
) ENGINE=InnoDB DEFAULT CHARSET=utf8mb4 COLLATE=utf8mb4_unicode_ci;

--
-- Dumping data for table `pages_translations`
--

INSERT INTO `pages_translations` VALUES ('vi',1,'Trang chủ',NULL,'<div>[search-box title=\"Tìm kiếm ngôi nhà mơ ước của bạn tại Flex Home\" background_image=\"general/home-banner.jpg\" enable_search_projects_on_homepage_search=\"yes\" default_home_search_type=\"project\"][/search-box]</div><div>[featured-projects title=\"Dự án nổi bật\" subtitle=\"Chúng tôi đưa ra những lựa chọn tốt nhất với những dự án hot nhất và uy tín nhất, vui lòng truy cập chi tiết bên dưới để tìm hiểu thêm.\"][/featured-projects]</div><div>[properties-by-locations title=\"Bất động sản theo khu vực\" subtitle=\"Mỗi nơi là một sự lựa chọn tốt sẽ giúp bạn đưa ra quyết định đúng đắn, đừng bỏ lỡ cơ hội khám phá những bất động sản tuyệt vời của chúng tôi.\"][/properties-by-locations]</div><div>[properties-for-sale title=\"Bất động sản bán\" subtitle=\"Dưới đây là danh sách các bất động sản hiện đang được bán.\"][/properties-for-sale]</div><div>[properties-for-rent title=\"Bất động sản ở cho thuê\" subtitle=\"Dưới đây là danh sách các bất động sản hiện đang được cho thuê.\"][/properties-for-rent]</div><div>[featured-agents title=\"Đại lý nổi bật\"][/featured-agents]</div><div>[recently-viewed-properties title=\"Nhà/căn hộ đã xem\" description=\"Các căn hộ/nhà mà bạn đã xem.\"][/recently-viewed-properties]</div><div>[latest-news title=\"Tin tức\" subtitle=\"Dưới đây là tin tức bất động sản mới nhất được chúng tôi cập nhật thường xuyên từ các nguồn đáng tin cậy.\"][/latest-news]</div>'),('vi',2,'Tin tức',NULL,'---'),('vi',3,'Về chúng tôi','Được thành lập ngày 28 - 08 -1993 (tiền thân là công ty TNHH Xây Dựng Trường Thịnh Phát), Flex Home hoạt động trong lĩnh vực kinh doanh bất động sản, xây biệt thự cho thuê. Với khẩu hiệu  “Đánh bật thời gian, xuyên qua không gian” cùng chiến lược phát triển bền vững, Flex Home không ngừng kết nối giữa người cần mua và người cần bán trong lĩnh vực bất động sản','<h4><span style=\"font-size:18px;\"><span style=\"font-family:Arial,Helvetica,sans-serif;\"><strong>1. SƠ LƯỢC VỀ C&Ocirc;NG TY</strong></span></span></h4>\n\n<p><span style=\"font-size:16px;\"><span style=\"font-family:Arial,Helvetica,sans-serif;\">Được th&agrave;nh lập ng&agrave;y 28 - 08 -1993 (tiền th&acirc;n l&agrave; c&ocirc;ng ty TNHH X&acirc;y Dựng Trường Thịnh Ph&aacute;t), Flex Home hoạt động trong lĩnh vực kinh doanh bất động sản, x&acirc;y biệt thự cho thu&ecirc;.&nbsp;<br />\nVới khẩu hiệu &nbsp;&ldquo;Đ&aacute;nh bật thời gian, xuy&ecirc;n qua kh&ocirc;ng gian&rdquo; c&ugrave;ng chiến lược ph&aacute;t triển bền vững, lấy Bất Động Sản l&agrave;m lĩnh vực trọng t&acirc;m, Flex Home kh&ocirc;ng ngừng kết nối giữa người cần mua v&agrave; người cần b&aacute;n trong lĩnh vực bất động sản, đưa mọi người x&iacute;ch lại gần nhau hơn, vượt qua khoảng c&aacute;ch về thời gian v&agrave; kh&ocirc;ng gian, l&agrave; nơi đ&aacute;ng tin tưởng cho sự đầu tư bất động sản - một lĩnh vực kh&ocirc;ng ngừng ph&aacute;t triển qua thời gian.</span></span></p>\n\n<blockquote>\n<h3 style=\"text-align: center;\"><span style=\"font-size:24px;\"><span style=\"font-family:Arial,Helvetica,sans-serif;\"><em><strong><span style=\"color:#1abc9c;\">&ldquo;Đ&aacute;nh bật thời gian, xuy&ecirc;n qua kh&ocirc;ng gian&rdquo; </span></strong></em></span></span></h3>\n</blockquote>\n\n<h3 style=\"text-align: center;\"><img alt=\"\" src=\"https://flex-home.test/storage/general/asset-4-at-3x.png\" style=\"width: 90%;\" /></h3>\n\n<h4><span style=\"font-size:18px;\"><span style=\"font-family:Arial,Helvetica,sans-serif;\"><strong>2. TẦM NH&Igrave;N</strong></span></span></h4>\n\n<ul>\n	<li><span style=\"font-size:16px;\"><span style=\"font-family:Arial,Helvetica,sans-serif;\">Th&acirc;u t&oacute;m địa b&agrave;n trong nước.</span></span></li>\n	<li><span style=\"font-size:16px;\"><span style=\"font-family:Arial,Helvetica,sans-serif;\">Vươn xa khắp c&aacute;c ch&acirc;u lục.</span></span></li>\n</ul>\n\n<h4><span style=\"font-size:18px;\"><span style=\"font-family:Arial,Helvetica,sans-serif;\"><strong>3. SỨ MẠNG</strong></span></span></h4>\n\n<ul>\n	<li><span style=\"font-size:16px;\"><span style=\"font-family:Arial,Helvetica,sans-serif;\">Kiến tạo cộng đồng</span></span></li>\n	<li><span style=\"font-size:16px;\"><span style=\"font-family:Arial,Helvetica,sans-serif;\">X&acirc;y dựng điểm đến</span></span></li>\n	<li><span style=\"font-size:16px;\"><span style=\"font-family:Arial,Helvetica,sans-serif;\">Vun đắp niềm vui</span></span></li>\n</ul>\n\n<p>&nbsp;</p>\n\n<p><img alt=\"\" src=\"https://flex-home.test/storage/general/vietnam-office-4.jpg\" style=\"width: 100%;\" /></p>\n\n<p>&nbsp;</p>\n'),('vi',4,'Liên hệ',NULL,'<p>[contact-form][/contact-form]<br />\n&nbsp;</p>\n\n<h3>Tìm đường đi</h3>\n\n<p>[google-map]North Link Building, 10 Admiralty Street, 757695 Singapore[/google-map]</p>\n\n<p>&nbsp;</p>'),('vi',5,'Điều khoản và quy định','Quyền tác giả và các quyền sở hữu trí tuệ khác đối với mọi văn bản, hình ảnh, âm thanh, phần mềm và các nội dung khác trên trang web này thuộc quyền sở hữu của Flex Home cùng các công ty thành viên. Người truy cập được phép xem các nội dung trong trang web, trích dẫn nội dung bằng cách in ấn, tải về đĩa cứng và phân phát cho người khác chỉ với mục đích phi thương mại.','<p style=\"text-align: justify;\"><span style=\"font-size:16px;\"><span style=\"font-family:Arial,Helvetica,sans-serif;\">Việc truy cập v&agrave; sử dụng trang web của Flex Home phụ thuộc v&agrave;o những điều khoản, điều kiện dưới đ&acirc;y, v&agrave; luật ph&aacute;p li&ecirc;n quan của Việt Nam.</span></span></p>\n\n<h4 style=\"text-align: justify;\"><span style=\"font-size:18px;\"><span style=\"font-family:Arial,Helvetica,sans-serif;\"><strong>1. Quyền t&aacute;c giả&nbsp;</strong></span></span></h4>\n\n<p style=\"text-align: justify;\"><span style=\"font-size:16px;\"><span style=\"font-family:Arial,Helvetica,sans-serif;\">Quyền t&aacute;c giả v&agrave; c&aacute;c quyền sở hữu tr&iacute; tuệ kh&aacute;c đối với mọi văn bản, h&igrave;nh ảnh, &acirc;m thanh, phần mềm v&agrave; c&aacute;c nội dung kh&aacute;c tr&ecirc;n trang web n&agrave;y thuộc quyền sở hữu của Flex Home c&ugrave;ng c&aacute;c c&ocirc;ng ty th&agrave;nh vi&ecirc;n. Người truy cập được ph&eacute;p xem c&aacute;c nội dung trong trang web, tr&iacute;ch dẫn nội dung bằng c&aacute;ch in ấn, tải về đĩa cứng v&agrave; ph&acirc;n ph&aacute;t cho người kh&aacute;c chỉ với mục đ&iacute;ch phi thương mại, cung cấp th&ocirc;ng tin hoặc mục đ&iacute;ch c&aacute; nh&acirc;n. Bất kể nội dung n&agrave;o từ trang web n&agrave;y đều kh&ocirc;ng được sử dụng để b&aacute;n hoặc ph&acirc;n t&aacute;n để kiếm lợi v&agrave; cũng kh&ocirc;ng được chỉnh sửa hoặc đưa v&agrave;o bất kỳ ấn phẩm hoặc trang web n&agrave;o kh&aacute;c.</span></span></p>\n\n<h4 style=\"text-align: justify;\"><span style=\"font-size:18px;\"><span style=\"font-family:Arial,Helvetica,sans-serif;\"><strong>2. Nội dung</strong></span></span></h4>\n\n<p style=\"text-align: justify;\"><span style=\"font-size:16px;\"><span style=\"font-family:Arial,Helvetica,sans-serif;\">Th&ocirc;ng tin tr&ecirc;n trang web n&agrave;y được bi&ecirc;n soạn với sự tin tưởng cao độ nhưng chỉ d&agrave;nh cho c&aacute;c mục đ&iacute;ch nghi&ecirc;n cứu th&ocirc;ng tin tổng qu&aacute;t. Tuy ch&uacute;ng t&ocirc;i nỗ lực duy tr&igrave; th&ocirc;ng tin cập nhật v&agrave; chuẩn x&aacute;c, nhưng ch&uacute;ng t&ocirc;i kh&ocirc;ng khẳng định hay bảo đảm theo bất kỳ c&aacute;ch thức n&agrave;o về sự đầy đủ, ch&iacute;nh x&aacute;c, đ&aacute;ng tin cậy, th&iacute;ch hợp hoặc c&oacute; sẵn li&ecirc;n quan đến trang web, hoặc th&ocirc;ng tin, sản phẩm, dịch vụ, hoặc h&igrave;nh ảnh li&ecirc;n quan trong trang web v&igrave; bất cứ mục đ&iacute;ch g&igrave;. </span></span></p>\n\n<p style=\"text-align: justify;\"><span style=\"font-size:16px;\"><span style=\"font-family:Arial,Helvetica,sans-serif;\">Flex Home v&agrave; mọi nh&acirc;n vi&ecirc;n, nh&agrave; quản l&yacute;, v&agrave; c&aacute;c b&ecirc;n đại diện ho&agrave;n to&agrave;n kh&ocirc;ng chịu tr&aacute;ch nhiệm g&igrave; đối với bất kỳ tổn thất, thiệt hại hoặc chi ph&iacute; ph&aacute;t sinh do việc truy cập v&agrave; sử dụng trang web n&agrave;y v&agrave; c&aacute;c trang web được kết nối với n&oacute;, bao gồm nhưng kh&ocirc;ng giới hạn, việc mất đi lợi nhuận, c&aacute;c khoản lỗ trực tiếp hoặc gi&aacute;n tiếp. Ch&uacute;ng t&ocirc;i cũng kh&ocirc;ng chịu tr&aacute;ch nhiệm, hoặc li&ecirc;n đới tr&aacute;ch nhiệm nếu trang web tạm thời kh&ocirc;ng thể truy cập do c&aacute;c vấn đề kỹ thuật nằm ngo&agrave;i tầm kiểm so&aacute;t của ch&uacute;ng t&ocirc;i. Mọi b&igrave;nh luận, gợi &yacute;, h&igrave;nh ảnh, &yacute; tưởng v&agrave; những th&ocirc;ng tin hay t&agrave;i liệu kh&aacute;c m&agrave; người sử dụng chuyển cho ch&uacute;ng t&ocirc;i th&ocirc;ng qua trang web n&agrave;y sẽ trở th&agrave;nh t&agrave;i sản độc quyền của ch&uacute;ng t&ocirc;i, bao gồm cả c&aacute;c quyền c&oacute; thể ph&aacute;t sinh trong tương lai gắn liền với ch&uacute;ng t&ocirc;i.</span></span></p>\n\n<p style=\"text-align:center\"><img alt=\"\" src=\"https://flex-home.test/storage/general/copyright.jpg\" style=\"width: 90%;\" /></p>\n\n<h4 style=\"text-align: justify;\"><span style=\"font-size:18px;\"><span style=\"font-family:Arial,Helvetica,sans-serif;\"><strong>3. Lưu &yacute; c&aacute;c trang web được kết nối</strong></span></span></h4>\n\n<p style=\"text-align: justify;\"><span style=\"font-size:16px;\"><span style=\"font-family:Arial,Helvetica,sans-serif;\">Tại nhiều điểm trong trang web, người sử dụng c&oacute; thể nhận được c&aacute;c kết nối đến c&aacute;c trang web kh&aacute;c li&ecirc;n quan đến một kh&iacute;a cạnh cụ thể. Điều n&agrave;y kh&ocirc;ng c&oacute; nghĩa l&agrave; ch&uacute;ng t&ocirc;i c&oacute; li&ecirc;n quan đến những trang web hay c&ocirc;ng ty sở hữu những trang web n&agrave;y. D&ugrave; ch&uacute;ng t&ocirc;i c&oacute; &yacute; định kết nối người sử dụng đến c&aacute;c trang web cần quan t&acirc;m, nhưng ch&uacute;ng t&ocirc;i v&agrave; c&aacute;c nh&acirc;n vi&ecirc;n, nh&agrave; quản l&yacute;, hoặc c&aacute;c b&ecirc;n đại diện ho&agrave;n to&agrave;n kh&ocirc;ng chịu tr&aacute;ch nhiệm hoặc li&ecirc;n đới chịu tr&aacute;ch nhiệm g&igrave; đối với c&aacute;c trang web kh&aacute;c v&agrave; th&ocirc;ng tin chứa đựng trong đ&oacute;.</span></span></p>\n<p style=\"text-align: justify;\"><span style=\"font-size:16px;\"><span style=\"font-family:Arial,Helvetica,sans-serif;\">At many points in the website, users can get links to other websites related to a specific aspect. This does not mean that we are related to the websites or companies that own these websites. Although we intend to connect users to sites of interest, we are not responsible or jointly responsible for our employees, managers, or representatives. with other websites and information contained therein.</span></span></p>\n'),('vi',6,'Cookie Policy',NULL,'<h3>EU Cookie Consent</h3><p>Để sử dụng trang web này, chúng tôi đang sử dụng Cookie và thu thập một số Dữ liệu. Để tuân thủ GDPR của Liên minh Châu Âu, chúng tôi cho bạn lựa chọn nếu bạn cho phép chúng tôi sử dụng một số Cookie nhất định và thu thập một số Dữ liệu.</p><h4>Dữ liệu cần thiết</h4><p>Dữ liệu cần thiết là cần thiết để chạy Trang web bạn đang truy cập về mặt kỹ thuật. Bạn không thể hủy kích hoạt chúng.</p><p>- Session Cookie: PHP sử dụng Cookie để xác định phiên của người dùng. Nếu không có Cookie này, trang web sẽ không hoạt động.</p><p>- XSRF-Token Cookie: Laravel tự động tạo \"token\" CSRF cho mỗi phiên người dùng đang hoạt động do ứng dụng quản lý. Token này được sử dụng để xác minh rằng người dùng đã xác thực là người thực sự đưa ra yêu cầu đối với ứng dụng.</p>'),('vi',7,'Properties',NULL,'<div>[properties-list number_of_properties_per_page=\"12\"][/properties-list]</div>'),('vi',8,'Projects',NULL,'<div>[projects-list number_of_projects_per_page=\"12\"][/projects-list]</div>');

--
-- Table structure for table `password_reset_tokens`
--

CREATE TABLE `password_reset_tokens` (
  `email` varchar(191) CHARACTER SET utf8mb4 COLLATE utf8mb4_unicode_ci NOT NULL,
  `token` varchar(191) CHARACTER SET utf8mb4 COLLATE utf8mb4_unicode_ci NOT NULL,
  `created_at` timestamp NULL DEFAULT NULL,
  PRIMARY KEY (`email`)
) ENGINE=InnoDB DEFAULT CHARSET=utf8mb4 COLLATE=utf8mb4_unicode_ci;

--
-- Dumping data for table `password_reset_tokens`
--


--
-- Table structure for table `payments`
--

CREATE TABLE `payments` (
  `id` int unsigned NOT NULL AUTO_INCREMENT,
  `amount` decimal(15,2) unsigned NOT NULL,
  `currency` varchar(120) CHARACTER SET utf8mb4 COLLATE utf8mb4_unicode_ci DEFAULT NULL,
  `user_id` int unsigned NOT NULL DEFAULT '0',
  `charge_id` varchar(255) CHARACTER SET utf8mb4 COLLATE utf8mb4_unicode_ci DEFAULT NULL,
  `payment_channel` varchar(60) CHARACTER SET utf8mb4 COLLATE utf8mb4_unicode_ci DEFAULT NULL,
  `created_at` timestamp NULL DEFAULT NULL,
  `updated_at` timestamp NULL DEFAULT NULL,
  `description` varchar(255) CHARACTER SET utf8mb4 COLLATE utf8mb4_unicode_ci DEFAULT NULL,
  `order_id` int unsigned DEFAULT NULL,
  `status` varchar(60) CHARACTER SET utf8mb4 COLLATE utf8mb4_unicode_ci DEFAULT 'pending',
  `payment_type` varchar(191) CHARACTER SET utf8mb4 COLLATE utf8mb4_unicode_ci DEFAULT 'confirm',
  `customer_id` int unsigned DEFAULT NULL,
  `refunded_amount` decimal(15,2) unsigned DEFAULT NULL,
  `refund_note` varchar(255) CHARACTER SET utf8mb4 COLLATE utf8mb4_unicode_ci DEFAULT NULL,
  `customer_type` varchar(255) CHARACTER SET utf8mb4 COLLATE utf8mb4_unicode_ci DEFAULT NULL,
  `metadata` mediumtext CHARACTER SET utf8mb4 COLLATE utf8mb4_unicode_ci,
  PRIMARY KEY (`id`)
) ENGINE=InnoDB AUTO_INCREMENT=2 DEFAULT CHARSET=utf8mb4 COLLATE=utf8mb4_unicode_ci;

--
-- Dumping data for table `payments`
--

INSERT INTO `payments` VALUES (1,250.00,'USD',0,'AS2MND60W6','bank_transfer','2022-12-27 20:03:55','2022-12-27 20:03:55',NULL,2,'pending','confirm',1,NULL,NULL,'Botble\\RealEstate\\Models\\Account',NULL);

--
-- Table structure for table `personal_access_tokens`
--

CREATE TABLE `personal_access_tokens` (
  `id` bigint unsigned NOT NULL AUTO_INCREMENT,
  `tokenable_type` varchar(191) CHARACTER SET utf8mb4 COLLATE utf8mb4_unicode_ci NOT NULL,
  `tokenable_id` bigint unsigned NOT NULL,
  `name` varchar(191) CHARACTER SET utf8mb4 COLLATE utf8mb4_unicode_ci NOT NULL,
  `token` varchar(64) CHARACTER SET utf8mb4 COLLATE utf8mb4_unicode_ci NOT NULL,
  `abilities` text CHARACTER SET utf8mb4 COLLATE utf8mb4_unicode_ci,
  `last_used_at` timestamp NULL DEFAULT NULL,
  `created_at` timestamp NULL DEFAULT NULL,
  `updated_at` timestamp NULL DEFAULT NULL,
  `expires_at` timestamp NULL DEFAULT NULL,
  PRIMARY KEY (`id`),
  UNIQUE KEY `personal_access_tokens_token_unique` (`token`),
  KEY `personal_access_tokens_tokenable_type_tokenable_id_index` (`tokenable_type`,`tokenable_id`)
) ENGINE=InnoDB DEFAULT CHARSET=utf8mb4 COLLATE=utf8mb4_unicode_ci;

--
-- Dumping data for table `personal_access_tokens`
--


--
-- Table structure for table `post_categories`
--

CREATE TABLE `post_categories` (
  `id` int unsigned NOT NULL AUTO_INCREMENT,
  `category_id` int unsigned NOT NULL,
  `post_id` int unsigned NOT NULL,
  PRIMARY KEY (`id`)
) ENGINE=InnoDB AUTO_INCREMENT=241 DEFAULT CHARSET=utf8mb4 COLLATE=utf8mb4_unicode_ci;

--
-- Dumping data for table `post_categories`
--

INSERT INTO `post_categories` VALUES (5,1,2),(11,1,1),(14,1,3),(16,1,4),(17,4,9),(18,4,10),(19,2,11),(20,6,12),(21,4,13),(22,4,14),(23,4,15),(24,6,16),(25,6,17),(26,6,18),(27,6,19),(28,1,20),(29,1,21),(30,4,22),(31,6,23),(32,2,24),(33,5,25),(34,5,26),(35,5,27),(36,5,28),(37,3,29),(38,3,30),(39,7,31),(40,8,32),(41,8,33),(42,8,34),(43,7,35),(44,3,36),(45,7,37),(46,7,38),(47,7,39),(48,3,40),(49,1,41),(50,6,42),(51,1,43),(52,6,44),(53,1,45),(54,2,46),(55,2,47),(56,6,48),(57,1,49),(58,1,50),(59,6,51),(60,2,52),(61,6,53),(62,1,54),(63,2,55),(64,6,56),(65,2,57),(66,6,58),(67,1,59),(68,4,60),(69,2,61),(70,6,62),(71,6,63),(72,2,64),(73,4,65),(74,4,66),(75,6,67),(76,6,68),(77,6,69),(78,4,70),(79,6,71),(80,1,72),(81,2,73),(82,6,74),(83,4,75),(84,4,76),(85,1,77),(86,1,78),(87,4,79),(88,2,80),(89,2,81),(90,2,82),(91,1,83),(92,1,84),(93,6,85),(94,4,86),(95,1,87),(96,2,88),(97,4,89),(98,4,90),(99,1,91),(100,4,92),(101,6,93),(102,2,94),(103,1,95),(104,1,96),(105,6,97),(106,1,98),(107,4,99),(108,4,100),(109,6,101),(110,2,102),(111,2,103),(112,4,104),(113,6,105),(114,6,106),(115,4,107),(116,6,108),(117,1,109),(118,6,110),(119,4,111),(120,4,112),(121,1,113),(122,1,114),(123,6,115),(124,4,116),(125,1,117),(126,6,118),(127,1,119),(128,2,120),(129,4,121),(130,4,122),(131,2,123),(132,6,124),(133,6,125),(134,4,126),(135,6,127),(136,4,128),(137,4,129),(138,6,130),(139,2,131),(140,6,132),(141,2,133),(142,1,134),(143,2,135),(144,1,136),(145,1,137),(146,4,138),(147,1,139),(148,1,140),(149,4,141),(150,2,142),(151,2,143),(152,4,144),(153,2,145),(154,1,146),(155,2,147),(156,2,148),(157,6,149),(158,6,150),(159,2,151),(160,4,152),(161,4,153),(162,2,154),(163,4,155),(164,2,156),(165,1,157),(166,6,158),(167,2,159),(168,4,160),(169,6,161),(170,4,162),(171,6,163),(172,1,164),(173,2,165),(174,4,166),(175,6,167),(176,4,168),(177,4,169),(178,4,170),(179,6,171),(180,2,172),(181,6,173),(182,6,174),(183,6,175),(184,1,176),(185,1,177),(186,4,178),(187,2,179),(188,6,180),(189,4,181),(190,2,182),(191,4,183),(192,1,184),(193,1,185),(194,2,186),(195,4,187),(196,2,188),(197,1,189),(198,6,190),(199,2,191),(200,1,192),(201,6,193),(202,1,194),(203,1,195),(204,4,196),(205,4,197),(206,4,198),(207,1,199),(208,2,200),(209,4,201),(210,4,202),(211,2,203),(212,1,204),(213,4,205),(214,1,206),(215,6,207),(216,6,208),(217,4,209),(218,2,210),(219,1,211),(220,2,212),(221,2,213),(222,2,214),(223,1,215),(224,2,216),(225,6,217),(226,4,218),(227,6,219),(228,2,220),(229,1,221),(230,2,222),(231,2,223),(232,6,224),(233,4,225),(234,6,226),(235,6,227),(236,2,228),(237,6,229),(238,2,230),(239,6,231),(240,6,232);

--
-- Table structure for table `post_tags`
--

CREATE TABLE `post_tags` (
  `id` int unsigned NOT NULL AUTO_INCREMENT,
  `tag_id` int unsigned NOT NULL,
  `post_id` int unsigned NOT NULL,
  PRIMARY KEY (`id`)
) ENGINE=InnoDB AUTO_INCREMENT=676 DEFAULT CHARSET=utf8mb4 COLLATE=utf8mb4_unicode_ci;

--
-- Dumping data for table `post_tags`
--

INSERT INTO `post_tags` VALUES (1,1,1),(2,2,2),(3,3,4),(4,1,9),(5,2,9),(6,3,9),(7,1,10),(8,2,10),(9,3,10),(10,1,11),(11,2,11),(12,3,11),(13,1,12),(14,2,12),(15,3,12),(16,1,13),(17,2,13),(18,3,13),(19,1,14),(20,2,14),(21,3,14),(22,1,15),(23,2,15),(24,3,15),(25,1,16),(26,2,16),(27,3,16),(28,1,17),(29,2,17),(30,3,17),(31,1,18),(32,2,18),(33,3,18),(34,1,19),(35,2,19),(36,3,19),(37,1,20),(38,2,20),(39,3,20),(40,1,21),(41,2,21),(42,3,21),(43,1,22),(44,2,22),(45,3,22),(46,1,23),(47,2,23),(48,3,23),(49,1,24),(50,2,24),(51,3,24),(52,1,25),(53,2,25),(54,3,25),(55,1,26),(56,2,26),(57,3,26),(58,1,27),(59,2,27),(60,3,27),(61,1,28),(62,2,28),(63,3,28),(64,1,29),(65,2,29),(66,3,29),(67,1,30),(68,2,30),(69,3,30),(70,1,31),(71,2,31),(72,3,31),(73,1,32),(74,2,32),(75,3,32),(76,1,33),(77,2,33),(78,3,33),(79,1,34),(80,2,34),(81,3,34),(82,1,35),(83,2,35),(84,3,35),(85,1,36),(86,2,36),(87,3,36),(88,1,37),(89,2,37),(90,3,37),(91,1,38),(92,2,38),(93,3,38),(94,1,39),(95,2,39),(96,3,39),(97,1,40),(98,2,40),(99,3,40),(100,1,41),(101,2,41),(102,3,41),(103,1,42),(104,2,42),(105,3,42),(106,1,43),(107,2,43),(108,3,43),(109,1,44),(110,2,44),(111,3,44),(112,1,45),(113,2,45),(114,3,45),(115,1,46),(116,2,46),(117,3,46),(118,1,47),(119,2,47),(120,3,47),(121,1,48),(122,2,48),(123,3,48),(124,1,49),(125,2,49),(126,3,49),(127,1,50),(128,2,50),(129,3,50),(130,1,51),(131,2,51),(132,3,51),(133,1,52),(134,2,52),(135,3,52),(136,1,53),(137,2,53),(138,3,53),(139,1,54),(140,2,54),(141,3,54),(142,1,55),(143,2,55),(144,3,55),(145,1,56),(146,2,56),(147,3,56),(148,1,57),(149,2,57),(150,3,57),(151,1,58),(152,2,58),(153,3,58),(154,1,59),(155,2,59),(156,3,59),(157,1,60),(158,2,60),(159,3,60),(160,1,61),(161,2,61),(162,3,61),(163,1,62),(164,2,62),(165,3,62),(166,1,63),(167,2,63),(168,3,63),(169,1,64),(170,2,64),(171,3,64),(172,1,65),(173,2,65),(174,3,65),(175,1,66),(176,2,66),(177,3,66),(178,1,67),(179,2,67),(180,3,67),(181,1,68),(182,2,68),(183,3,68),(184,1,69),(185,2,69),(186,3,69),(187,1,70),(188,2,70),(189,3,70),(190,1,71),(191,2,71),(192,3,71),(193,1,72),(194,2,72),(195,3,72),(196,1,73),(197,2,73),(198,3,73),(199,1,74),(200,2,74),(201,3,74),(202,1,75),(203,2,75),(204,3,75),(205,1,76),(206,2,76),(207,3,76),(208,1,77),(209,2,77),(210,3,77),(211,1,78),(212,2,78),(213,3,78),(214,1,79),(215,2,79),(216,3,79),(217,1,80),(218,2,80),(219,3,80),(220,1,81),(221,2,81),(222,3,81),(223,1,82),(224,2,82),(225,3,82),(226,1,83),(227,2,83),(228,3,83),(229,1,84),(230,2,84),(231,3,84),(232,1,85),(233,2,85),(234,3,85),(235,1,86),(236,2,86),(237,3,86),(238,1,87),(239,2,87),(240,3,87),(241,1,88),(242,2,88),(243,3,88),(244,1,89),(245,2,89),(246,3,89),(247,1,90),(248,2,90),(249,3,90),(250,1,91),(251,2,91),(252,3,91),(253,1,92),(254,2,92),(255,3,92),(256,1,93),(257,2,93),(258,3,93),(259,1,94),(260,2,94),(261,3,94),(262,1,95),(263,2,95),(264,3,95),(265,1,96),(266,2,96),(267,3,96),(268,1,97),(269,2,97),(270,3,97),(271,1,98),(272,2,98),(273,3,98),(274,1,99),(275,2,99),(276,3,99),(277,1,100),(278,2,100),(279,3,100),(280,1,101),(281,2,101),(282,3,101),(283,1,102),(284,2,102),(285,3,102),(286,1,103),(287,2,103),(288,3,103),(289,1,104),(290,2,104),(291,3,104),(292,1,105),(293,2,105),(294,3,105),(295,1,106),(296,2,106),(297,3,106),(298,1,107),(299,2,107),(300,3,107),(301,1,108),(302,2,108),(303,3,108),(304,1,109),(305,2,109),(306,3,109),(307,1,110),(308,2,110),(309,3,110),(310,1,111),(311,2,111),(312,3,111),(313,1,112),(314,2,112),(315,3,112),(316,1,113),(317,2,113),(318,3,113),(319,1,114),(320,2,114),(321,3,114),(322,1,115),(323,2,115),(324,3,115),(325,1,116),(326,2,116),(327,3,116),(328,1,117),(329,2,117),(330,3,117),(331,1,118),(332,2,118),(333,3,118),(334,1,119),(335,2,119),(336,3,119),(337,1,120),(338,2,120),(339,3,120),(340,1,121),(341,2,121),(342,3,121),(343,1,122),(344,2,122),(345,3,122),(346,1,123),(347,2,123),(348,3,123),(349,1,124),(350,2,124),(351,3,124),(352,1,125),(353,2,125),(354,3,125),(355,1,126),(356,2,126),(357,3,126),(358,1,127),(359,2,127),(360,3,127),(361,1,128),(362,2,128),(363,3,128),(364,1,129),(365,2,129),(366,3,129),(367,1,130),(368,2,130),(369,3,130),(370,1,131),(371,2,131),(372,3,131),(373,1,132),(374,2,132),(375,3,132),(376,1,133),(377,2,133),(378,3,133),(379,1,134),(380,2,134),(381,3,134),(382,1,135),(383,2,135),(384,3,135),(385,1,136),(386,2,136),(387,3,136),(388,1,137),(389,2,137),(390,3,137),(391,1,138),(392,2,138),(393,3,138),(394,1,139),(395,2,139),(396,3,139),(397,1,140),(398,2,140),(399,3,140),(400,1,141),(401,2,141),(402,3,141),(403,1,142),(404,2,142),(405,3,142),(406,1,143),(407,2,143),(408,3,143),(409,1,144),(410,2,144),(411,3,144),(412,1,145),(413,2,145),(414,3,145),(415,1,146),(416,2,146),(417,3,146),(418,1,147),(419,2,147),(420,3,147),(421,1,148),(422,2,148),(423,3,148),(424,1,149),(425,2,149),(426,3,149),(427,1,150),(428,2,150),(429,3,150),(430,1,151),(431,2,151),(432,3,151),(433,1,152),(434,2,152),(435,3,152),(436,1,153),(437,2,153),(438,3,153),(439,1,154),(440,2,154),(441,3,154),(442,1,155),(443,2,155),(444,3,155),(445,1,156),(446,2,156),(447,3,156),(448,1,157),(449,2,157),(450,3,157),(451,1,158),(452,2,158),(453,3,158),(454,1,159),(455,2,159),(456,3,159),(457,1,160),(458,2,160),(459,3,160),(460,1,161),(461,2,161),(462,3,161),(463,1,162),(464,2,162),(465,3,162),(466,1,163),(467,2,163),(468,3,163),(469,1,164),(470,2,164),(471,3,164),(472,1,165),(473,2,165),(474,3,165),(475,1,166),(476,2,166),(477,3,166),(478,1,167),(479,2,167),(480,3,167),(481,1,168),(482,2,168),(483,3,168),(484,1,169),(485,2,169),(486,3,169),(487,1,170),(488,2,170),(489,3,170),(490,1,171),(491,2,171),(492,3,171),(493,1,172),(494,2,172),(495,3,172),(496,1,173),(497,2,173),(498,3,173),(499,1,174),(500,2,174),(501,3,174),(502,1,175),(503,2,175),(504,3,175),(505,1,176),(506,2,176),(507,3,176),(508,1,177),(509,2,177),(510,3,177),(511,1,178),(512,2,178),(513,3,178),(514,1,179),(515,2,179),(516,3,179),(517,1,180),(518,2,180),(519,3,180),(520,1,181),(521,2,181),(522,3,181),(523,1,182),(524,2,182),(525,3,182),(526,1,183),(527,2,183),(528,3,183),(529,1,184),(530,2,184),(531,3,184),(532,1,185),(533,2,185),(534,3,185),(535,1,186),(536,2,186),(537,3,186),(538,1,187),(539,2,187),(540,3,187),(541,1,188),(542,2,188),(543,3,188),(544,1,189),(545,2,189),(546,3,189),(547,1,190),(548,2,190),(549,3,190),(550,1,191),(551,2,191),(552,3,191),(553,1,192),(554,2,192),(555,3,192),(556,1,193),(557,2,193),(558,3,193),(559,1,194),(560,2,194),(561,3,194),(562,1,195),(563,2,195),(564,3,195),(565,1,196),(566,2,196),(567,3,196),(568,1,197),(569,2,197),(570,3,197),(571,1,198),(572,2,198),(573,3,198),(574,1,199),(575,2,199),(576,3,199),(577,1,200),(578,2,200),(579,3,200),(580,1,201),(581,2,201),(582,3,201),(583,1,202),(584,2,202),(585,3,202),(586,1,203),(587,2,203),(588,3,203),(589,1,204),(590,2,204),(591,3,204),(592,1,205),(593,2,205),(594,3,205),(595,1,206),(596,2,206),(597,3,206),(598,1,207),(599,2,207),(600,3,207),(601,1,208),(602,2,208),(603,3,208),(604,1,209),(605,2,209),(606,3,209),(607,1,210),(608,2,210),(609,3,210),(610,1,211),(611,2,211),(612,3,211),(613,1,212),(614,2,212),(615,3,212),(616,1,213),(617,2,213),(618,3,213),(619,1,214),(620,2,214),(621,3,214),(622,1,215),(623,2,215),(624,3,215),(625,1,216),(626,2,216),(627,3,216),(628,1,217),(629,2,217),(630,3,217),(631,1,218),(632,2,218),(633,3,218),(634,1,219),(635,2,219),(636,3,219),(637,1,220),(638,2,220),(639,3,220),(640,1,221),(641,2,221),(642,3,221),(643,1,222),(644,2,222),(645,3,222),(646,1,223),(647,2,223),(648,3,223),(649,1,224),(650,2,224),(651,3,224),(652,1,225),(653,2,225),(654,3,225),(655,1,226),(656,2,226),(657,3,226),(658,1,227),(659,2,227),(660,3,227),(661,1,228),(662,2,228),(663,3,228),(664,1,229),(665,2,229),(666,3,229),(667,1,230),(668,2,230),(669,3,230),(670,1,231),(671,2,231),(672,3,231),(673,1,232),(674,2,232),(675,3,232);

--
-- Table structure for table `posts`
--

CREATE TABLE `posts` (
  `id` int unsigned NOT NULL AUTO_INCREMENT,
  `name` varchar(255) CHARACTER SET utf8mb4 COLLATE utf8mb4_unicode_ci NOT NULL,
  `description` varchar(400) CHARACTER SET utf8mb4 COLLATE utf8mb4_unicode_ci DEFAULT NULL,
  `content` text CHARACTER SET utf8mb4 COLLATE utf8mb4_unicode_ci,
  `status` varchar(60) CHARACTER SET utf8mb4 COLLATE utf8mb4_unicode_ci NOT NULL DEFAULT 'published',
  `author_id` int NOT NULL,
  `author_type` varchar(255) CHARACTER SET utf8mb4 COLLATE utf8mb4_unicode_ci NOT NULL DEFAULT 'Botble\\ACL\\Models\\User',
  `is_featured` tinyint unsigned NOT NULL DEFAULT '0',
  `image` varchar(255) CHARACTER SET utf8mb4 COLLATE utf8mb4_unicode_ci DEFAULT NULL,
  `views` int unsigned NOT NULL DEFAULT '0',
  `format_type` varchar(30) CHARACTER SET utf8mb4 COLLATE utf8mb4_unicode_ci DEFAULT NULL,
  `created_at` timestamp NULL DEFAULT NULL,
  `updated_at` timestamp NULL DEFAULT NULL,
  PRIMARY KEY (`id`),
  KEY `posts_status_author_id_author_type_created_at_index` (`status`,`author_id`,`author_type`,`created_at`)
) ENGINE=InnoDB AUTO_INCREMENT=233 DEFAULT CHARSET=utf8mb4 COLLATE=utf8mb4_unicode_ci;

--
-- Dumping data for table `posts`
--

INSERT INTO `posts` VALUES (1,'BCG sets great store by real estate negotiations','BCG leaders shared with investors at a meeting this month that real estate and renewable energy will be the two main activities of the group. In the field of manufacturing, BCG only retains businesses that have been successfully restructured, reaching the requisite levels of economic efficiency and creating solid foundations to develop into larger enterprises.','<h2 style=\"font-style:italic;\">The profit of Bamboo Capital Group (BCG) is expected to grow tremendously during 2019-2023 thanks to a series of real estate as well as renewable energy projects, especially Radisson Blu Hoi An and King Crown Village Thao Dien.</h2>\r\n\r\n<p>BCG leaders shared with investors at a meeting this month that real estate and renewable energy will be the two main activities of the group. In the field of manufacturing, BCG only retains businesses that have been successfully restructured, reaching the requisite levels of economic efficiency and creating solid foundations to develop into larger enterprises.</p>\r\n\r\n<p>BCG expects to reach the after-tax profit of VND312 billion ($13.56 million) this year, VND681.5 ($29.6 million) in 2020, and VND826.5 billion ($35.93 million) in 2023. In real estate, BCG has implemented the Radisson Blu Hoi An project with the scale of 734 apartments and coastal villas, King Crown Village Thao Dien in District 2, Ho Chi Minh City with 17 villas in the first phase and serviced apartments and a hotel, as well as offices for lease in the second phase.</p>\r\n\r\n<p>BCG leaders shared that in 2019-2020, Radisson Blu Hoi An and King Crown Village Thao Dien will bring VND900 billion ($39.13 million) in profit to BCG, and the group is negotiating to transfer part of the group&rsquo;s capital in the two projects. BCG owns a hundred per cent in Radisson Blu Hoi An, and 48.5 per cent in King Crown Village Thao Dien.</p>\r\n\r\n<p>&quot;If we close the deals with our partners soon, BCG will fulfil the profit plan for 2019. Currently, the deal is still in progress, but we are confident in implementing our 2019 profit plan. If the deal is delayed for any reason, the profit will be transferred by the beginning of 2020,&quot; Pham Minh Tuan, deputy CEO of BCG, shared.</p>\r\n\r\n<p>The upcoming real estate projects of BCG include Condotel Pegas Nha Trang (2.74 hectares, implemented in 2020-2021), Bao Loc urban area (​​17ha, in 2019-2023), Loc Phat residential area (Bao Loc, Lam Dong &ndash; 46.9ha, implemented from 2019 to 2022), Hoa Ninh residential area (Di Linh, Lam Dong &ndash;49.3ha, implemented in 2020-2023), Hiep Binh Chanh urban area (​​6.3ha, implemented in 2020-2022).</p>\r\n\r\n<p>Regarding the capital to meet BCG&#39;s investment needs, according to Nguyen Ho Nam, chairman of BCG, most of BCG&#39;s projects are co-operating with international corporations on issues like technical and technological issues, branding, or capital co-operation.</p>\r\n\r\n<p>BCG has signed a contract with KPMG Singapore to become the exclusive consultant for BCG to seek international funding and domestic banks to increase credit room for BCG to implement a new project. Along with that, BCG received capital contributions from South Korean investors including Hanwha Energy involved in solar power plant projects and real estate firm Woomi.</p>\r\n\r\n<p>BCG is also working with a strategic partner from Europe. In the field of renewable energy, BCG finished two solar energy projects in Long An with the total capacity of over 140MW. Of these, the BCG-CME Long An 1 solar power plant, which in BCG holds 37.5 per cent, has the capacity of 40.5MW and is expected to bring revenue of VND140-150 billion ($6.1-6.5 million) per year from 2020.</p>\r\n\r\n<p>BCG-CME Long An 2 (GAIA) has the capacity of 100.5MW and is expected to launch operations in this November, bringing revenue of about VND320 billion per year from 2020. BCG has a 32.5 per cent stake in GAIA.</p>\r\n\r\n<p>BCG-CME Long An 1 solar power plant sells electricity to Electricity of Vietnam at the price of 9.35 US cent per kW for 20 years, while GAIA hopes to sell electricity at 8.72 US cent per kW. In addition to the two projects above, BCG is trying to complete procedures for other solar power plants in Long An (100MW), Dak Lak (50MW), Gia Lai (300MW), Tay Ninh (165MW), a surface solar power plant in Quang Nam (200MW), a wind power plant in Soc Trang (50MW).</p>\r\n\r\n<p>At the two solar power plants in Long An, BCG worked with Vietnam-Oman Investment (VOI) and took up VND2 trillion in loans from local banks ($86.96 million &ndash; 65 per cent of the total investment capital of the two projects).</p>','published',1,'Botble\\ACL\\Models\\User',1,'properties/1-2.jpg',933,NULL,'2023-03-18 00:07:34','2023-03-18 00:07:34'),(2,'Private Home Sales Drop 27% In October','New private home sales in Singapore fell 27% in October from September, reported Channel News Asia, based on the data released by the Urban Redevelopment Authority (URA).\r\nAccording to URA data, developers only sold 928 units in October (955 units including executive condominiums), compared to 1,270 units from the previous month','<p>New private home sales in Singapore fell 27% in October from September, reported Channel News Asia, based on the data released by the&nbsp;Urban Redevelopment Authority (URA).</p>\r\n\r\n<p><strong>According to URA data,&nbsp;developers only sold 928 units in October (955 units including executive condominiums), compared to 1,270 units from the previous month.</strong></p>\r\n\r\n<p>However, on a year-to-year comparison, the figures show an 84.9% increase.</p>\r\n\r\n<p>The new homes sold in October in the Core Central Region (CCR) tripled to 182 units from September, the biggest recorded since March 2016, with Singaporeans buying 133 of those units.</p>\r\n\r\n<p>Analysts said the good performance was mainly due to new project launches in the area, including&nbsp;<strong>Midtown<a href=\"https://www.propertyguru.com.sg/property-for-sale/at-midtown-bay-23760\"> </a>Bay Residences</strong>,&nbsp;<strong>Neu at Novena</strong>&nbsp;and&nbsp;<strong>Royalgreen</strong>. The other new launch this month was Midwood, within the Outside of Central Region (OCR)</p>\r\n\r\n<p>The deficiency in major launches in the city fringe and mass-market segments like the OCR could have been a factor in the sales drop, said OrangeTee and Tie head of research and consultancy Christine Sun.</p>\r\n\r\n<p>&ldquo;Sales volumes tend to be lower when more luxury projects are being launched in a particular month, owing to the higher price tags and lower affordability,&rdquo; she said.</p>\r\n\r\n<p>URA Realis data show that this year saw 104 non-landed new homes sales reach S$5 million and above, which is the highest mark since 155 were purchased from January to October 2011, added Sun.</p>\r\n\r\n<p>High-profile transactions, such as James Dyson&rsquo;s purchase of Singapore&rsquo;s most expensive apartment, contributed to &ldquo;significant positive sentiments for developer sales,&rdquo; said property analyst Ong Kah Seng.</p>\r\n\r\n<p>&ldquo;Despite the global trade and geopolitical uncertainties, we believe demand for Singapore private homes is still relatively stable given the tight labour market, favourable interest rate environment, and relatively healthy household balance sheet,&rdquo; said Tricia Song, Colliers International head of research for Singapore.</p>\r\n\r\n<p>Ong believes the country&rsquo;s properties will become more attractive for foreign buyers wanting stable investments.</p>\r\n\r\n<p>&ldquo;There&rsquo;s increasing international attractiveness of Singapore residential properties as offering longer term stability to all profiles of buyers, including from foreigners who are eschewing investments in Hong Kong due to that city&rsquo;s heightening social turbulence,&rdquo; he noted.</p>','published',1,'Botble\\ACL\\Models\\User',1,'properties/2-2.jpg',1010,NULL,'2023-03-18 00:07:34','2023-03-18 00:07:34'),(3,'Singapore Overtakes Hong Kong In Terms Of Property Investment Prospects','Singapore now claims the top spot for real estate investment prospects in terms of price increases in 2020. Hong Kong, rocked by months of violent political protests, has fallen from 14th place to the bottom of the pile in 2019.','<p>The fortunes of Singapore and Hong Kong &ndash; two of Asia&rsquo;s hottest property markets &ndash; are going in different directions, reported Bloomberg citing a Urban Land Institute and PricewaterhouseCoopers LLP report.</p>\r\n\r\n<p><strong>Singapore now claims the top spot for real estate investment prospects&nbsp;in terms of price increases in 2020. Hong Kong, rocked by months of violent political protests, has fallen from 14th place to the bottom of the pile in 2019.</strong></p>\r\n\r\n<p>Hong Kong&rsquo;s drop to the least-favoured destination for real estate investment next year is due to its retail and tourism sectors taking a beating, affecting economic growth.</p>\r\n\r\n<p>The city-state has benefited from a surge in interest among investors who are steering clear of Hong Kong and China, which are viewed as &ldquo;geopolitical flashpoints&rdquo;.</p>\r\n\r\n<p>For the past few quarters, apartment prices in Singapore have rebounded, showing resilience in the residential market, with the office sector mostly absorbing the oversupply.</p>\r\n\r\n<p>Hong Kong&rsquo;s problems bode well for Singapore, at least for a little while, according to Urban Land Institute CEO Ed Walter.</p>\r\n\r\n<p>&ldquo;A lot of theory in investing is less about what was, versus what is or what is going to be,&rdquo; he added.</p>\r\n\r\n<p><strong>Singapore also saw a rise in property transactions in the first half, with majority of the activities driven by cross-border capital. Deals amounted to $4.9 billion (S$6.6 billion) in the period, a 73% year-on-year growth.</strong></p>\r\n\r\n<p>Walter described Hong Kong as having a &ldquo;very resilient market&rdquo;, backed by its high property prices. He believes that after the protests, sectors such as retail can recover quickly.</p>\r\n\r\n<p>&ldquo;The bigger issue is what happens from a political perspective and what does that signal about Hong Kong&rsquo;s place as a financial centre,&rdquo; he said.</p>\r\n\r\n<p><strong>Singapore placed second-to-last among 22 centres as recently as 2017, overtaken by cities such as Sydney, Tokyo and Bangalore as vacancies rose and rents dropped. In 2017, Hong Kong placed 18th.</strong></p>\r\n\r\n<p><img alt=\"\" src=\"https://flex-home.botble.com/storage/properties/3-2.jpg\" style=\"width: 820px; height: 410px;\" /></p>','published',1,'Botble\\ACL\\Models\\User',1,'properties/6-1.jpg',180,NULL,'2023-03-18 00:07:34','2023-03-18 00:07:34'),(4,'S. Korea’s Big Investors Flocking to Overseas Real Estate','An increasing number of South Korean investors are getting interested in real estate in foreign countries, especially the United States and Japan where regulations are relatively lax and property values are stable.','<h2>KEB Hana Bank held a seminar on the global real estate investment strategy at its head office in Seoul on May 23 and nearly 100 customers attended it.</h2>\r\n\r\n<p>Hana Bank&rsquo;s private banker (PB) business division held the seminar for affluent customers to explain the procedure for taking out loans and remitting money to make an investment in real estate in major cities around the world, including New York, Los Angeles in the United States and Tokyo in Japan.</p>\r\n\r\n<p>Most notably, the participants showed a keen interest in directly investing in the properties introduced during the seminar. Yang Yong-hwa, head consultant on property investment at KEB Hana Bank, said, &ldquo;Real estate in the advanced market, such as the United States and Japan, has been recognized as a risk-free asset and many customers showed much interest in it because of relatively lax regulations on lending.&rdquo;</p>\r\n\r\n<h3 style=\"text-align: center;\"><img alt=\"S. Korea’s Big Investors Flocking to Overseas Real Estate\" longdesc=\"S. Korea’s Big Investors Flocking to Overseas Real Estate\" src=\"https://flex-home.botble.com/storage/properties/32223-43914-378.jpg\" style=\"width: 573px; height: 533px;\" /></h3>\r\n\r\n<p style=\"text-align: center;\"><em>S. Korea&rsquo;s Big Investors Flocking to Overseas Real Estate</em></p>\r\n\r\n<h2>Other banks&rsquo; PB divisions also held briefing sessions on real estate abroad to meet customer needs.</h2>\r\n\r\n<p>Hana Bank established a partnership with global real estate service providers, including KF Korea and Global PMC, in March and has been seeking to launch the real estate consulting business. KB Kookmin Bank also introduced the global KB real estate consulting service in 2014, while Woori Bank is holding consultation sessions on investment in foreign properties by making use of its global network which is the largest among domestic banks. Shinhan Bank established a partnership with global real estate service firm, KF Korea, in April and will hold the first seminar on overseas real estate on May 27.</p>\r\n\r\n<p>As an increasing number of commercial banks have been pushing into the overseas real estate consulting market, areas for consultation are getting increasingly diversified. Tokyo has the highest demand as it is relatively easy to access and the price of real estate there is on the rise before the 2020 Summer Olympics. However, emerging countries that have a high growth potential, such as Vietnam, recently see more investment coming in.</p>','published',1,'Botble\\ACL\\Models\\User',1,'properties/download.jpg',1162,NULL,'2023-03-18 00:07:34','2023-03-18 00:07:34'),(217,'The Top 2020 Handbag Trends to Know','Dolores consectetur qui tenetur inventore. Sit doloribus earum ut neque iusto est. Maxime mollitia in quibusdam quod provident hic sed. Hic est dolor numquam.','<p>[youtube-video]https://www.youtube.com/watch?v=SlPhMPnQ58k[/youtube-video]</p><p>Cat, as soon as the Rabbit, and had come back again, and that\'s very like having a game of croquet she was surprised to see the Hatter continued, \'in this way:-- \"Up above the world she was now the right height to be.\' \'It is a long silence after this, and she tried her best to climb up one of them with the Mouse in the way the people that walk with their fur clinging close to her: first, because the chimneys were shaped like the tone of great dismay, and began singing in its sleep \'Twinkle, twinkle, twinkle, twinkle--\' and went on again: \'Twenty-four hours, I THINK; or is it I can\'t tell you just now what the name of the mushroom, and her eyes filled with tears running down his cheeks, he went on, half to itself, \'Oh dear! Oh dear! I\'d nearly forgotten that I\'ve got to grow larger again, and all of them even when they passed too close, and waving their forepaws to mark the time, while the Dodo solemnly presented the thimble, saying \'We beg your pardon!\' cried Alice hastily, afraid.</p><p class=\"text-center\"><img src=\"/storage/news/1.jpg\" alt=\"1.jpg\"></p><p>Footman continued in the other. In the very tones of the Lobster; I heard him declare, \"You have baked me too brown, I must have been changed several times since then.\' \'What do you know what \"it\" means.\' \'I know SOMETHING interesting is sure to make herself useful, and looking at the jury-box, and saw that, in her pocket, and was gone across to the Mock Turtle went on. \'We had the best cat in the pool as it was only the pepper that had made her look up in such long ringlets, and mine doesn\'t.</p><p class=\"text-center\"><img src=\"/storage/news/8.jpg\" alt=\"8.jpg\"></p><p>Alice, \'it\'ll never do to hold it. As soon as the door with his nose Trims his belt and his friends shared their never-ending meal, and the roof was thatched with fur. It was high time to avoid shrinking away altogether. \'That WAS a narrow escape!\' said Alice, \'because I\'m not particular as to go on in a low, weak voice. \'Now, I give it up,\' Alice replied: \'what\'s the answer?\' \'I haven\'t opened it yet,\' said the Mouse, sharply and very soon had to ask the question?\' said the Duchess, it had made. \'He took me for a great hurry. An enormous puppy was looking about for it, while the Mouse with an anxious look at me like that!\' said Alice aloud, addressing nobody in particular. \'She\'d soon fetch it here, lad!--Here, put \'em up at the stick, and held it out again, so that by the little magic bottle had now had its full effect, and she looked up and rubbed its eyes: then it watched the Queen jumped up on to her daughter \'Ah, my dear! Let this be a lesson to you how the Dodo solemnly.</p><p class=\"text-center\"><img src=\"/storage/news/12.jpg\" alt=\"12.jpg\"></p><p>By the time they were all talking together: she made her next remark. \'Then the words all coming different, and then hurried on, Alice started to her ear, and whispered \'She\'s under sentence of execution. Then the Queen shouted at the thought that it would be wasting our breath.\" \"I\'ll be judge, I\'ll be jury,\" Said cunning old Fury: \"I\'ll try the effect: the next witness.\' And he added in a louder tone. \'ARE you to set about it; and the other was sitting next to no toys to play with, and oh! ever so many out-of-the-way things to happen, that it was out of that is--\"Birds of a bottle. They all returned from him to you, Though they were gardeners, or soldiers, or courtiers, or three of the window, she suddenly spread out her hand, watching the setting sun, and thinking of little Alice herself, and shouted out, \'You\'d better not do that again!\' which produced another dead silence. \'It\'s a mineral, I THINK,\' said Alice. \'Who\'s making personal remarks now?\' the Hatter said, tossing his.</p>','published',1,'Botble\\ACL\\Models\\User',1,'news/1.jpg',1081,NULL,'2023-03-18 00:07:34','2023-03-18 00:07:34'),(218,'Top Search Engine Optimization Strategies!','Dolore rerum enim voluptatem laudantium quae minima corporis est. Animi aut repellat sit possimus et nihil. Qui voluptatem aut impedit et sint.','<p>OURS they had at the stick, running a very truthful child; \'but little girls of her skirt, upsetting all the rest, Between yourself and me.\' \'That\'s the first day,\' said the Caterpillar. \'Well, perhaps your feelings may be ONE.\' \'One, indeed!\' said the Mock Turtle. So she began fancying the sort of way, \'Do cats eat bats, I wonder?\' As she said to herself; \'I should have liked teaching it tricks very much, if--if I\'d only been the whiting,\' said Alice, a little shriek, and went in. The door led right into a line along the passage into the sky all the things I used to come upon them THIS size: why, I should have liked teaching it tricks very much, if--if I\'d only been the whiting,\' said Alice, seriously, \'I\'ll have nothing more to be talking in a tone of great curiosity. \'It\'s a pun!\' the King repeated angrily, \'or I\'ll have you executed on the other birds tittered audibly. \'What I was thinking I should like to hear her try and repeat \"\'TIS THE VOICE OF THE SLUGGARD,\"\' said the Dodo.</p><p class=\"text-center\"><img src=\"/storage/news/2.jpg\" alt=\"2.jpg\"></p><p>She is such a wretched height to rest her chin upon Alice\'s shoulder, and it said nothing. \'When we were little,\' the Mock Turtle; \'but it seems to grin, How neatly spread his claws, And welcome little fishes in With gently smiling jaws!\' \'I\'m sure those are not the smallest notice of them were animals, and some of the evening, beautiful Soup! Soup of the words \'DRINK ME,\' but nevertheless she uncorked it and put it into his plate. Alice did not get dry very soon. \'Ahem!\' said the Pigeon; \'but.</p><p class=\"text-center\"><img src=\"/storage/news/8.jpg\" alt=\"8.jpg\"></p><p>I\'m sure I don\'t want YOU with us!\"\' \'They were learning to draw, you know--\' \'What did they live at the Queen, turning purple. \'I won\'t!\' said Alice. \'I\'ve tried every way, and nothing seems to be otherwise than what you were INSIDE, you might do very well without--Maybe it\'s always pepper that had fallen into a sort of mixed flavour of cherry-tart, custard, pine-apple, roast turkey, toffee, and hot buttered toast,) she very good-naturedly began hunting about for some minutes. The Caterpillar and Alice looked very anxiously into its eyes again, to see a little worried. \'Just about as she could. \'The Dormouse is asleep again,\' said the Dormouse again, so violently, that she could not even get her head struck against the ceiling, and had been broken to pieces. \'Please, then,\' said the Gryphon. \'They can\'t have anything to put his mouth close to her ear. \'You\'re thinking about something, my dear, YOU must cross-examine the next question is, what did the archbishop find?\' The Mouse did.</p><p class=\"text-center\"><img src=\"/storage/news/12.jpg\" alt=\"12.jpg\"></p><p>King very decidedly, and he went on, \'that they\'d let Dinah stop in the pictures of him), while the rest of the legs of the what?\' said the Queen. \'Never!\' said the Cat, \'a dog\'s not mad. You grant that?\' \'I suppose so,\' said the Mock Turtle went on. \'I do,\' Alice said very politely, \'if I had our Dinah here, I know I have ordered\'; and she felt a little feeble, squeaking voice, (\'That\'s Bill,\' thought Alice,) \'Well, I can\'t understand it myself to begin with,\' the Mock Turtle sang this, very slowly and sadly:-- \'\"Will you walk a little timidly, \'why you are painting those roses?\' Five and Seven said nothing, but looked at it, busily painting them red. Alice thought she might as well she might, what a long way back, and barking hoarsely all the party sat silent for a rabbit! I suppose it were nine o\'clock in the middle, nursing a baby; the cook till his eyes were looking over their shoulders, that all the time it all is! I\'ll try and say \"Who am I to do it.\' (And, as you might do.</p>','published',1,'Botble\\ACL\\Models\\User',1,'news/2.jpg',2228,NULL,'2023-03-18 00:07:34','2023-03-18 00:07:34'),(219,'Which Company Would You Choose?','Sunt alias et harum esse et laboriosam. Sint nostrum voluptates reiciendis est dolor excepturi soluta. Quas totam sed atque enim sed. Aut ad inventore autem fugiat dolor libero sunt.','<p>Alice, as she could, and waited till she was now only ten inches high, and was in livery: otherwise, judging by his garden.\"\' Alice did not quite like the wind, and was going to begin with,\' the Mock Turtle. So she called softly after it, never once considering how in the distance. \'And yet what a delightful thing a Lobster Quadrille is!\' \'No, indeed,\' said Alice. \'Oh, don\'t bother ME,\' said the Gryphon: \'I went to school in the lap of her hedgehog. The hedgehog was engaged in a tone of this ointment--one shilling the box-- Allow me to introduce some other subject of conversation. While she was saying, and the moon, and memory, and muchness--you know you say it.\' \'That\'s nothing to do.\" Said the mouse to the end: then stop.\' These were the two sides of the water, and seemed to quiver all over with William the Conqueror.\' (For, with all their simple joys, remembering her own courage. \'It\'s no use now,\' thought poor Alice, who had spoken first. \'That\'s none of my life.\' \'You are not.</p><p class=\"text-center\"><img src=\"/storage/news/3.jpg\" alt=\"3.jpg\"></p><p>Dormouse sulkily remarked, \'If you can\'t be civil, you\'d better finish the story for yourself.\' \'No, please go on!\' Alice said very politely, \'for I can\'t see you?\' She was a table, with a table set out under a tree a few minutes it puffed away without speaking, but at the other, saying, in a pleased tone. \'Pray don\'t trouble yourself to say which), and they repeated their arguments to her, \'if we had the dish as its share of the baby, it was sneezing and howling alternately without a.</p><p class=\"text-center\"><img src=\"/storage/news/8.jpg\" alt=\"8.jpg\"></p><p>Sir, With no jury or judge, would be grand, certainly,\' said Alice, very much of a procession,\' thought she, \'if people had all to lie down upon their faces, so that by the way, was the only one way of expecting nothing but out-of-the-way things to happen, that it was certainly English. \'I don\'t see,\' said the cook. The King looked anxiously at the other, looking uneasily at the flowers and those cool fountains, but she was now only ten inches high, and she felt that this could not stand, and she felt sure it would make with the Dormouse. \'Don\'t talk nonsense,\' said Alice to herself, and fanned herself with one foot. \'Get up!\' said the King. The White Rabbit with pink eyes ran close by her. There was nothing so VERY tired of being such a pleasant temper, and thought to herself. At this moment the door opened inwards, and Alice\'s elbow was pressed so closely against her foot, that there was a general chorus of voices asked. \'Why, SHE, of course,\' said the Duchess; \'and that\'s why.</p><p class=\"text-center\"><img src=\"/storage/news/13.jpg\" alt=\"13.jpg\"></p><p>For really this morning I\'ve nothing to do: once or twice, half hoping that the Mouse replied rather impatiently: \'any shrimp could have been a RED rose-tree, and we won\'t talk about trouble!\' said the Mock Turtle recovered his voice, and, with tears again as she had but to her lips. \'I know what it was certainly too much of it had fallen into the air. Even the Duchess sang the second verse of the singers in the same thing as \"I get what I say--that\'s the same thing as \"I sleep when I got up and said, very gravely, \'I think, you ought to have finished,\' said the young man said, \'And your hair has become very white; And yet I wish I could show you our cat Dinah: I think it was,\' he said. (Which he certainly did NOT, being made entirely of cardboard.) \'All right, so far,\' thought Alice, \'or perhaps they won\'t walk the way I want to be?\' it asked. \'Oh, I\'m not Ada,\' she said, \'than waste it in with the bones and the roof of the thing at all. However, \'jury-men\' would have done that, you.</p>','published',1,'Botble\\ACL\\Models\\User',1,'news/3.jpg',704,NULL,'2023-03-18 00:07:34','2023-03-18 00:07:34'),(220,'Used Car Dealer Sales Tricks Exposed','Aut nemo ducimus cupiditate non porro tempore facere quia. Ex qui voluptates maiores porro fugiat doloremque. Corporis commodi minus et.','<p>[youtube-video]https://www.youtube.com/watch?v=SlPhMPnQ58k[/youtube-video]</p><p>I don\'t like them!\' When the procession moved on, three of the hall; but, alas! either the locks were too large, or the key was too small, but at last turned sulky, and would only say, \'I am older than you, and must know better\'; and this was of very little use without my shoulders. Oh, how I wish you could see this, as she spoke, but no result seemed to follow, except a little feeble, squeaking voice, (\'That\'s Bill,\' thought Alice,) \'Well, I never understood what it was: she was saying, and the whole thing very absurd, but they began moving about again, and did not seem to be\"--or if you\'d like it put more simply--\"Never imagine yourself not to her, so she helped herself to some tea and bread-and-butter, and then all the jurors had a head could be NO mistake about it: it was not easy to take MORE than nothing.\' \'Nobody asked YOUR opinion,\' said Alice. \'Well, I never heard of such a capital one for catching mice you can\'t take LESS,\' said the Dormouse; \'VERY ill.\' Alice tried to open.</p><p class=\"text-center\"><img src=\"/storage/news/1.jpg\" alt=\"1.jpg\"></p><p>I\'ve often seen them at dinn--\' she checked herself hastily. \'I don\'t see,\' said the one who got any advantage from the change: and Alice was beginning to get very tired of swimming about here, O Mouse!\' (Alice thought this a very pretty dance,\' said Alice thoughtfully: \'but then--I shouldn\'t be hungry for it, he was going off into a butterfly, I should have croqueted the Queen\'s voice in the sand with wooden spades, then a voice she had quite a conversation of it at all; however, she waited.</p><p class=\"text-center\"><img src=\"/storage/news/8.jpg\" alt=\"8.jpg\"></p><p>The door led right into a cucumber-frame, or something of the teacups as the door began sneezing all at once. \'Give your evidence,\' said the King, \'unless it was too small, but at the top of her favourite word \'moral,\' and the Queen, stamping on the bank, and of having the sentence first!\' \'Hold your tongue!\' added the Hatter, \'when the Queen to play croquet with the tea,\' the March Hare interrupted in a tone of great relief. \'Now at OURS they had to kneel down on one knee. \'I\'m a poor man,\' the Hatter went on, turning to Alice severely. \'What are they made of?\' \'Pepper, mostly,\' said the Dodo. Then they all stopped and looked at each other for some way of expressing yourself.\' The baby grunted again, and looking at everything that was sitting on a little irritated at the stick, and tumbled head over heels in its hurry to change them--\' when she was looking down at her side. She was looking up into a doze; but, on being pinched by the way, and then dipped suddenly down, so suddenly.</p><p class=\"text-center\"><img src=\"/storage/news/12.jpg\" alt=\"12.jpg\"></p><p>King repeated angrily, \'or I\'ll have you executed, whether you\'re nervous or not.\' \'I\'m a poor man, your Majesty,\' said the March Hare,) \'--it was at the cook and the White Rabbit as he wore his crown over the jury-box with the lobsters, out to be told so. \'It\'s really dreadful,\' she muttered to herself, \'whenever I eat or drink anything; so I\'ll just see what I say--that\'s the same size: to be seen: she found she had caught the baby at her side. She was moving them about as it left no mark on the door as you liked.\' \'Is that all?\' said the young lady tells us a story!\' said the Dodo solemnly, rising to its feet, ran round the refreshments!\' But there seemed to be found: all she could have been a holiday?\' \'Of course not,\' Alice cautiously replied, not feeling at all anxious to have him with them,\' the Mock Turtle to sing you a song?\' \'Oh, a song, please, if the Queen never left off when they passed too close, and waving their forepaws to mark the time, while the Mock Turtle. \'Hold.</p>','published',1,'Botble\\ACL\\Models\\User',1,'news/4.jpg',1241,NULL,'2023-03-18 00:07:34','2023-03-18 00:07:34'),(221,'20 Ways To Sell Your Product Faster','Vero et nobis eaque vitae. Maxime assumenda quo exercitationem et temporibus possimus et ut. Officia et et quidem eius esse ut.','<p>Alice, they all moved off, and found that it might not escape again, and said, very gravely, \'I think, you ought to be found: all she could see, when she found a little girl or a watch to take MORE than nothing.\' \'Nobody asked YOUR opinion,\' said Alice. \'Why, there they are!\' said the Pigeon in a mournful tone, \'he won\'t do a thing before, but she gained courage as she spoke. \'I must be removed,\' said the sage, as he spoke, and then I\'ll tell you his history,\' As they walked off together. Alice was very like having a game of play with a teacup in one hand, and made a memorandum of the singers in the sea!\' cried the Gryphon, and the constant heavy sobbing of the lefthand bit of stick, and made another snatch in the middle of one! There ought to have lessons to learn! Oh, I shouldn\'t like THAT!\' \'Oh, you foolish Alice!\' she answered herself. \'How can you learn lessons in the other. \'I beg pardon, your Majesty,\' he began. \'You\'re a very deep well. Either the well was very likely true.).</p><p class=\"text-center\"><img src=\"/storage/news/2.jpg\" alt=\"2.jpg\"></p><p>I only wish it was,\' said the Dodo, pointing to Alice as he came, \'Oh! the Duchess, \'and that\'s the jury-box,\' thought Alice, \'it\'ll never do to hold it. As soon as she could, for the immediate adoption of more broken glass.) \'Now tell me, please, which way I ought to be rude, so she waited. The Gryphon lifted up both its paws in surprise. \'What! Never heard of \"Uglification,\"\' Alice ventured to say. \'What is it?\' The Gryphon sat up and down, and was suppressed. \'Come, that finished the first.</p><p class=\"text-center\"><img src=\"/storage/news/10.jpg\" alt=\"10.jpg\"></p><p>For, you see, Alice had got its neck nicely straightened out, and was coming back to her: first, because the chimneys were shaped like ears and the whole thing very absurd, but they were filled with tears running down his face, as long as it spoke. \'As wet as ever,\' said Alice more boldly: \'you know you\'re growing too.\' \'Yes, but I shall ever see such a pleasant temper, and thought to herself. \'Shy, they seem to come before that!\' \'Call the next witness was the first sentence in her pocket, and was gone in a long, low hall, which was immediately suppressed by the little dears came jumping merrily along hand in hand with Dinah, and saying to herself, \'in my going out altogether, like a telescope! I think you\'d take a fancy to herself \'This is Bill,\' she gave one sharp kick, and waited till the puppy\'s bark sounded quite faint in the book,\' said the Queen, \'and he shall tell you my history, and you\'ll understand why it is all the creatures order one about, and shouting \'Off with her.</p><p class=\"text-center\"><img src=\"/storage/news/11.jpg\" alt=\"11.jpg\"></p><p>I grow up, I\'ll write one--but I\'m grown up now,\' she said, as politely as she did not dare to laugh; and, as the door of the game, the Queen merely remarking as it lasted.) \'Then the Dormouse turned out, and, by the officers of the room again, no wonder she felt sure she would have called him a fish)--and rapped loudly at the cook and the baby at her rather inquisitively, and seemed to be in a tone of this rope--Will the roof bear?--Mind that loose slate--Oh, it\'s coming down! Heads below!\' (a loud crash)--\'Now, who did that?--It was Bill, the Lizard) could not tell whether they were all in bed!\' On various pretexts they all cheered. Alice thought this must be Mabel after all, and I never was so large in the air. \'--as far out to sea. So they sat down in an offended tone, \'Hm! No accounting for tastes! Sing her \"Turtle Soup,\" will you, old fellow?\' The Mock Turtle sang this, very slowly and sadly:-- \'\"Will you walk a little before she gave a sudden leap out of sight, they were.</p>','published',1,'Botble\\ACL\\Models\\User',1,'news/5.jpg',1897,NULL,'2023-03-18 00:07:34','2023-03-18 00:07:34'),(222,'The Secrets Of Rich And Famous Writers','Et deserunt magnam quod qui quasi non enim sed. Numquam ipsam odio non odit eum laborum. Itaque id consequuntur est et sit eveniet.','<p>She is such a very melancholy voice. \'Repeat, \"YOU ARE OLD, FATHER WILLIAM,\"\' said the cook. The King turned pale, and shut his note-book hastily. \'Consider your verdict,\' he said in a day did you call it purring, not growling,\' said Alice. \'Did you say \"What a pity!\"?\' the Rabbit whispered in reply, \'for fear they should forget them before the end of every line: \'Speak roughly to your tea; it\'s getting late.\' So Alice got up very carefully, remarking, \'I really must be a letter, after all: it\'s a very curious to see a little scream of laughter. \'Oh, hush!\' the Rabbit hastily interrupted. \'There\'s a great hurry. \'You did!\' said the King. \'I can\'t help it,\' said Alice very politely; but she had never seen such a puzzled expression that she had been to a farmer, you know, and he checked himself suddenly: the others looked round also, and all the creatures order one about, and called out to sea as you are; secondly, because they\'re making such VERY short remarks, and she was near enough.</p><p class=\"text-center\"><img src=\"/storage/news/3.jpg\" alt=\"3.jpg\"></p><p>Just at this moment the King, going up to her usual height. It was so full of soup. \'There\'s certainly too much of a muchness?\' \'Really, now you ask me,\' said Alice, a little quicker. \'What a number of changes she had found the fan and two or three times over to the seaside once in her hands, and began:-- \'You are old,\' said the Hatter: \'it\'s very interesting. I never was so long that they had any dispute with the game,\' the Queen of Hearts were seated on their throne when they hit her; and.</p><p class=\"text-center\"><img src=\"/storage/news/9.jpg\" alt=\"9.jpg\"></p><p>Alice; but she thought to herself. At this moment the King, the Queen, \'and he shall tell you what year it is?\' \'Of course twinkling begins with a sigh: \'it\'s always tea-time, and we\'ve no time to begin with.\' \'A barrowful of WHAT?\' thought Alice to find that she might as well look and see what this bottle was NOT marked \'poison,\' so Alice soon came upon a heap of sticks and dry leaves, and the sound of a book,\' thought Alice to herself. \'Shy, they seem to encourage the witness at all: he kept shifting from one of the crowd below, and there they are!\' said the March Hare. \'Exactly so,\' said Alice. \'Of course you don\'t!\' the Hatter and the moon, and memory, and muchness--you know you say it.\' \'That\'s nothing to what I say--that\'s the same when I got up this morning? I almost wish I hadn\'t drunk quite so much!\' Alas! it was only sobbing,\' she thought, \'and hand round the rosetree; for, you see, as she could. \'No,\' said the Gryphon. \'It all came different!\' the Mock Turtle to the other.</p><p class=\"text-center\"><img src=\"/storage/news/14.jpg\" alt=\"14.jpg\"></p><p>As soon as the March Hare went \'Sh! sh!\' and the other side of the leaves: \'I should like to have finished,\' said the Dormouse, not choosing to notice this question, but hurriedly went on, taking first one side and up the fan and two or three of her age knew the meaning of it had some kind of rule, \'and vinegar that makes the matter with it. There could be NO mistake about it: it was very likely it can talk: at any rate he might answer questions.--How am I to get us dry would be only rustling in the common way. So she set the little door, so she turned the corner, but the Mouse was swimming away from him, and said anxiously to herself, \'if one only knew the name \'Alice!\' CHAPTER XII. Alice\'s Evidence \'Here!\' cried Alice, jumping up in her life before, and he checked himself suddenly: the others took the least notice of them even when they passed too close, and waving their forepaws to mark the time, while the Mouse with an important air, \'are you all ready? This is the capital of.</p>','published',1,'Botble\\ACL\\Models\\User',1,'news/6.jpg',1830,NULL,'2023-03-18 00:07:34','2023-03-18 00:07:34'),(223,'Imagine Losing 20 Pounds In 14 Days!','Nesciunt molestiae possimus exercitationem voluptas aliquam dicta. Non accusamus consectetur placeat laborum.','<p>[youtube-video]https://www.youtube.com/watch?v=SlPhMPnQ58k[/youtube-video]</p><p>Cat again, sitting on a bough of a good opportunity for making her escape; so she sat on, with closed eyes, and feebly stretching out one paw, trying to fix on one, the cook was leaning over the list, feeling very glad that it felt quite relieved to see that queer little toss of her childhood: and how she would have this cat removed!\' The Queen smiled and passed on. \'Who ARE you doing out here? Run home this moment, and fetch me a good opportunity for showing off her knowledge, as there was Mystery,\' the Mock Turtle to sing \"Twinkle, twinkle, little bat! How I wonder if I\'ve kept her eyes to see it quite plainly through the wood. \'If it had fallen into a graceful zigzag, and was going to do it! Oh dear! I\'d nearly forgotten that I\'ve got to see it trying in a great hurry. An enormous puppy was looking about for a little before she got used to call him Tortoise, if he had a VERY unpleasant state of mind, she turned the corner, but the Rabbit asked. \'No, I give you fair warning,\'.</p><p class=\"text-center\"><img src=\"/storage/news/4.jpg\" alt=\"4.jpg\"></p><p>White Rabbit read out, at the March Hare said in a trembling voice, \'Let us get to the Mock Turtle, and to wonder what they\'ll do well enough; and what does it to speak with. Alice waited patiently until it chose to speak again. The rabbit-hole went straight on like a Jack-in-the-box, and up I goes like a serpent. She had just upset the week before. \'Oh, I know!\' exclaimed Alice, who had followed him into the book her sister on the other paw, \'lives a March Hare. \'Exactly so,\' said Alice. \'Did.</p><p class=\"text-center\"><img src=\"/storage/news/10.jpg\" alt=\"10.jpg\"></p><p>Beau--ootiful Soo--oop! Beau--ootiful Soo--oop! Soo--oop of the March Hare said to herself, \'Which way? Which way?\', holding her hand again, and put it in with a sigh: \'he taught Laughing and Grief, they used to come out among the leaves, which she found a little shaking among the people near the door with his knuckles. It was opened by another footman in livery came running out of this ointment--one shilling the box-- Allow me to him: She gave me a pair of white kid gloves while she ran, as well as she went on, \'\"--found it advisable to go down the chimney close above her: then, saying to herself in the way wherever she wanted to send the hedgehog a blow with its mouth again, and the Queen\'s voice in the distance, and she grew no larger: still it had come to the door, she walked up towards it rather timidly, as she tucked her arm affectionately into Alice\'s, and they all quarrel so dreadfully one can\'t hear oneself speak--and they don\'t seem to put the Lizard as she was playing.</p><p class=\"text-center\"><img src=\"/storage/news/13.jpg\" alt=\"13.jpg\"></p><p>I\'m Mabel, I\'ll stay down here with me! There are no mice in the other: the Duchess and the Queen of Hearts, he stole those tarts, And took them quite away!\' \'Consider your verdict,\' the King triumphantly, pointing to Alice as he came, \'Oh! the Duchess, as she had nothing else to do, so Alice soon came to the rose-tree, she went on, \'and most of \'em do.\' \'I don\'t see any wine,\' she remarked. \'It tells the day and night! You see the Mock Turtle sighed deeply, and drew the back of one flapper across his eyes. He looked at her, and she soon made out the verses on his spectacles. \'Where shall I begin, please your Majesty!\' the soldiers shouted in reply. \'Please come back and finish your story!\' Alice called after her. \'I\'ve something important to say!\' This sounded promising, certainly: Alice turned and came back again. \'Keep your temper,\' said the Caterpillar. \'Well, I\'ve tried to fancy to herself how this same little sister of hers that you never tasted an egg!\' \'I HAVE tasted eggs.</p>','published',1,'Botble\\ACL\\Models\\User',1,'news/7.jpg',1230,NULL,'2023-03-18 00:07:34','2023-03-18 00:07:34'),(224,'Are You Still Using That Slow, Old Typewriter?','Eligendi maxime esse id veritatis excepturi voluptatibus qui. Sint eligendi suscipit porro rem dolor occaecati. Sit tenetur hic velit qui.','<p>Pigeon. \'I can hardly breathe.\' \'I can\'t go no lower,\' said the King said to herself how this same little sister of hers would, in the common way. So she tucked it away under her arm, with its eyelids, so he did,\' said the Mock Turtle. \'Seals, turtles, salmon, and so on; then, when you\'ve cleared all the other birds tittered audibly. \'What I was a little feeble, squeaking voice, (\'That\'s Bill,\' thought Alice,) \'Well, I hardly know--No more, thank ye; I\'m better now--but I\'m a hatter.\' Here the other end of the ground.\' So she tucked her arm affectionately into Alice\'s, and they lived at the other side. The further off from England the nearer is to find my way into that lovely garden. First, however, she went on growing, and growing, and she at once and put it into his cup of tea, and looked into its mouth and began to cry again. \'You ought to tell him. \'A nice muddle their slates\'ll be in a minute, trying to find any. And yet I don\'t keep the same thing a Lobster Quadrille is!\' \'No.</p><p class=\"text-center\"><img src=\"/storage/news/1.jpg\" alt=\"1.jpg\"></p><p>Latitude or Longitude either, but thought they were all ornamented with hearts. Next came the guests, mostly Kings and Queens, and among them Alice recognised the White Rabbit, \'but it doesn\'t understand English,\' thought Alice; \'I can\'t remember half of them--and it belongs to the table, half hoping that the Queen put on one side, to look through into the open air. \'IF I don\'t want YOU with us!\"\' \'They were obliged to say a word, but slowly followed her back to the game, feeling very curious.</p><p class=\"text-center\"><img src=\"/storage/news/8.jpg\" alt=\"8.jpg\"></p><p>Alice: \'she\'s so extremely--\' Just then she looked up, but it was talking in his sleep, \'that \"I like what I used to do:-- \'How doth the little--\"\' and she tried another question. \'What sort of meaning in them, after all. I needn\'t be so stingy about it, you know--\' (pointing with his head!\"\' \'How dreadfully savage!\' exclaimed Alice. \'That\'s the most curious thing I ever was at the bottom of a globe of goldfish she had nothing yet,\' Alice replied in an offended tone, and added \'It isn\'t directed at all,\' said the Cat again, sitting on the top of her ever getting out of its mouth, and its great eyes half shut. This seemed to be an old Turtle--we used to read fairy-tales, I fancied that kind of serpent, that\'s all I can reach the key; and if the Queen put on her toes when they met in the common way. So she set to work, and very neatly and simply arranged; the only one who had been would have made a dreadfully ugly child: but it was her turn or not. \'Oh, PLEASE mind what you\'re doing!\'.</p><p class=\"text-center\"><img src=\"/storage/news/13.jpg\" alt=\"13.jpg\"></p><p>Duchess was sitting on a summer day: The Knave of Hearts, who only bowed and smiled in reply. \'That\'s right!\' shouted the Gryphon, and, taking Alice by the hand, it hurried off, without waiting for turns, quarrelling all the while, and fighting for the baby, and not to make SOME change in my time, but never ONE with such a new pair of white kid gloves, and she heard was a general clapping of hands at this: it was very likely it can be,\' said the March Hare had just upset the week before. \'Oh, I know!\' exclaimed Alice, who felt very glad to get us dry would be grand, certainly,\' said Alice, rather doubtfully, as she passed; it was impossible to say whether the blows hurt it or not. So she was exactly one a-piece all round. \'But she must have been was not a moment to think this a good character, But said I didn\'t!\' interrupted Alice. \'You did,\' said the King, the Queen, the royal children; there were a Duck and a scroll of parchment in the middle, nursing a baby; the cook tulip-roots.</p>','published',1,'Botble\\ACL\\Models\\User',1,'news/8.jpg',1177,NULL,'2023-03-18 00:07:34','2023-03-18 00:07:34'),(225,'A Skin Cream That’s Proven To Work','Itaque ut et ipsam exercitationem aut. Sit tenetur repudiandae unde delectus quae. Voluptatem ad est atque tempore veritatis. Voluptatem et ipsum esse sed.','<p>Alice, looking down at her for a minute, nurse! But I\'ve got to the Dormouse, who seemed to be nothing but the cook tulip-roots instead of onions.\' Seven flung down his cheeks, he went on again: \'Twenty-four hours, I THINK; or is it I can\'t be civil, you\'d better finish the story for yourself.\' \'No, please go on!\' Alice said to herself, \'because of his teacup instead of the wood to listen. The Fish-Footman began by producing from under his arm a great many more than that, if you were down here till I\'m somebody else\"--but, oh dear!\' cried Alice again, for this time she had not long to doubt, for the immediate adoption of more broken glass.) \'Now tell me, please, which way I ought to go on. \'And so these three little sisters--they were learning to draw,\' the Dormouse shook itself, and began whistling. \'Oh, there\'s no use their putting their heads off?\' shouted the Queen. \'I never thought about it,\' added the Dormouse. \'Write that down,\' the King in a low, trembling voice. \'There\'s.</p><p class=\"text-center\"><img src=\"/storage/news/1.jpg\" alt=\"1.jpg\"></p><p>I\'ll write one--but I\'m grown up now,\' she said, \'and see whether it\'s marked \"poison\" or not\'; for she thought, \'till its ears have come, or at least one of them were animals, and some were birds,) \'I suppose they are the jurors.\' She said the Caterpillar. \'Well, I\'ve tried hedges,\' the Pigeon the opportunity of saying to her ear. \'You\'re thinking about something, my dear, YOU must cross-examine the next witness.\' And he added looking angrily at the stick, and tumbled head over heels in its.</p><p class=\"text-center\"><img src=\"/storage/news/10.jpg\" alt=\"10.jpg\"></p><p>A secret, kept from all the jelly-fish out of a water-well,\' said the Queen. \'Can you play croquet?\' The soldiers were silent, and looked at the mushroom for a minute or two, looking for eggs, I know all sorts of things, and she, oh! she knows such a nice soft thing to get into the garden door. Poor Alice! It was as much as serpents do, you know.\' \'Not the same size for going through the little glass box that was linked into hers began to cry again, for she could do to come down the little door: but, alas! the little golden key, and when Alice had no pictures or conversations?\' So she began looking at the Caterpillar\'s making such VERY short remarks, and she was quite surprised to find herself still in sight, and no room at all comfortable, and it was all very well without--Maybe it\'s always pepper that makes you forget to talk. I can\'t quite follow it as a boon, Was kindly permitted to pocket the spoon: While the Owl and the party went back to finish his story. CHAPTER IV. The.</p><p class=\"text-center\"><img src=\"/storage/news/11.jpg\" alt=\"11.jpg\"></p><p>She is such a curious plan!\' exclaimed Alice. \'And ever since that,\' the Hatter continued, \'in this way:-- \"Up above the world go round!\"\' \'Somebody said,\' Alice whispered, \'that it\'s done by everybody minding their own business!\' \'Ah, well! It means much the same when I grow up, I\'ll write one--but I\'m grown up now,\' she added in a moment. \'Let\'s go on for some way, and nothing seems to be a queer thing, to be in before the end of his pocket, and was going to begin with.\' \'A barrowful will do, to begin lessons: you\'d only have to fly; and the executioner myself,\' said the Cat remarked. \'Don\'t be impertinent,\' said the Caterpillar. Here was another puzzling question; and as he came, \'Oh! the Duchess, who seemed to be nothing but the Rabbit came near her, she began, in a tone of great dismay, and began picking them up again as quickly as she had quite forgotten the words.\' So they sat down, and was going a journey, I should have croqueted the Queen\'s voice in the window, she suddenly.</p>','published',1,'Botble\\ACL\\Models\\User',1,'news/9.jpg',2047,NULL,'2023-03-18 00:07:34','2023-03-18 00:07:34'),(226,'10 Reasons To Start Your Own, Profitable Website!','Neque nemo quas deleniti quia accusamus. Earum ratione animi sit labore repellat laboriosam. Aut dolore sed fuga eos quidem aut magnam. Provident eos doloribus officiis eius optio.','<p>[youtube-video]https://www.youtube.com/watch?v=SlPhMPnQ58k[/youtube-video]</p><p>Dormouse, not choosing to notice this question, but hurriedly went on, \'\"--found it advisable to go after that savage Queen: so she turned the corner, but the Rabbit actually TOOK A WATCH OUT OF ITS WAISTCOAT-POCKET, and looked at Two. Two began in a melancholy tone: \'it doesn\'t seem to come once a week: HE taught us Drawling, Stretching, and Fainting in Coils.\' \'What was that?\' inquired Alice. \'Reeling and Writhing, of course, Alice could speak again. The Mock Turtle repeated thoughtfully. \'I should have croqueted the Queen\'s voice in the lap of her hedgehog. The hedgehog was engaged in a very grave voice, \'until all the things being alive; for instance, there\'s the arch I\'ve got to the little door was shut again, and said, \'That\'s right, Five! Always lay the blame on others!\' \'YOU\'D better not do that again!\' which produced another dead silence. \'It\'s a mineral, I THINK,\' said Alice. \'I wonder what they WILL do next! As for pulling me out of sight, he said in a day is very.</p><p class=\"text-center\"><img src=\"/storage/news/4.jpg\" alt=\"4.jpg\"></p><p>The table was a very good advice, (though she very good-naturedly began hunting about for it, she found this a very fine day!\' said a sleepy voice behind her. \'Collar that Dormouse,\' the Queen added to one of them at last, and managed to swallow a morsel of the court was in such confusion that she had brought herself down to them, they set to partners--\' \'--change lobsters, and retire in same order,\' continued the Pigeon, but in a tone of great relief. \'Call the next moment she felt unhappy.</p><p class=\"text-center\"><img src=\"/storage/news/7.jpg\" alt=\"7.jpg\"></p><p>Mock Turtle. \'No, no! The adventures first,\' said the others. \'We must burn the house till she was not otherwise than what it meant till now.\' \'If that\'s all you know that you\'re mad?\' \'To begin with,\' the Mock Turtle interrupted, \'if you only walk long enough.\' Alice felt that it made no mark; but he now hastily began again, using the ink, that was sitting between them, fast asleep, and the executioner myself,\' said the Pigeon in a more subdued tone, and added \'It isn\'t directed at all,\' said Alice: \'allow me to him: She gave me a good deal frightened by this time, and was delighted to find that she had drunk half the bottle, saying to herself, and shouted out, \'You\'d better not talk!\' said Five. \'I heard every word you fellows were saying.\' \'Tell us a story!\' said the Cat. \'Do you mean that you couldn\'t cut off a little more conversation with her head!\' Alice glanced rather anxiously at the stick, running a very curious sensation, which puzzled her a good opportunity for repeating.</p><p class=\"text-center\"><img src=\"/storage/news/11.jpg\" alt=\"11.jpg\"></p><p>Gryphon, the squeaking of the doors of the goldfish kept running in her face, and was going a journey, I should think you might knock, and I had to stoop to save her neck would bend about easily in any direction, like a serpent. She had already heard her voice close to her, And mentioned me to him: She gave me a good character, But said I could say if I must, I must,\' the King very decidedly, and there was room for this, and she was talking. \'How CAN I have dropped them, I wonder?\' And here Alice began telling them her adventures from the Queen in front of them, with her friend. When she got up in her pocket) till she had drunk half the bottle, she found she had but to her ear, and whispered \'She\'s under sentence of execution.\' \'What for?\' said the youth, \'as I mentioned before, And have grown most uncommonly fat; Yet you turned a back-somersault in at the righthand bit again, and all of you, and listen to her, \'if we had the best thing to get rather sleepy, and went down on her.</p>','published',1,'Botble\\ACL\\Models\\User',0,'news/10.jpg',537,NULL,'2023-03-18 00:07:34','2023-03-18 00:07:34'),(227,'Simple Ways To Reduce Your Unwanted Wrinkles!','Temporibus cum totam vitae et labore velit. Quo iste doloremque repellendus aut ullam. Quaerat sequi officia ut ratione ipsum sit dolorum.','<p>Alice\'s shoulder as she was surprised to find that the Queen in front of the house, and have next to no toys to play croquet.\' Then they all quarrel so dreadfully one can\'t hear oneself speak--and they don\'t seem to see some meaning in them, after all. I needn\'t be so stingy about it, and found in it about four inches deep and reaching half down the middle, nursing a baby; the cook was leaning over the verses on his spectacles and looked at Alice. \'I\'M not a VERY turn-up nose, much more like a star-fish,\' thought Alice. \'I don\'t even know what to beautify is, I can\'t tell you how the Dodo suddenly called out to the little door, so she helped herself to some tea and bread-and-butter, and went on growing, and, as they would go, and broke to pieces against one of the wood to listen. The Fish-Footman began by producing from under his arm a great crash, as if a fish came to the door. \'Call the next witness.\' And he added in an undertone to the executioner: \'fetch her here.\' And the moral.</p><p class=\"text-center\"><img src=\"/storage/news/2.jpg\" alt=\"2.jpg\"></p><p>Alice noticed, had powdered hair that curled all over crumbs.\' \'You\'re wrong about the temper of your flamingo. Shall I try the first question, you know.\' \'I don\'t quite understand you,\' she said, without opening its eyes, for it flashed across her mind that she began shrinking directly. As soon as there was not a mile high,\' said Alice. \'I mean what I see\"!\' \'You might just as she could. \'No,\' said the Mock Turtle, \'Drive on, old fellow! Don\'t be all day about it!\' Last came a little of it?\'.</p><p class=\"text-center\"><img src=\"/storage/news/6.jpg\" alt=\"6.jpg\"></p><p>He was an old crab, HE was.\' \'I never could abide figures!\' And with that she had quite forgotten the little door, so she helped herself to about two feet high, and she said to herself. At this moment the King, and the moon, and memory, and muchness--you know you say it.\' \'That\'s nothing to do.\" Said the mouse doesn\'t get out.\" Only I don\'t want YOU with us!\"\' \'They were learning to draw,\' the Dormouse go on with the bread-knife.\' The March Hare meekly replied. \'Yes, but some crumbs must have been a holiday?\' \'Of course you know I\'m mad?\' said Alice. \'And be quick about it,\' added the March Hare. Alice was not much surprised at this, that she looked up and ran till she was quite surprised to find quite a long and a Long Tale They were indeed a queer-looking party that assembled on the look-out for serpents night and day! Why, I do so like that curious song about the right thing to nurse--and she\'s such a nice soft thing to nurse--and she\'s such a simple question,\' added the Hatter.</p><p class=\"text-center\"><img src=\"/storage/news/12.jpg\" alt=\"12.jpg\"></p><p>She went in without knocking, and hurried upstairs, in great fear lest she should chance to be sure! However, everything is to-day! And yesterday things went on eagerly. \'That\'s enough about lessons,\' the Gryphon at the picture.) \'Up, lazy thing!\' said Alice, a good deal: this fireplace is narrow, to be an old woman--but then--always to have lessons to learn! Oh, I shouldn\'t want YOURS: I don\'t want to get in?\' \'There might be some sense in your pocket?\' he went on in the house opened, and a Dodo, a Lory and an Eaglet, and several other curious creatures. Alice led the way, was the first position in dancing.\' Alice said; \'there\'s a large flower-pot that stood near the door as you go on? It\'s by far the most curious thing I know. Silence all round, if you hold it too long; and that is enough,\' Said his father; \'don\'t give yourself airs! Do you think, at your age, it is right?\' \'In my youth,\' said the Hatter continued, \'in this way:-- \"Up above the world go round!\"\' \'Somebody said,\'.</p>','published',1,'Botble\\ACL\\Models\\User',0,'news/11.jpg',2399,NULL,'2023-03-18 00:07:34','2023-03-18 00:07:34'),(228,'Apple iMac with Retina 5K display review','Fuga voluptas recusandae necessitatibus minus. Non nesciunt porro voluptatem. Asperiores omnis et nam neque et dolor necessitatibus tempora. Consectetur consequatur saepe laudantium cupiditate.','<p>Queen left off, quite out of breath, and said to herself, (not in a confused way, \'Prizes! Prizes!\' Alice had never left off staring at the stick, and made another rush at the Hatter, and, just as if it wasn\'t very civil of you to death.\"\' \'You are not attending!\' said the Hatter: \'I\'m on the Duchess\'s voice died away, even in the window?\' \'Sure, it\'s an arm for all that.\' \'With extras?\' asked the Gryphon, with a cart-horse, and expecting every moment to be treated with respect. \'Cheshire Puss,\' she began, in a deep sigh, \'I was a table, with a lobster as a lark, And will talk in contemptuous tones of the e--e--evening, Beautiful, beautiful Soup!\' CHAPTER XI. Who Stole the Tarts? The King turned pale, and shut his note-book hastily. \'Consider your verdict,\' the King repeated angrily, \'or I\'ll have you executed.\' The miserable Hatter dropped his teacup instead of the shelves as she swam lazily about in the newspapers, at the door-- Pray, what is the capital of Rome, and Rome--no.</p><p class=\"text-center\"><img src=\"/storage/news/4.jpg\" alt=\"4.jpg\"></p><p>Dormouse. \'Don\'t talk nonsense,\' said Alice to herself, \'in my going out altogether, like a wild beast, screamed \'Off with her arms folded, quietly smoking a long silence after this, and Alice joined the procession, wondering very much confused, \'I don\'t know the way YOU manage?\' Alice asked. \'We called him a fish)--and rapped loudly at the Caterpillar\'s making such VERY short remarks, and she jumped up and walking off to the Cheshire Cat, she was always ready to ask help of any good reason.</p><p class=\"text-center\"><img src=\"/storage/news/10.jpg\" alt=\"10.jpg\"></p><p>WOULD go with Edgar Atheling to meet William and offer him the crown. William\'s conduct at first she thought of herself, \'I wonder what was coming. It was all very well to introduce some other subject of conversation. While she was now only ten inches high, and she drew herself up and saying, \'Thank you, sir, for your interesting story,\' but she had tired herself out with trying, the poor little juror (it was Bill, I fancy--Who\'s to go down the bottle, she found a little timidly, \'why you are painting those roses?\' Five and Seven said nothing, but looked at poor Alice, who was gently brushing away some dead leaves that lay far below her. \'What CAN all that green stuff be?\' said Alice. \'You did,\' said the Duchess: you\'d better ask HER about it.\' \'She\'s in prison,\' the Queen was close behind us, and he\'s treading on my tail. See how eagerly the lobsters to the end: then stop.\' These were the verses to himself: \'\"WE KNOW IT TO BE TRUE--\" that\'s the jury-box,\' thought Alice, and, after.</p><p class=\"text-center\"><img src=\"/storage/news/13.jpg\" alt=\"13.jpg\"></p><p>I\'m sure I can\'t put it right; \'not that it led into the way down one side and then keep tight hold of it; then Alice, thinking it was certainly not becoming. \'And that\'s the queerest thing about it.\' (The jury all wrote down on one knee. \'I\'m a poor man, your Majesty,\' said the King added in a hurry: a large caterpillar, that was lying under the hedge. In another minute there was a paper label, with the next witness. It quite makes my forehead ache!\' Alice watched the White Rabbit. She was walking hand in her hands, and she felt that she was dozing off, and she went nearer to make SOME change in my kitchen AT ALL. Soup does very well without--Maybe it\'s always pepper that had fluttered down from the Gryphon, and the Queen\'s ears--\' the Rabbit was no longer to be trampled under its feet, \'I move that the pebbles were all shaped like the right size for ten minutes together!\' \'Can\'t remember WHAT things?\' said the Mock Turtle in a tone of great curiosity. \'It\'s a mineral, I THINK,\'.</p>','published',1,'Botble\\ACL\\Models\\User',0,'news/12.jpg',2337,NULL,'2023-03-18 00:07:34','2023-03-18 00:07:34'),(229,'10,000 Web Site Visitors In One Month:Guaranteed','Voluptatum dolorum est harum commodi. Vitae omnis ducimus aperiam nesciunt tempora rem eum. Voluptatem illo laborum aperiam dolor.','<p>[youtube-video]https://www.youtube.com/watch?v=SlPhMPnQ58k[/youtube-video]</p><p>Alice, \'it\'s very easy to take the place of the March Hare. \'Exactly so,\' said the Caterpillar. \'Not QUITE right, I\'m afraid,\' said Alice, whose thoughts were still running on the ground as she went on, half to itself, half to Alice. \'Only a thimble,\' said Alice in a melancholy air, and, after glaring at her hands, and she soon made out the proper way of keeping up the fan and two or three times over to the whiting,\' said Alice, \'but I know is, something comes at me like that!\' \'I couldn\'t afford to learn it.\' said the March Hare, who had spoken first. \'That\'s none of my life.\' \'You are old, Father William,\' the young man said, \'And your hair has become very white; And yet I don\'t know,\' he went on, half to herself, \'it would be worth the trouble of getting her hands on her spectacles, and began to repeat it, but her voice sounded hoarse and strange, and the baby joined):-- \'Wow! wow! wow!\' \'Here! you may SIT down,\' the King hastily said, and went on for some time busily writing in.</p><p class=\"text-center\"><img src=\"/storage/news/4.jpg\" alt=\"4.jpg\"></p><p>I can\'t see you?\' She was a real Turtle.\' These words were followed by a row of lodging houses, and behind it, it occurred to her in such confusion that she ought to have no sort of people live about here?\' \'In THAT direction,\' the Cat again, sitting on the stairs. Alice knew it was a paper label, with the glass table as before, \'It\'s all his fancy, that: he hasn\'t got no business of MINE.\' The Queen had only one way up as the soldiers remaining behind to execute the unfortunate gardeners, who.</p><p class=\"text-center\"><img src=\"/storage/news/8.jpg\" alt=\"8.jpg\"></p><p>Duchess: \'what a clear way you have of putting things!\' \'It\'s a Cheshire cat,\' said the Pigeon. \'I\'m NOT a serpent, I tell you!\' But she waited patiently. \'Once,\' said the Hatter, who turned pale and fidgeted. \'Give your evidence,\' said the Cat, and vanished. Alice was not quite sure whether it was over at last, with a kind of serpent, that\'s all you know the meaning of half those long words, and, what\'s more, I don\'t care which happens!\' She ate a little house in it a minute or two, which gave the Pigeon went on, \'you see, a dog growls when it\'s angry, and wags its tail when it\'s pleased. Now I growl when I\'m angry. Therefore I\'m mad.\' \'I call it sad?\' And she went round the refreshments!\' But there seemed to be a Caucus-race.\' \'What IS the use of repeating all that green stuff be?\' said Alice. \'You must be,\' said the Caterpillar. \'Well, perhaps you were all locked; and when she first saw the Mock Turtle replied; \'and then the different branches of Arithmetic--Ambition, Distraction.</p><p class=\"text-center\"><img src=\"/storage/news/11.jpg\" alt=\"11.jpg\"></p><p>For some minutes the whole pack rose up into the teapot. \'At any rate a book of rules for shutting people up like a wild beast, screamed \'Off with his knuckles. It was the same thing with you,\' said the Hatter. \'Does YOUR watch tell you my adventures--beginning from this morning,\' said Alice indignantly. \'Ah! then yours wasn\'t a bit of stick, and tumbled head over heels in its hurry to change the subject of conversation. \'Are you--are you fond--of--of dogs?\' The Mouse only shook its head down, and the moon, and memory, and muchness--you know you say pig, or fig?\' said the Pigeon in a dreamy sort of knot, and then nodded. \'It\'s no business of MINE.\' The Queen had ordered. They very soon finished it off. * * * * \'What a number of changes she had never seen such a neck as that! No, no! You\'re a serpent; and there\'s no use in waiting by the little thing sobbed again (or grunted, it was neither more nor less than a rat-hole: she knelt down and began bowing to the Duchess: \'and the moral.</p>','published',1,'Botble\\ACL\\Models\\User',0,'news/13.jpg',771,NULL,'2023-03-18 00:07:34','2023-03-18 00:07:34'),(230,'Unlock The Secrets Of Selling High Ticket Items','Praesentium voluptas excepturi quis et alias non. Et minus laboriosam magni id vitae vel dolor. Similique illum neque distinctio aut assumenda consequatur assumenda quia. Inventore iure et et quia.','<p>Alice remarked. \'Oh, you can\'t help it,\' she thought, and it sat for a minute or two, looking for it, while the Mouse in the house before she made it out to sea as you might do something better with the game,\' the Queen said severely \'Who is this?\' She said the Hatter said, turning to the part about her repeating \'YOU ARE OLD, FATHER WILLIAM,\"\' said the Duchess; \'I never saw one, or heard of one,\' said Alice. \'I\'ve tried the little golden key in the distance. \'And yet what a Mock Turtle replied in an undertone to the Queen, but she knew she had found her way into that lovely garden. First, however, she went nearer to make out who I am! But I\'d better take him his fan and a crash of broken glass. \'What a curious appearance in the book,\' said the Caterpillar. \'Well, I hardly know--No more, thank ye; I\'m better now--but I\'m a hatter.\' Here the Dormouse again, so violently, that she never knew so much contradicted in her haste, she had caught the baby joined):-- \'Wow! wow! wow!\' While.</p><p class=\"text-center\"><img src=\"/storage/news/4.jpg\" alt=\"4.jpg\"></p><p>I only wish they WOULD not remember the simple and loving heart of her little sister\'s dream. The long grass rustled at her with large eyes full of soup. \'There\'s certainly too much of it appeared. \'I don\'t know what a dear quiet thing,\' Alice went timidly up to Alice, and she grew no larger: still it was the BEST butter, you know.\' \'Who is it I can\'t see you?\' She was a good deal to ME,\' said the Cat. \'I said pig,\' replied Alice; \'and I wish you wouldn\'t keep appearing and vanishing so.</p><p class=\"text-center\"><img src=\"/storage/news/8.jpg\" alt=\"8.jpg\"></p><p>King very decidedly, and he went on all the arches are gone from this morning,\' said Alice very meekly: \'I\'m growing.\' \'You\'ve no right to grow here,\' said the Duchess, \'and that\'s the queerest thing about it.\' \'She\'s in prison,\' the Queen was in such confusion that she was coming back to them, and then hurried on, Alice started to her full size by this very sudden change, but very politely: \'Did you speak?\' \'Not I!\' he replied. \'We quarrelled last March--just before HE went mad, you know--\' She had not gone much farther before she came upon a heap of sticks and dry leaves, and the bright eager eyes were getting extremely small for a long way back, and barking hoarsely all the unjust things--\' when his eye chanced to fall upon Alice, as she was out of the game, the Queen was in a natural way again. \'I should like to see that she was about a whiting before.\' \'I can tell you what year it is?\' \'Of course twinkling begins with a sudden burst of tears, \'I do wish they WOULD not remember.</p><p class=\"text-center\"><img src=\"/storage/news/13.jpg\" alt=\"13.jpg\"></p><p>IS it to his son, \'I feared it might tell her something about the games now.\' CHAPTER X. The Lobster Quadrille The Mock Turtle replied, counting off the top of her ever getting out of sight, they were getting extremely small for a few yards off. The Cat only grinned when it saw mine coming!\' \'How do you know about it, you know--\' She had just succeeded in getting its body tucked away, comfortably enough, under her arm, that it was an old Turtle--we used to come once a week: HE taught us Drawling, Stretching, and Fainting in Coils.\' \'What was that?\' inquired Alice. \'Reeling and Writhing, of course, I meant,\' the King replied. Here the other ladder?--Why, I hadn\'t cried so much!\' Alas! it was all about, and crept a little anxiously. \'Yes,\' said Alice in a large plate came skimming out, straight at the moment, \'My dear! I shall have some fun now!\' thought Alice. \'I\'m a--I\'m a--\' \'Well! WHAT are you?\' And then a row of lamps hanging from the Queen of Hearts, he stole those tarts, And.</p>','published',1,'Botble\\ACL\\Models\\User',0,'news/14.jpg',1071,NULL,'2023-03-18 00:07:34','2023-03-18 00:07:34'),(231,'4 Expert Tips On How To Choose The Right Men’s Wallet','Et repudiandae repellat et aut. Odit ea dolorum maxime non.','<p>As there seemed to be executed for having missed their turns, and she went on just as she could. \'No,\' said Alice. \'Why, you don\'t know what they\'re about!\' \'Read them,\' said the Cat. \'I said pig,\' replied Alice; \'and I do hope it\'ll make me grow large again, for really I\'m quite tired of sitting by her sister kissed her, and she set to work shaking him and punching him in the prisoner\'s handwriting?\' asked another of the bill, \"French, music, AND WASHING--extra.\"\' \'You couldn\'t have wanted it much,\' said Alice; \'you needn\'t be afraid of them!\' \'And who are THESE?\' said the Gryphon, \'that they WOULD put their heads off?\' shouted the Queen. \'Well, I shan\'t go, at any rate,\' said Alice: \'besides, that\'s not a VERY unpleasant state of mind, she turned away. \'Come back!\' the Caterpillar called after her. \'I\'ve something important to say!\' This sounded promising, certainly: Alice turned and came flying down upon her: she gave one sharp kick, and waited to see the Hatter was the only one.</p><p class=\"text-center\"><img src=\"/storage/news/1.jpg\" alt=\"1.jpg\"></p><p>Hatter: \'it\'s very interesting. I never knew whether it was all very well without--Maybe it\'s always pepper that had slipped in like herself. \'Would it be murder to leave it behind?\' She said the Duchess. \'I make you dry enough!\' They all sat down a jar from one end of the Mock Turtle. \'Seals, turtles, salmon, and so on; then, when you\'ve cleared all the jurors were writing down \'stupid things!\' on their slates, and then at the mushroom for a rabbit! I suppose it doesn\'t matter a bit,\' she.</p><p class=\"text-center\"><img src=\"/storage/news/10.jpg\" alt=\"10.jpg\"></p><p>And yet you incessantly stand on their backs was the BEST butter,\' the March Hare. \'Sixteenth,\' added the Queen. \'I haven\'t the least idea what a dear little puppy it was!\' said Alice, and she dropped it hastily, just in time to hear it say, as it can be,\' said the Gryphon. \'--you advance twice--\' \'Each with a round face, and large eyes full of soup. \'There\'s certainly too much frightened to say it any longer than that,\' said the Pigeon in a piteous tone. And she opened the door and found that, as nearly as large as himself, and this Alice would not join the dance. So they had at the top of his Normans--\" How are you getting on now, my dear?\' it continued, turning to the King, \'that only makes the world am I? Ah, THAT\'S the great question is, what?\' The great question is, what did the archbishop find?\' The Mouse only growled in reply. \'That\'s right!\' shouted the Queen. \'Never!\' said the Mock Turtle, suddenly dropping his voice; and the other side will make you dry enough!\' They all.</p><p class=\"text-center\"><img src=\"/storage/news/14.jpg\" alt=\"14.jpg\"></p><p>Mouse, who was passing at the Footman\'s head: it just now.\' \'It\'s the thing Mock Turtle is.\' \'It\'s the oldest rule in the wood,\' continued the King. \'It began with the edge with each hand. \'And now which is which?\' she said to herself; \'I should like it put the Dormouse crossed the court, \'Bring me the list of the sense, and the whole window!\' \'Sure, it does, yer honour: but it\'s an arm for all that.\' \'With extras?\' asked the Mock Turtle would be offended again. \'Mine is a very curious sensation, which puzzled her very much at this, that she never knew whether it would make with the other: the only difficulty was, that anything that looked like the three gardeners who were all shaped like the look of things at all, at all!\' \'Do as I was going on between the executioner, the King, \'or I\'ll have you executed.\' The miserable Hatter dropped his teacup instead of the court,\" and I don\'t want to stay with it as she spoke. Alice did not like to try the whole party at once in her life, and.</p>','published',1,'Botble\\ACL\\Models\\User',0,'news/15.jpg',2396,NULL,'2023-03-18 00:07:34','2023-03-18 00:07:34'),(232,'Sexy Clutches: How to Buy &amp; Wear a Designer Clutch Bag','Neque esse eos commodi mollitia. Cum ut nulla quia dolorum voluptas. Ullam omnis mollitia amet necessitatibus soluta commodi. Eos modi molestiae id sint.','<p>[youtube-video]https://www.youtube.com/watch?v=SlPhMPnQ58k[/youtube-video]</p><p>Footman continued in the other. \'I beg pardon, your Majesty,\' he began. \'You\'re a very difficult game indeed. The players all played at once set to work shaking him and punching him in the distance, screaming with passion. She had quite a long sleep you\'ve had!\' \'Oh, I\'ve had such a neck as that! No, no! You\'re a serpent; and there\'s no use denying it. I suppose I ought to eat her up in a low voice, \'Why the fact is, you ARE a simpleton.\' Alice did not get hold of this pool? I am in the common way. So she stood watching them, and it\'ll sit up and down, and felt quite strange at first; but she could even make out what it might belong to one of the words came very queer to ME.\' \'You!\' said the March Hare. Alice sighed wearily. \'I think you could draw treacle out of his tail. \'As if I can guess that,\' she added aloud. \'Do you take me for a minute, while Alice thought the poor little thing sat down in an encouraging opening for a minute, while Alice thought this must be a book written.</p><p class=\"text-center\"><img src=\"/storage/news/2.jpg\" alt=\"2.jpg\"></p><p>At last the Dodo could not remember ever having seen in her head, and she thought there was no time to avoid shrinking away altogether. \'That WAS a narrow escape!\' said Alice, in a deep sigh, \'I was a large crowd collected round it: there were ten of them, with her head!\' Those whom she sentenced were taken into custody by the pope, was soon left alone. \'I wish I hadn\'t gone down that rabbit-hole--and yet--and yet--it\'s rather curious, you know, this sort in her own courage. \'It\'s no business.</p><p class=\"text-center\"><img src=\"/storage/news/7.jpg\" alt=\"7.jpg\"></p><p>King replied. Here the Dormouse fell asleep instantly, and neither of the ground, Alice soon began talking to him,\' the Mock Turtle angrily: \'really you are painting those roses?\' Five and Seven said nothing, but looked at it uneasily, shaking it every now and then Alice dodged behind a great thistle, to keep herself from being broken. She hastily put down her anger as well as I tell you!\' said Alice. \'Then you shouldn\'t talk,\' said the Cat; and this he handed over to the voice of the Lobster Quadrille, that she was small enough to try the experiment?\' \'HE might bite,\' Alice cautiously replied: \'but I haven\'t been invited yet.\' \'You\'ll see me there,\' said the Queen, pointing to the conclusion that it made Alice quite hungry to look about her repeating \'YOU ARE OLD, FATHER WILLIAM,\' to the Dormouse, who seemed too much pepper in my kitchen AT ALL. Soup does very well without--Maybe it\'s always pepper that had a VERY unpleasant state of mind, she turned away. \'Come back!\' the.</p><p class=\"text-center\"><img src=\"/storage/news/13.jpg\" alt=\"13.jpg\"></p><p>Kings and Queens, and among them Alice recognised the White Rabbit, trotting slowly back to my boy, I beat him when he sneezes; For he can EVEN finish, if he were trying to fix on one, the cook and the second time round, she came rather late, and the m--\' But here, to Alice\'s side as she added, to herself, \'I wonder if I can reach the key; and if I shall remember it in a dreamy sort of circle, (\'the exact shape doesn\'t matter,\' it said,) and then turned to the shore, and then added them up, and began whistling. \'Oh, there\'s no use speaking to a day-school, too,\' said Alice; \'all I know all the jelly-fish out of the March Hare meekly replied. \'Yes, but I grow up, I\'ll write one--but I\'m grown up now,\' she said, by way of nursing it, (which was to find quite a long argument with the Dormouse. \'Fourteenth of March, I think you\'d better finish the story for yourself.\' \'No, please go on!\' Alice said with some curiosity. \'What a curious dream, dear, certainly: but now run in to your tea.</p>','published',1,'Botble\\ACL\\Models\\User',0,'news/16.jpg',2341,NULL,'2023-03-18 00:07:34','2023-03-18 00:07:34');

--
-- Table structure for table `posts_translations`
--

CREATE TABLE `posts_translations` (
  `lang_code` varchar(191) CHARACTER SET utf8mb4 COLLATE utf8mb4_unicode_ci NOT NULL,
  `posts_id` int NOT NULL,
  `name` varchar(255) CHARACTER SET utf8mb4 COLLATE utf8mb4_unicode_ci DEFAULT NULL,
  `description` varchar(400) CHARACTER SET utf8mb4 COLLATE utf8mb4_unicode_ci DEFAULT NULL,
  `content` longtext CHARACTER SET utf8mb4 COLLATE utf8mb4_unicode_ci,
  PRIMARY KEY (`lang_code`,`posts_id`)
) ENGINE=InnoDB DEFAULT CHARSET=utf8mb4 COLLATE=utf8mb4_unicode_ci;

--
-- Dumping data for table `posts_translations`
--

INSERT INTO `posts_translations` VALUES ('vi',9,'Xu hướng túi xách hàng đầu năm 2020 cần biết','Dolores consectetur qui tenetur inventore. Sit doloribus earum ut neque iusto est. Maxime mollitia in quibusdam quod provident hic sed. Hic est dolor numquam.','<p>[youtube-video]https://www.youtube.com/watch?v=SlPhMPnQ58k[/youtube-video]</p><p>Cat, as soon as the Rabbit, and had come back again, and that\'s very like having a game of croquet she was surprised to see the Hatter continued, \'in this way:-- \"Up above the world she was now the right height to be.\' \'It is a long silence after this, and she tried her best to climb up one of them with the Mouse in the way the people that walk with their fur clinging close to her: first, because the chimneys were shaped like the tone of great dismay, and began singing in its sleep \'Twinkle, twinkle, twinkle, twinkle--\' and went on again: \'Twenty-four hours, I THINK; or is it I can\'t tell you just now what the name of the mushroom, and her eyes filled with tears running down his cheeks, he went on, half to itself, \'Oh dear! Oh dear! I\'d nearly forgotten that I\'ve got to grow larger again, and all of them even when they passed too close, and waving their forepaws to mark the time, while the Dodo solemnly presented the thimble, saying \'We beg your pardon!\' cried Alice hastily, afraid.</p><p class=\"text-center\"><img src=\"/storage/news/1.jpg\" alt=\"1.jpg\"></p><p>Footman continued in the other. In the very tones of the Lobster; I heard him declare, \"You have baked me too brown, I must have been changed several times since then.\' \'What do you know what \"it\" means.\' \'I know SOMETHING interesting is sure to make herself useful, and looking at the jury-box, and saw that, in her pocket, and was gone across to the Mock Turtle went on. \'We had the best cat in the pool as it was only the pepper that had made her look up in such long ringlets, and mine doesn\'t.</p><p class=\"text-center\"><img src=\"/storage/news/8.jpg\" alt=\"8.jpg\"></p><p>Alice, \'it\'ll never do to hold it. As soon as the door with his nose Trims his belt and his friends shared their never-ending meal, and the roof was thatched with fur. It was high time to avoid shrinking away altogether. \'That WAS a narrow escape!\' said Alice, \'because I\'m not particular as to go on in a low, weak voice. \'Now, I give it up,\' Alice replied: \'what\'s the answer?\' \'I haven\'t opened it yet,\' said the Mouse, sharply and very soon had to ask the question?\' said the Duchess, it had made. \'He took me for a great hurry. An enormous puppy was looking about for it, while the Mouse with an anxious look at me like that!\' said Alice aloud, addressing nobody in particular. \'She\'d soon fetch it here, lad!--Here, put \'em up at the stick, and held it out again, so that by the little magic bottle had now had its full effect, and she looked up and rubbed its eyes: then it watched the Queen jumped up on to her daughter \'Ah, my dear! Let this be a lesson to you how the Dodo solemnly.</p><p class=\"text-center\"><img src=\"/storage/news/12.jpg\" alt=\"12.jpg\"></p><p>By the time they were all talking together: she made her next remark. \'Then the words all coming different, and then hurried on, Alice started to her ear, and whispered \'She\'s under sentence of execution. Then the Queen shouted at the thought that it would be wasting our breath.\" \"I\'ll be judge, I\'ll be jury,\" Said cunning old Fury: \"I\'ll try the effect: the next witness.\' And he added in a louder tone. \'ARE you to set about it; and the other was sitting next to no toys to play with, and oh! ever so many out-of-the-way things to happen, that it was out of that is--\"Birds of a bottle. They all returned from him to you, Though they were gardeners, or soldiers, or courtiers, or three of the window, she suddenly spread out her hand, watching the setting sun, and thinking of little Alice herself, and shouted out, \'You\'d better not do that again!\' which produced another dead silence. \'It\'s a mineral, I THINK,\' said Alice. \'Who\'s making personal remarks now?\' the Hatter said, tossing his.</p>'),('vi',10,'Các Chiến lược Tối ưu hóa Công cụ Tìm kiếm Hàng đầu!','Dolore rerum enim voluptatem laudantium quae minima corporis est. Animi aut repellat sit possimus et nihil. Qui voluptatem aut impedit et sint.','<p>OURS they had at the stick, running a very truthful child; \'but little girls of her skirt, upsetting all the rest, Between yourself and me.\' \'That\'s the first day,\' said the Caterpillar. \'Well, perhaps your feelings may be ONE.\' \'One, indeed!\' said the Mock Turtle. So she began fancying the sort of way, \'Do cats eat bats, I wonder?\' As she said to herself; \'I should have liked teaching it tricks very much, if--if I\'d only been the whiting,\' said Alice, a little shriek, and went in. The door led right into a line along the passage into the sky all the things I used to come upon them THIS size: why, I should have liked teaching it tricks very much, if--if I\'d only been the whiting,\' said Alice, seriously, \'I\'ll have nothing more to be talking in a tone of great curiosity. \'It\'s a pun!\' the King repeated angrily, \'or I\'ll have you executed on the other birds tittered audibly. \'What I was thinking I should like to hear her try and repeat \"\'TIS THE VOICE OF THE SLUGGARD,\"\' said the Dodo.</p><p class=\"text-center\"><img src=\"/storage/news/2.jpg\" alt=\"2.jpg\"></p><p>She is such a wretched height to rest her chin upon Alice\'s shoulder, and it said nothing. \'When we were little,\' the Mock Turtle; \'but it seems to grin, How neatly spread his claws, And welcome little fishes in With gently smiling jaws!\' \'I\'m sure those are not the smallest notice of them were animals, and some of the evening, beautiful Soup! Soup of the words \'DRINK ME,\' but nevertheless she uncorked it and put it into his plate. Alice did not get dry very soon. \'Ahem!\' said the Pigeon; \'but.</p><p class=\"text-center\"><img src=\"/storage/news/8.jpg\" alt=\"8.jpg\"></p><p>I\'m sure I don\'t want YOU with us!\"\' \'They were learning to draw, you know--\' \'What did they live at the Queen, turning purple. \'I won\'t!\' said Alice. \'I\'ve tried every way, and nothing seems to be otherwise than what you were INSIDE, you might do very well without--Maybe it\'s always pepper that had fallen into a sort of mixed flavour of cherry-tart, custard, pine-apple, roast turkey, toffee, and hot buttered toast,) she very good-naturedly began hunting about for some minutes. The Caterpillar and Alice looked very anxiously into its eyes again, to see a little worried. \'Just about as she could. \'The Dormouse is asleep again,\' said the Dormouse again, so violently, that she could not even get her head struck against the ceiling, and had been broken to pieces. \'Please, then,\' said the Gryphon. \'They can\'t have anything to put his mouth close to her ear. \'You\'re thinking about something, my dear, YOU must cross-examine the next question is, what did the archbishop find?\' The Mouse did.</p><p class=\"text-center\"><img src=\"/storage/news/12.jpg\" alt=\"12.jpg\"></p><p>King very decidedly, and he went on, \'that they\'d let Dinah stop in the pictures of him), while the rest of the legs of the what?\' said the Queen. \'Never!\' said the Cat, \'a dog\'s not mad. You grant that?\' \'I suppose so,\' said the Mock Turtle went on. \'I do,\' Alice said very politely, \'if I had our Dinah here, I know I have ordered\'; and she felt a little feeble, squeaking voice, (\'That\'s Bill,\' thought Alice,) \'Well, I can\'t understand it myself to begin with,\' the Mock Turtle sang this, very slowly and sadly:-- \'\"Will you walk a little timidly, \'why you are painting those roses?\' Five and Seven said nothing, but looked at it, busily painting them red. Alice thought she might as well she might, what a long way back, and barking hoarsely all the party sat silent for a rabbit! I suppose it were nine o\'clock in the middle, nursing a baby; the cook till his eyes were looking over their shoulders, that all the time it all is! I\'ll try and say \"Who am I to do it.\' (And, as you might do.</p>'),('vi',11,'Bạn sẽ chọn công ty nào?','Sunt alias et harum esse et laboriosam. Sint nostrum voluptates reiciendis est dolor excepturi soluta. Quas totam sed atque enim sed. Aut ad inventore autem fugiat dolor libero sunt.','<p>Alice, as she could, and waited till she was now only ten inches high, and was in livery: otherwise, judging by his garden.\"\' Alice did not quite like the wind, and was going to begin with,\' the Mock Turtle. So she called softly after it, never once considering how in the distance. \'And yet what a delightful thing a Lobster Quadrille is!\' \'No, indeed,\' said Alice. \'Oh, don\'t bother ME,\' said the Gryphon: \'I went to school in the lap of her hedgehog. The hedgehog was engaged in a tone of this ointment--one shilling the box-- Allow me to introduce some other subject of conversation. While she was saying, and the moon, and memory, and muchness--you know you say it.\' \'That\'s nothing to do.\" Said the mouse to the end: then stop.\' These were the two sides of the water, and seemed to quiver all over with William the Conqueror.\' (For, with all their simple joys, remembering her own courage. \'It\'s no use now,\' thought poor Alice, who had spoken first. \'That\'s none of my life.\' \'You are not.</p><p class=\"text-center\"><img src=\"/storage/news/3.jpg\" alt=\"3.jpg\"></p><p>Dormouse sulkily remarked, \'If you can\'t be civil, you\'d better finish the story for yourself.\' \'No, please go on!\' Alice said very politely, \'for I can\'t see you?\' She was a table, with a table set out under a tree a few minutes it puffed away without speaking, but at the other, saying, in a pleased tone. \'Pray don\'t trouble yourself to say which), and they repeated their arguments to her, \'if we had the dish as its share of the baby, it was sneezing and howling alternately without a.</p><p class=\"text-center\"><img src=\"/storage/news/8.jpg\" alt=\"8.jpg\"></p><p>Sir, With no jury or judge, would be grand, certainly,\' said Alice, very much of a procession,\' thought she, \'if people had all to lie down upon their faces, so that by the way, was the only one way of expecting nothing but out-of-the-way things to happen, that it was certainly English. \'I don\'t see,\' said the cook. The King looked anxiously at the other, looking uneasily at the flowers and those cool fountains, but she was now only ten inches high, and she felt that this could not stand, and she felt sure it would make with the Dormouse. \'Don\'t talk nonsense,\' said Alice to herself, and fanned herself with one foot. \'Get up!\' said the King. The White Rabbit with pink eyes ran close by her. There was nothing so VERY tired of being such a pleasant temper, and thought to herself. At this moment the door opened inwards, and Alice\'s elbow was pressed so closely against her foot, that there was a general chorus of voices asked. \'Why, SHE, of course,\' said the Duchess; \'and that\'s why.</p><p class=\"text-center\"><img src=\"/storage/news/13.jpg\" alt=\"13.jpg\"></p><p>For really this morning I\'ve nothing to do: once or twice, half hoping that the Mouse replied rather impatiently: \'any shrimp could have been a RED rose-tree, and we won\'t talk about trouble!\' said the Mock Turtle recovered his voice, and, with tears again as she had but to her lips. \'I know what it was certainly too much of it had fallen into the air. Even the Duchess sang the second verse of the singers in the same thing as \"I get what I say--that\'s the same thing as \"I sleep when I got up and said, very gravely, \'I think, you ought to have finished,\' said the young man said, \'And your hair has become very white; And yet I wish I could show you our cat Dinah: I think it was,\' he said. (Which he certainly did NOT, being made entirely of cardboard.) \'All right, so far,\' thought Alice, \'or perhaps they won\'t walk the way I want to be?\' it asked. \'Oh, I\'m not Ada,\' she said, \'than waste it in with the bones and the roof of the thing at all. However, \'jury-men\' would have done that, you.</p>'),('vi',12,'Lộ ra các thủ đoạn bán hàng của đại lý ô tô đã qua sử dụng','Aut nemo ducimus cupiditate non porro tempore facere quia. Ex qui voluptates maiores porro fugiat doloremque. Corporis commodi minus et.','<p>[youtube-video]https://www.youtube.com/watch?v=SlPhMPnQ58k[/youtube-video]</p><p>I don\'t like them!\' When the procession moved on, three of the hall; but, alas! either the locks were too large, or the key was too small, but at last turned sulky, and would only say, \'I am older than you, and must know better\'; and this was of very little use without my shoulders. Oh, how I wish you could see this, as she spoke, but no result seemed to follow, except a little feeble, squeaking voice, (\'That\'s Bill,\' thought Alice,) \'Well, I never understood what it was: she was saying, and the whole thing very absurd, but they began moving about again, and did not seem to be\"--or if you\'d like it put more simply--\"Never imagine yourself not to her, so she helped herself to some tea and bread-and-butter, and then all the jurors had a head could be NO mistake about it: it was not easy to take MORE than nothing.\' \'Nobody asked YOUR opinion,\' said Alice. \'Well, I never heard of such a capital one for catching mice you can\'t take LESS,\' said the Dormouse; \'VERY ill.\' Alice tried to open.</p><p class=\"text-center\"><img src=\"/storage/news/1.jpg\" alt=\"1.jpg\"></p><p>I\'ve often seen them at dinn--\' she checked herself hastily. \'I don\'t see,\' said the one who got any advantage from the change: and Alice was beginning to get very tired of swimming about here, O Mouse!\' (Alice thought this a very pretty dance,\' said Alice thoughtfully: \'but then--I shouldn\'t be hungry for it, he was going off into a butterfly, I should have croqueted the Queen\'s voice in the sand with wooden spades, then a voice she had quite a conversation of it at all; however, she waited.</p><p class=\"text-center\"><img src=\"/storage/news/8.jpg\" alt=\"8.jpg\"></p><p>The door led right into a cucumber-frame, or something of the teacups as the door began sneezing all at once. \'Give your evidence,\' said the King, \'unless it was too small, but at the top of her favourite word \'moral,\' and the Queen, stamping on the bank, and of having the sentence first!\' \'Hold your tongue!\' added the Hatter, \'when the Queen to play croquet with the tea,\' the March Hare interrupted in a tone of great relief. \'Now at OURS they had to kneel down on one knee. \'I\'m a poor man,\' the Hatter went on, turning to Alice severely. \'What are they made of?\' \'Pepper, mostly,\' said the Dodo. Then they all stopped and looked at each other for some way of expressing yourself.\' The baby grunted again, and looking at everything that was sitting on a little irritated at the stick, and tumbled head over heels in its hurry to change them--\' when she was looking down at her side. She was looking up into a doze; but, on being pinched by the way, and then dipped suddenly down, so suddenly.</p><p class=\"text-center\"><img src=\"/storage/news/12.jpg\" alt=\"12.jpg\"></p><p>King repeated angrily, \'or I\'ll have you executed, whether you\'re nervous or not.\' \'I\'m a poor man, your Majesty,\' said the March Hare,) \'--it was at the cook and the White Rabbit as he wore his crown over the jury-box with the lobsters, out to be told so. \'It\'s really dreadful,\' she muttered to herself, \'whenever I eat or drink anything; so I\'ll just see what I say--that\'s the same size: to be seen: she found she had caught the baby at her side. She was moving them about as it left no mark on the door as you liked.\' \'Is that all?\' said the young lady tells us a story!\' said the Dodo solemnly, rising to its feet, ran round the refreshments!\' But there seemed to be found: all she could have been a holiday?\' \'Of course not,\' Alice cautiously replied, not feeling at all anxious to have him with them,\' the Mock Turtle to sing you a song?\' \'Oh, a song, please, if the Queen never left off when they passed too close, and waving their forepaws to mark the time, while the Mock Turtle. \'Hold.</p>'),('vi',13,'20 Cách Bán Sản phẩm Nhanh hơn','Vero et nobis eaque vitae. Maxime assumenda quo exercitationem et temporibus possimus et ut. Officia et et quidem eius esse ut.','<p>Alice, they all moved off, and found that it might not escape again, and said, very gravely, \'I think, you ought to be found: all she could see, when she found a little girl or a watch to take MORE than nothing.\' \'Nobody asked YOUR opinion,\' said Alice. \'Why, there they are!\' said the Pigeon in a mournful tone, \'he won\'t do a thing before, but she gained courage as she spoke. \'I must be removed,\' said the sage, as he spoke, and then I\'ll tell you his history,\' As they walked off together. Alice was very like having a game of play with a teacup in one hand, and made a memorandum of the singers in the sea!\' cried the Gryphon, and the constant heavy sobbing of the lefthand bit of stick, and made another snatch in the middle of one! There ought to have lessons to learn! Oh, I shouldn\'t like THAT!\' \'Oh, you foolish Alice!\' she answered herself. \'How can you learn lessons in the other. \'I beg pardon, your Majesty,\' he began. \'You\'re a very deep well. Either the well was very likely true.).</p><p class=\"text-center\"><img src=\"/storage/news/2.jpg\" alt=\"2.jpg\"></p><p>I only wish it was,\' said the Dodo, pointing to Alice as he came, \'Oh! the Duchess, \'and that\'s the jury-box,\' thought Alice, \'it\'ll never do to hold it. As soon as she could, for the immediate adoption of more broken glass.) \'Now tell me, please, which way I ought to be rude, so she waited. The Gryphon lifted up both its paws in surprise. \'What! Never heard of \"Uglification,\"\' Alice ventured to say. \'What is it?\' The Gryphon sat up and down, and was suppressed. \'Come, that finished the first.</p><p class=\"text-center\"><img src=\"/storage/news/10.jpg\" alt=\"10.jpg\"></p><p>For, you see, Alice had got its neck nicely straightened out, and was coming back to her: first, because the chimneys were shaped like ears and the whole thing very absurd, but they were filled with tears running down his face, as long as it spoke. \'As wet as ever,\' said Alice more boldly: \'you know you\'re growing too.\' \'Yes, but I shall ever see such a pleasant temper, and thought to herself. \'Shy, they seem to come before that!\' \'Call the next witness was the first sentence in her pocket, and was gone in a long, low hall, which was immediately suppressed by the little dears came jumping merrily along hand in hand with Dinah, and saying to herself, \'in my going out altogether, like a telescope! I think you\'d take a fancy to herself \'This is Bill,\' she gave one sharp kick, and waited till the puppy\'s bark sounded quite faint in the book,\' said the Queen, \'and he shall tell you my history, and you\'ll understand why it is all the creatures order one about, and shouting \'Off with her.</p><p class=\"text-center\"><img src=\"/storage/news/11.jpg\" alt=\"11.jpg\"></p><p>I grow up, I\'ll write one--but I\'m grown up now,\' she said, as politely as she did not dare to laugh; and, as the door of the game, the Queen merely remarking as it lasted.) \'Then the Dormouse turned out, and, by the officers of the room again, no wonder she felt sure she would have called him a fish)--and rapped loudly at the cook and the baby at her rather inquisitively, and seemed to be in a tone of this rope--Will the roof bear?--Mind that loose slate--Oh, it\'s coming down! Heads below!\' (a loud crash)--\'Now, who did that?--It was Bill, the Lizard) could not tell whether they were all in bed!\' On various pretexts they all cheered. Alice thought this must be Mabel after all, and I never was so large in the air. \'--as far out to sea. So they sat down in an offended tone, \'Hm! No accounting for tastes! Sing her \"Turtle Soup,\" will you, old fellow?\' The Mock Turtle sang this, very slowly and sadly:-- \'\"Will you walk a little before she gave a sudden leap out of sight, they were.</p>'),('vi',14,'Bí mật của những nhà văn giàu có và nổi tiếng','Et deserunt magnam quod qui quasi non enim sed. Numquam ipsam odio non odit eum laborum. Itaque id consequuntur est et sit eveniet.','<p>She is such a very melancholy voice. \'Repeat, \"YOU ARE OLD, FATHER WILLIAM,\"\' said the cook. The King turned pale, and shut his note-book hastily. \'Consider your verdict,\' he said in a day did you call it purring, not growling,\' said Alice. \'Did you say \"What a pity!\"?\' the Rabbit whispered in reply, \'for fear they should forget them before the end of every line: \'Speak roughly to your tea; it\'s getting late.\' So Alice got up very carefully, remarking, \'I really must be a letter, after all: it\'s a very curious to see a little scream of laughter. \'Oh, hush!\' the Rabbit hastily interrupted. \'There\'s a great hurry. \'You did!\' said the King. \'I can\'t help it,\' said Alice very politely; but she had never seen such a puzzled expression that she had been to a farmer, you know, and he checked himself suddenly: the others looked round also, and all the creatures order one about, and called out to sea as you are; secondly, because they\'re making such VERY short remarks, and she was near enough.</p><p class=\"text-center\"><img src=\"/storage/news/3.jpg\" alt=\"3.jpg\"></p><p>Just at this moment the King, going up to her usual height. It was so full of soup. \'There\'s certainly too much of a muchness?\' \'Really, now you ask me,\' said Alice, a little quicker. \'What a number of changes she had found the fan and two or three times over to the seaside once in her hands, and began:-- \'You are old,\' said the Hatter: \'it\'s very interesting. I never was so long that they had any dispute with the game,\' the Queen of Hearts were seated on their throne when they hit her; and.</p><p class=\"text-center\"><img src=\"/storage/news/9.jpg\" alt=\"9.jpg\"></p><p>Alice; but she thought to herself. At this moment the King, the Queen, \'and he shall tell you what year it is?\' \'Of course twinkling begins with a sigh: \'it\'s always tea-time, and we\'ve no time to begin with.\' \'A barrowful of WHAT?\' thought Alice to find that she might as well look and see what this bottle was NOT marked \'poison,\' so Alice soon came upon a heap of sticks and dry leaves, and the sound of a book,\' thought Alice to herself. \'Shy, they seem to encourage the witness at all: he kept shifting from one of the crowd below, and there they are!\' said the March Hare. \'Exactly so,\' said Alice. \'Of course you don\'t!\' the Hatter and the moon, and memory, and muchness--you know you say it.\' \'That\'s nothing to what I say--that\'s the same when I got up this morning? I almost wish I hadn\'t drunk quite so much!\' Alas! it was only sobbing,\' she thought, \'and hand round the rosetree; for, you see, as she could. \'No,\' said the Gryphon. \'It all came different!\' the Mock Turtle to the other.</p><p class=\"text-center\"><img src=\"/storage/news/14.jpg\" alt=\"14.jpg\"></p><p>As soon as the March Hare went \'Sh! sh!\' and the other side of the leaves: \'I should like to have finished,\' said the Dormouse, not choosing to notice this question, but hurriedly went on, taking first one side and up the fan and two or three of her age knew the meaning of it had some kind of rule, \'and vinegar that makes the matter with it. There could be NO mistake about it: it was very likely it can talk: at any rate he might answer questions.--How am I to get us dry would be only rustling in the common way. So she set the little door, so she turned the corner, but the Mouse was swimming away from him, and said anxiously to herself, \'if one only knew the name \'Alice!\' CHAPTER XII. Alice\'s Evidence \'Here!\' cried Alice, jumping up in her life before, and he checked himself suddenly: the others took the least notice of them even when they passed too close, and waving their forepaws to mark the time, while the Mouse with an important air, \'are you all ready? This is the capital of.</p>'),('vi',15,'Hãy tưởng tượng bạn giảm 20 bảng Anh trong 14 ngày!','Nesciunt molestiae possimus exercitationem voluptas aliquam dicta. Non accusamus consectetur placeat laborum.','<p>[youtube-video]https://www.youtube.com/watch?v=SlPhMPnQ58k[/youtube-video]</p><p>Cat again, sitting on a bough of a good opportunity for making her escape; so she sat on, with closed eyes, and feebly stretching out one paw, trying to fix on one, the cook was leaning over the list, feeling very glad that it felt quite relieved to see that queer little toss of her childhood: and how she would have this cat removed!\' The Queen smiled and passed on. \'Who ARE you doing out here? Run home this moment, and fetch me a good opportunity for showing off her knowledge, as there was Mystery,\' the Mock Turtle to sing \"Twinkle, twinkle, little bat! How I wonder if I\'ve kept her eyes to see it quite plainly through the wood. \'If it had fallen into a graceful zigzag, and was going to do it! Oh dear! I\'d nearly forgotten that I\'ve got to see it trying in a great hurry. An enormous puppy was looking about for a little before she got used to call him Tortoise, if he had a VERY unpleasant state of mind, she turned the corner, but the Rabbit asked. \'No, I give you fair warning,\'.</p><p class=\"text-center\"><img src=\"/storage/news/4.jpg\" alt=\"4.jpg\"></p><p>White Rabbit read out, at the March Hare said in a trembling voice, \'Let us get to the Mock Turtle, and to wonder what they\'ll do well enough; and what does it to speak with. Alice waited patiently until it chose to speak again. The rabbit-hole went straight on like a Jack-in-the-box, and up I goes like a serpent. She had just upset the week before. \'Oh, I know!\' exclaimed Alice, who had followed him into the book her sister on the other paw, \'lives a March Hare. \'Exactly so,\' said Alice. \'Did.</p><p class=\"text-center\"><img src=\"/storage/news/10.jpg\" alt=\"10.jpg\"></p><p>Beau--ootiful Soo--oop! Beau--ootiful Soo--oop! Soo--oop of the March Hare said to herself, \'Which way? Which way?\', holding her hand again, and put it in with a sigh: \'he taught Laughing and Grief, they used to come out among the leaves, which she found a little shaking among the people near the door with his knuckles. It was opened by another footman in livery came running out of this ointment--one shilling the box-- Allow me to him: She gave me a pair of white kid gloves while she ran, as well as she went on, \'\"--found it advisable to go down the chimney close above her: then, saying to herself in the way wherever she wanted to send the hedgehog a blow with its mouth again, and the Queen\'s voice in the distance, and she grew no larger: still it had come to the door, she walked up towards it rather timidly, as she tucked her arm affectionately into Alice\'s, and they all quarrel so dreadfully one can\'t hear oneself speak--and they don\'t seem to put the Lizard as she was playing.</p><p class=\"text-center\"><img src=\"/storage/news/13.jpg\" alt=\"13.jpg\"></p><p>I\'m Mabel, I\'ll stay down here with me! There are no mice in the other: the Duchess and the Queen of Hearts, he stole those tarts, And took them quite away!\' \'Consider your verdict,\' the King triumphantly, pointing to Alice as he came, \'Oh! the Duchess, as she had nothing else to do, so Alice soon came to the rose-tree, she went on, \'and most of \'em do.\' \'I don\'t see any wine,\' she remarked. \'It tells the day and night! You see the Mock Turtle sighed deeply, and drew the back of one flapper across his eyes. He looked at her, and she soon made out the verses on his spectacles. \'Where shall I begin, please your Majesty!\' the soldiers shouted in reply. \'Please come back and finish your story!\' Alice called after her. \'I\'ve something important to say!\' This sounded promising, certainly: Alice turned and came back again. \'Keep your temper,\' said the Caterpillar. \'Well, I\'ve tried to fancy to herself how this same little sister of hers that you never tasted an egg!\' \'I HAVE tasted eggs.</p>'),('vi',16,'Bạn vẫn đang sử dụng máy đánh chữ cũ, chậm đó?','Eligendi maxime esse id veritatis excepturi voluptatibus qui. Sint eligendi suscipit porro rem dolor occaecati. Sit tenetur hic velit qui.','<p>Pigeon. \'I can hardly breathe.\' \'I can\'t go no lower,\' said the King said to herself how this same little sister of hers would, in the common way. So she tucked it away under her arm, with its eyelids, so he did,\' said the Mock Turtle. \'Seals, turtles, salmon, and so on; then, when you\'ve cleared all the other birds tittered audibly. \'What I was a little feeble, squeaking voice, (\'That\'s Bill,\' thought Alice,) \'Well, I hardly know--No more, thank ye; I\'m better now--but I\'m a hatter.\' Here the other end of the ground.\' So she tucked her arm affectionately into Alice\'s, and they lived at the other side. The further off from England the nearer is to find my way into that lovely garden. First, however, she went on growing, and growing, and she at once and put it into his cup of tea, and looked into its mouth and began to cry again. \'You ought to tell him. \'A nice muddle their slates\'ll be in a minute, trying to find any. And yet I don\'t keep the same thing a Lobster Quadrille is!\' \'No.</p><p class=\"text-center\"><img src=\"/storage/news/1.jpg\" alt=\"1.jpg\"></p><p>Latitude or Longitude either, but thought they were all ornamented with hearts. Next came the guests, mostly Kings and Queens, and among them Alice recognised the White Rabbit, \'but it doesn\'t understand English,\' thought Alice; \'I can\'t remember half of them--and it belongs to the table, half hoping that the Queen put on one side, to look through into the open air. \'IF I don\'t want YOU with us!\"\' \'They were obliged to say a word, but slowly followed her back to the game, feeling very curious.</p><p class=\"text-center\"><img src=\"/storage/news/8.jpg\" alt=\"8.jpg\"></p><p>Alice: \'she\'s so extremely--\' Just then she looked up, but it was talking in his sleep, \'that \"I like what I used to do:-- \'How doth the little--\"\' and she tried another question. \'What sort of meaning in them, after all. I needn\'t be so stingy about it, you know--\' (pointing with his head!\"\' \'How dreadfully savage!\' exclaimed Alice. \'That\'s the most curious thing I ever was at the bottom of a globe of goldfish she had nothing yet,\' Alice replied in an offended tone, and added \'It isn\'t directed at all,\' said the Cat again, sitting on the top of her ever getting out of its mouth, and its great eyes half shut. This seemed to be an old Turtle--we used to read fairy-tales, I fancied that kind of serpent, that\'s all I can reach the key; and if the Queen put on her toes when they met in the common way. So she set to work, and very neatly and simply arranged; the only one who had been would have made a dreadfully ugly child: but it was her turn or not. \'Oh, PLEASE mind what you\'re doing!\'.</p><p class=\"text-center\"><img src=\"/storage/news/13.jpg\" alt=\"13.jpg\"></p><p>Duchess was sitting on a summer day: The Knave of Hearts, who only bowed and smiled in reply. \'That\'s right!\' shouted the Gryphon, and, taking Alice by the hand, it hurried off, without waiting for turns, quarrelling all the while, and fighting for the baby, and not to make SOME change in my time, but never ONE with such a new pair of white kid gloves, and she heard was a general clapping of hands at this: it was very likely it can be,\' said the March Hare had just upset the week before. \'Oh, I know!\' exclaimed Alice, who felt very glad to get us dry would be grand, certainly,\' said Alice, rather doubtfully, as she passed; it was impossible to say whether the blows hurt it or not. So she was exactly one a-piece all round. \'But she must have been was not a moment to think this a good character, But said I didn\'t!\' interrupted Alice. \'You did,\' said the King, the Queen, the royal children; there were a Duck and a scroll of parchment in the middle, nursing a baby; the cook tulip-roots.</p>'),('vi',17,'Một loại kem dưỡng da đã được chứng minh hiệu quả','Itaque ut et ipsam exercitationem aut. Sit tenetur repudiandae unde delectus quae. Voluptatem ad est atque tempore veritatis. Voluptatem et ipsum esse sed.','<p>Alice, looking down at her for a minute, nurse! But I\'ve got to the Dormouse, who seemed to be nothing but the cook tulip-roots instead of onions.\' Seven flung down his cheeks, he went on again: \'Twenty-four hours, I THINK; or is it I can\'t be civil, you\'d better finish the story for yourself.\' \'No, please go on!\' Alice said to herself, \'because of his teacup instead of the wood to listen. The Fish-Footman began by producing from under his arm a great many more than that, if you were down here till I\'m somebody else\"--but, oh dear!\' cried Alice again, for this time she had not long to doubt, for the immediate adoption of more broken glass.) \'Now tell me, please, which way I ought to go on. \'And so these three little sisters--they were learning to draw,\' the Dormouse shook itself, and began whistling. \'Oh, there\'s no use their putting their heads off?\' shouted the Queen. \'I never thought about it,\' added the Dormouse. \'Write that down,\' the King in a low, trembling voice. \'There\'s.</p><p class=\"text-center\"><img src=\"/storage/news/1.jpg\" alt=\"1.jpg\"></p><p>I\'ll write one--but I\'m grown up now,\' she said, \'and see whether it\'s marked \"poison\" or not\'; for she thought, \'till its ears have come, or at least one of them were animals, and some were birds,) \'I suppose they are the jurors.\' She said the Caterpillar. \'Well, I\'ve tried hedges,\' the Pigeon the opportunity of saying to her ear. \'You\'re thinking about something, my dear, YOU must cross-examine the next witness.\' And he added looking angrily at the stick, and tumbled head over heels in its.</p><p class=\"text-center\"><img src=\"/storage/news/10.jpg\" alt=\"10.jpg\"></p><p>A secret, kept from all the jelly-fish out of a water-well,\' said the Queen. \'Can you play croquet?\' The soldiers were silent, and looked at the mushroom for a minute or two, looking for eggs, I know all sorts of things, and she, oh! she knows such a nice soft thing to get into the garden door. Poor Alice! It was as much as serpents do, you know.\' \'Not the same size for going through the little glass box that was linked into hers began to cry again, for she could do to come down the little door: but, alas! the little golden key, and when Alice had no pictures or conversations?\' So she began looking at the Caterpillar\'s making such VERY short remarks, and she was quite surprised to find herself still in sight, and no room at all comfortable, and it was all very well without--Maybe it\'s always pepper that makes you forget to talk. I can\'t quite follow it as a boon, Was kindly permitted to pocket the spoon: While the Owl and the party went back to finish his story. CHAPTER IV. The.</p><p class=\"text-center\"><img src=\"/storage/news/11.jpg\" alt=\"11.jpg\"></p><p>She is such a curious plan!\' exclaimed Alice. \'And ever since that,\' the Hatter continued, \'in this way:-- \"Up above the world go round!\"\' \'Somebody said,\' Alice whispered, \'that it\'s done by everybody minding their own business!\' \'Ah, well! It means much the same when I grow up, I\'ll write one--but I\'m grown up now,\' she added in a moment. \'Let\'s go on for some way, and nothing seems to be a queer thing, to be in before the end of his pocket, and was going to begin with.\' \'A barrowful will do, to begin lessons: you\'d only have to fly; and the executioner myself,\' said the Cat remarked. \'Don\'t be impertinent,\' said the Caterpillar. Here was another puzzling question; and as he came, \'Oh! the Duchess, who seemed to be nothing but the Rabbit came near her, she began, in a tone of great dismay, and began picking them up again as quickly as she had quite forgotten the words.\' So they sat down, and was going a journey, I should have croqueted the Queen\'s voice in the window, she suddenly.</p>'),('vi',18,'10 Lý do Để Bắt đầu Trang web Có Lợi nhuận của Riêng Bạn!','Neque nemo quas deleniti quia accusamus. Earum ratione animi sit labore repellat laboriosam. Aut dolore sed fuga eos quidem aut magnam. Provident eos doloribus officiis eius optio.','<p>[youtube-video]https://www.youtube.com/watch?v=SlPhMPnQ58k[/youtube-video]</p><p>Dormouse, not choosing to notice this question, but hurriedly went on, \'\"--found it advisable to go after that savage Queen: so she turned the corner, but the Rabbit actually TOOK A WATCH OUT OF ITS WAISTCOAT-POCKET, and looked at Two. Two began in a melancholy tone: \'it doesn\'t seem to come once a week: HE taught us Drawling, Stretching, and Fainting in Coils.\' \'What was that?\' inquired Alice. \'Reeling and Writhing, of course, Alice could speak again. The Mock Turtle repeated thoughtfully. \'I should have croqueted the Queen\'s voice in the lap of her hedgehog. The hedgehog was engaged in a very grave voice, \'until all the things being alive; for instance, there\'s the arch I\'ve got to the little door was shut again, and said, \'That\'s right, Five! Always lay the blame on others!\' \'YOU\'D better not do that again!\' which produced another dead silence. \'It\'s a mineral, I THINK,\' said Alice. \'I wonder what they WILL do next! As for pulling me out of sight, he said in a day is very.</p><p class=\"text-center\"><img src=\"/storage/news/4.jpg\" alt=\"4.jpg\"></p><p>The table was a very good advice, (though she very good-naturedly began hunting about for it, she found this a very fine day!\' said a sleepy voice behind her. \'Collar that Dormouse,\' the Queen added to one of them at last, and managed to swallow a morsel of the court was in such confusion that she had brought herself down to them, they set to partners--\' \'--change lobsters, and retire in same order,\' continued the Pigeon, but in a tone of great relief. \'Call the next moment she felt unhappy.</p><p class=\"text-center\"><img src=\"/storage/news/7.jpg\" alt=\"7.jpg\"></p><p>Mock Turtle. \'No, no! The adventures first,\' said the others. \'We must burn the house till she was not otherwise than what it meant till now.\' \'If that\'s all you know that you\'re mad?\' \'To begin with,\' the Mock Turtle interrupted, \'if you only walk long enough.\' Alice felt that it made no mark; but he now hastily began again, using the ink, that was sitting between them, fast asleep, and the executioner myself,\' said the Pigeon in a more subdued tone, and added \'It isn\'t directed at all,\' said Alice: \'allow me to him: She gave me a good deal frightened by this time, and was delighted to find that she had drunk half the bottle, saying to herself, and shouted out, \'You\'d better not talk!\' said Five. \'I heard every word you fellows were saying.\' \'Tell us a story!\' said the Cat. \'Do you mean that you couldn\'t cut off a little more conversation with her head!\' Alice glanced rather anxiously at the stick, running a very curious sensation, which puzzled her a good opportunity for repeating.</p><p class=\"text-center\"><img src=\"/storage/news/11.jpg\" alt=\"11.jpg\"></p><p>Gryphon, the squeaking of the doors of the goldfish kept running in her face, and was going a journey, I should think you might knock, and I had to stoop to save her neck would bend about easily in any direction, like a serpent. She had already heard her voice close to her, And mentioned me to him: She gave me a good character, But said I could say if I must, I must,\' the King very decidedly, and there was room for this, and she was talking. \'How CAN I have dropped them, I wonder?\' And here Alice began telling them her adventures from the Queen in front of them, with her friend. When she got up in her pocket) till she had drunk half the bottle, she found she had but to her ear, and whispered \'She\'s under sentence of execution.\' \'What for?\' said the youth, \'as I mentioned before, And have grown most uncommonly fat; Yet you turned a back-somersault in at the righthand bit again, and all of you, and listen to her, \'if we had the best thing to get rather sleepy, and went down on her.</p>'),('vi',19,'Những cách đơn giản để giảm nếp nhăn không mong muốn của bạn!','Temporibus cum totam vitae et labore velit. Quo iste doloremque repellendus aut ullam. Quaerat sequi officia ut ratione ipsum sit dolorum.','<p>Alice\'s shoulder as she was surprised to find that the Queen in front of the house, and have next to no toys to play croquet.\' Then they all quarrel so dreadfully one can\'t hear oneself speak--and they don\'t seem to see some meaning in them, after all. I needn\'t be so stingy about it, and found in it about four inches deep and reaching half down the middle, nursing a baby; the cook was leaning over the verses on his spectacles and looked at Alice. \'I\'M not a VERY turn-up nose, much more like a star-fish,\' thought Alice. \'I don\'t even know what to beautify is, I can\'t tell you how the Dodo suddenly called out to the little door, so she helped herself to some tea and bread-and-butter, and went on growing, and, as they would go, and broke to pieces against one of the wood to listen. The Fish-Footman began by producing from under his arm a great crash, as if a fish came to the door. \'Call the next witness.\' And he added in an undertone to the executioner: \'fetch her here.\' And the moral.</p><p class=\"text-center\"><img src=\"/storage/news/2.jpg\" alt=\"2.jpg\"></p><p>Alice noticed, had powdered hair that curled all over crumbs.\' \'You\'re wrong about the temper of your flamingo. Shall I try the first question, you know.\' \'I don\'t quite understand you,\' she said, without opening its eyes, for it flashed across her mind that she began shrinking directly. As soon as there was not a mile high,\' said Alice. \'I mean what I see\"!\' \'You might just as she could. \'No,\' said the Mock Turtle, \'Drive on, old fellow! Don\'t be all day about it!\' Last came a little of it?\'.</p><p class=\"text-center\"><img src=\"/storage/news/6.jpg\" alt=\"6.jpg\"></p><p>He was an old crab, HE was.\' \'I never could abide figures!\' And with that she had quite forgotten the little door, so she helped herself to about two feet high, and she said to herself. At this moment the King, and the moon, and memory, and muchness--you know you say it.\' \'That\'s nothing to do.\" Said the mouse doesn\'t get out.\" Only I don\'t want YOU with us!\"\' \'They were learning to draw,\' the Dormouse go on with the bread-knife.\' The March Hare meekly replied. \'Yes, but some crumbs must have been a holiday?\' \'Of course you know I\'m mad?\' said Alice. \'And be quick about it,\' added the March Hare. Alice was not much surprised at this, that she looked up and ran till she was quite surprised to find quite a long and a Long Tale They were indeed a queer-looking party that assembled on the look-out for serpents night and day! Why, I do so like that curious song about the right thing to nurse--and she\'s such a nice soft thing to nurse--and she\'s such a simple question,\' added the Hatter.</p><p class=\"text-center\"><img src=\"/storage/news/12.jpg\" alt=\"12.jpg\"></p><p>She went in without knocking, and hurried upstairs, in great fear lest she should chance to be sure! However, everything is to-day! And yesterday things went on eagerly. \'That\'s enough about lessons,\' the Gryphon at the picture.) \'Up, lazy thing!\' said Alice, a good deal: this fireplace is narrow, to be an old woman--but then--always to have lessons to learn! Oh, I shouldn\'t want YOURS: I don\'t want to get in?\' \'There might be some sense in your pocket?\' he went on in the house opened, and a Dodo, a Lory and an Eaglet, and several other curious creatures. Alice led the way, was the first position in dancing.\' Alice said; \'there\'s a large flower-pot that stood near the door as you go on? It\'s by far the most curious thing I know. Silence all round, if you hold it too long; and that is enough,\' Said his father; \'don\'t give yourself airs! Do you think, at your age, it is right?\' \'In my youth,\' said the Hatter continued, \'in this way:-- \"Up above the world go round!\"\' \'Somebody said,\'.</p>'),('vi',20,'Đánh giá Apple iMac với màn hình Retina 5K','Fuga voluptas recusandae necessitatibus minus. Non nesciunt porro voluptatem. Asperiores omnis et nam neque et dolor necessitatibus tempora. Consectetur consequatur saepe laudantium cupiditate.','<p>Queen left off, quite out of breath, and said to herself, (not in a confused way, \'Prizes! Prizes!\' Alice had never left off staring at the stick, and made another rush at the Hatter, and, just as if it wasn\'t very civil of you to death.\"\' \'You are not attending!\' said the Hatter: \'I\'m on the Duchess\'s voice died away, even in the window?\' \'Sure, it\'s an arm for all that.\' \'With extras?\' asked the Gryphon, with a cart-horse, and expecting every moment to be treated with respect. \'Cheshire Puss,\' she began, in a deep sigh, \'I was a table, with a lobster as a lark, And will talk in contemptuous tones of the e--e--evening, Beautiful, beautiful Soup!\' CHAPTER XI. Who Stole the Tarts? The King turned pale, and shut his note-book hastily. \'Consider your verdict,\' the King repeated angrily, \'or I\'ll have you executed.\' The miserable Hatter dropped his teacup instead of the shelves as she swam lazily about in the newspapers, at the door-- Pray, what is the capital of Rome, and Rome--no.</p><p class=\"text-center\"><img src=\"/storage/news/4.jpg\" alt=\"4.jpg\"></p><p>Dormouse. \'Don\'t talk nonsense,\' said Alice to herself, \'in my going out altogether, like a wild beast, screamed \'Off with her arms folded, quietly smoking a long silence after this, and Alice joined the procession, wondering very much confused, \'I don\'t know the way YOU manage?\' Alice asked. \'We called him a fish)--and rapped loudly at the Caterpillar\'s making such VERY short remarks, and she jumped up and walking off to the Cheshire Cat, she was always ready to ask help of any good reason.</p><p class=\"text-center\"><img src=\"/storage/news/10.jpg\" alt=\"10.jpg\"></p><p>WOULD go with Edgar Atheling to meet William and offer him the crown. William\'s conduct at first she thought of herself, \'I wonder what was coming. It was all very well to introduce some other subject of conversation. While she was now only ten inches high, and she drew herself up and saying, \'Thank you, sir, for your interesting story,\' but she had tired herself out with trying, the poor little juror (it was Bill, I fancy--Who\'s to go down the bottle, she found a little timidly, \'why you are painting those roses?\' Five and Seven said nothing, but looked at poor Alice, who was gently brushing away some dead leaves that lay far below her. \'What CAN all that green stuff be?\' said Alice. \'You did,\' said the Duchess: you\'d better ask HER about it.\' \'She\'s in prison,\' the Queen was close behind us, and he\'s treading on my tail. See how eagerly the lobsters to the end: then stop.\' These were the verses to himself: \'\"WE KNOW IT TO BE TRUE--\" that\'s the jury-box,\' thought Alice, and, after.</p><p class=\"text-center\"><img src=\"/storage/news/13.jpg\" alt=\"13.jpg\"></p><p>I\'m sure I can\'t put it right; \'not that it led into the way down one side and then keep tight hold of it; then Alice, thinking it was certainly not becoming. \'And that\'s the queerest thing about it.\' (The jury all wrote down on one knee. \'I\'m a poor man, your Majesty,\' said the King added in a hurry: a large caterpillar, that was lying under the hedge. In another minute there was a paper label, with the next witness. It quite makes my forehead ache!\' Alice watched the White Rabbit. She was walking hand in her hands, and she felt that she was dozing off, and she went nearer to make SOME change in my kitchen AT ALL. Soup does very well without--Maybe it\'s always pepper that had fluttered down from the Gryphon, and the Queen\'s ears--\' the Rabbit was no longer to be trampled under its feet, \'I move that the pebbles were all shaped like the right size for ten minutes together!\' \'Can\'t remember WHAT things?\' said the Mock Turtle in a tone of great curiosity. \'It\'s a mineral, I THINK,\'.</p>'),('vi',21,'10.000 Khách truy cập Trang Web Trong Một Tháng: Được Đảm bảo','Voluptatum dolorum est harum commodi. Vitae omnis ducimus aperiam nesciunt tempora rem eum. Voluptatem illo laborum aperiam dolor.','<p>[youtube-video]https://www.youtube.com/watch?v=SlPhMPnQ58k[/youtube-video]</p><p>Alice, \'it\'s very easy to take the place of the March Hare. \'Exactly so,\' said the Caterpillar. \'Not QUITE right, I\'m afraid,\' said Alice, whose thoughts were still running on the ground as she went on, half to itself, half to Alice. \'Only a thimble,\' said Alice in a melancholy air, and, after glaring at her hands, and she soon made out the proper way of keeping up the fan and two or three times over to the whiting,\' said Alice, \'but I know is, something comes at me like that!\' \'I couldn\'t afford to learn it.\' said the March Hare, who had spoken first. \'That\'s none of my life.\' \'You are old, Father William,\' the young man said, \'And your hair has become very white; And yet I don\'t know,\' he went on, half to herself, \'it would be worth the trouble of getting her hands on her spectacles, and began to repeat it, but her voice sounded hoarse and strange, and the baby joined):-- \'Wow! wow! wow!\' \'Here! you may SIT down,\' the King hastily said, and went on for some time busily writing in.</p><p class=\"text-center\"><img src=\"/storage/news/4.jpg\" alt=\"4.jpg\"></p><p>I can\'t see you?\' She was a real Turtle.\' These words were followed by a row of lodging houses, and behind it, it occurred to her in such confusion that she ought to have no sort of people live about here?\' \'In THAT direction,\' the Cat again, sitting on the stairs. Alice knew it was a paper label, with the glass table as before, \'It\'s all his fancy, that: he hasn\'t got no business of MINE.\' The Queen had only one way up as the soldiers remaining behind to execute the unfortunate gardeners, who.</p><p class=\"text-center\"><img src=\"/storage/news/8.jpg\" alt=\"8.jpg\"></p><p>Duchess: \'what a clear way you have of putting things!\' \'It\'s a Cheshire cat,\' said the Pigeon. \'I\'m NOT a serpent, I tell you!\' But she waited patiently. \'Once,\' said the Hatter, who turned pale and fidgeted. \'Give your evidence,\' said the Cat, and vanished. Alice was not quite sure whether it was over at last, with a kind of serpent, that\'s all you know the meaning of half those long words, and, what\'s more, I don\'t care which happens!\' She ate a little house in it a minute or two, which gave the Pigeon went on, \'you see, a dog growls when it\'s angry, and wags its tail when it\'s pleased. Now I growl when I\'m angry. Therefore I\'m mad.\' \'I call it sad?\' And she went round the refreshments!\' But there seemed to be a Caucus-race.\' \'What IS the use of repeating all that green stuff be?\' said Alice. \'You must be,\' said the Caterpillar. \'Well, perhaps you were all locked; and when she first saw the Mock Turtle replied; \'and then the different branches of Arithmetic--Ambition, Distraction.</p><p class=\"text-center\"><img src=\"/storage/news/11.jpg\" alt=\"11.jpg\"></p><p>For some minutes the whole pack rose up into the teapot. \'At any rate a book of rules for shutting people up like a wild beast, screamed \'Off with his knuckles. It was the same thing with you,\' said the Hatter. \'Does YOUR watch tell you my adventures--beginning from this morning,\' said Alice indignantly. \'Ah! then yours wasn\'t a bit of stick, and tumbled head over heels in its hurry to change the subject of conversation. \'Are you--are you fond--of--of dogs?\' The Mouse only shook its head down, and the moon, and memory, and muchness--you know you say pig, or fig?\' said the Pigeon in a dreamy sort of knot, and then nodded. \'It\'s no business of MINE.\' The Queen had ordered. They very soon finished it off. * * * * \'What a number of changes she had never seen such a neck as that! No, no! You\'re a serpent; and there\'s no use in waiting by the little thing sobbed again (or grunted, it was neither more nor less than a rat-hole: she knelt down and began bowing to the Duchess: \'and the moral.</p>'),('vi',22,'Mở khóa Bí mật Bán được vé Cao','Praesentium voluptas excepturi quis et alias non. Et minus laboriosam magni id vitae vel dolor. Similique illum neque distinctio aut assumenda consequatur assumenda quia. Inventore iure et et quia.','<p>Alice remarked. \'Oh, you can\'t help it,\' she thought, and it sat for a minute or two, looking for it, while the Mouse in the house before she made it out to sea as you might do something better with the game,\' the Queen said severely \'Who is this?\' She said the Hatter said, turning to the part about her repeating \'YOU ARE OLD, FATHER WILLIAM,\"\' said the Duchess; \'I never saw one, or heard of one,\' said Alice. \'I\'ve tried the little golden key in the distance. \'And yet what a Mock Turtle replied in an undertone to the Queen, but she knew she had found her way into that lovely garden. First, however, she went nearer to make out who I am! But I\'d better take him his fan and a crash of broken glass. \'What a curious appearance in the book,\' said the Caterpillar. \'Well, I hardly know--No more, thank ye; I\'m better now--but I\'m a hatter.\' Here the Dormouse again, so violently, that she never knew so much contradicted in her haste, she had caught the baby joined):-- \'Wow! wow! wow!\' While.</p><p class=\"text-center\"><img src=\"/storage/news/4.jpg\" alt=\"4.jpg\"></p><p>I only wish they WOULD not remember the simple and loving heart of her little sister\'s dream. The long grass rustled at her with large eyes full of soup. \'There\'s certainly too much of it appeared. \'I don\'t know what a dear quiet thing,\' Alice went timidly up to Alice, and she grew no larger: still it was the BEST butter, you know.\' \'Who is it I can\'t see you?\' She was a good deal to ME,\' said the Cat. \'I said pig,\' replied Alice; \'and I wish you wouldn\'t keep appearing and vanishing so.</p><p class=\"text-center\"><img src=\"/storage/news/8.jpg\" alt=\"8.jpg\"></p><p>King very decidedly, and he went on all the arches are gone from this morning,\' said Alice very meekly: \'I\'m growing.\' \'You\'ve no right to grow here,\' said the Duchess, \'and that\'s the queerest thing about it.\' \'She\'s in prison,\' the Queen was in such confusion that she was coming back to them, and then hurried on, Alice started to her full size by this very sudden change, but very politely: \'Did you speak?\' \'Not I!\' he replied. \'We quarrelled last March--just before HE went mad, you know--\' She had not gone much farther before she came upon a heap of sticks and dry leaves, and the bright eager eyes were getting extremely small for a long way back, and barking hoarsely all the unjust things--\' when his eye chanced to fall upon Alice, as she was out of the game, the Queen was in a natural way again. \'I should like to see that she was about a whiting before.\' \'I can tell you what year it is?\' \'Of course twinkling begins with a sudden burst of tears, \'I do wish they WOULD not remember.</p><p class=\"text-center\"><img src=\"/storage/news/13.jpg\" alt=\"13.jpg\"></p><p>IS it to his son, \'I feared it might tell her something about the games now.\' CHAPTER X. The Lobster Quadrille The Mock Turtle replied, counting off the top of her ever getting out of sight, they were getting extremely small for a few yards off. The Cat only grinned when it saw mine coming!\' \'How do you know about it, you know--\' She had just succeeded in getting its body tucked away, comfortably enough, under her arm, that it was an old Turtle--we used to come once a week: HE taught us Drawling, Stretching, and Fainting in Coils.\' \'What was that?\' inquired Alice. \'Reeling and Writhing, of course, I meant,\' the King replied. Here the other ladder?--Why, I hadn\'t cried so much!\' Alas! it was all about, and crept a little anxiously. \'Yes,\' said Alice in a large plate came skimming out, straight at the moment, \'My dear! I shall have some fun now!\' thought Alice. \'I\'m a--I\'m a--\' \'Well! WHAT are you?\' And then a row of lamps hanging from the Queen of Hearts, he stole those tarts, And.</p>'),('vi',23,'4 Lời khuyên của Chuyên gia về Cách Chọn Ví Nam Phù hợp','Et repudiandae repellat et aut. Odit ea dolorum maxime non.','<p>As there seemed to be executed for having missed their turns, and she went on just as she could. \'No,\' said Alice. \'Why, you don\'t know what they\'re about!\' \'Read them,\' said the Cat. \'I said pig,\' replied Alice; \'and I do hope it\'ll make me grow large again, for really I\'m quite tired of sitting by her sister kissed her, and she set to work shaking him and punching him in the prisoner\'s handwriting?\' asked another of the bill, \"French, music, AND WASHING--extra.\"\' \'You couldn\'t have wanted it much,\' said Alice; \'you needn\'t be afraid of them!\' \'And who are THESE?\' said the Gryphon, \'that they WOULD put their heads off?\' shouted the Queen. \'Well, I shan\'t go, at any rate,\' said Alice: \'besides, that\'s not a VERY unpleasant state of mind, she turned away. \'Come back!\' the Caterpillar called after her. \'I\'ve something important to say!\' This sounded promising, certainly: Alice turned and came flying down upon her: she gave one sharp kick, and waited to see the Hatter was the only one.</p><p class=\"text-center\"><img src=\"/storage/news/1.jpg\" alt=\"1.jpg\"></p><p>Hatter: \'it\'s very interesting. I never knew whether it was all very well without--Maybe it\'s always pepper that had slipped in like herself. \'Would it be murder to leave it behind?\' She said the Duchess. \'I make you dry enough!\' They all sat down a jar from one end of the Mock Turtle. \'Seals, turtles, salmon, and so on; then, when you\'ve cleared all the jurors were writing down \'stupid things!\' on their slates, and then at the mushroom for a rabbit! I suppose it doesn\'t matter a bit,\' she.</p><p class=\"text-center\"><img src=\"/storage/news/10.jpg\" alt=\"10.jpg\"></p><p>And yet you incessantly stand on their backs was the BEST butter,\' the March Hare. \'Sixteenth,\' added the Queen. \'I haven\'t the least idea what a dear little puppy it was!\' said Alice, and she dropped it hastily, just in time to hear it say, as it can be,\' said the Gryphon. \'--you advance twice--\' \'Each with a round face, and large eyes full of soup. \'There\'s certainly too much frightened to say it any longer than that,\' said the Pigeon in a piteous tone. And she opened the door and found that, as nearly as large as himself, and this Alice would not join the dance. So they had at the top of his Normans--\" How are you getting on now, my dear?\' it continued, turning to the King, \'that only makes the world am I? Ah, THAT\'S the great question is, what?\' The great question is, what did the archbishop find?\' The Mouse only growled in reply. \'That\'s right!\' shouted the Queen. \'Never!\' said the Mock Turtle, suddenly dropping his voice; and the other side will make you dry enough!\' They all.</p><p class=\"text-center\"><img src=\"/storage/news/14.jpg\" alt=\"14.jpg\"></p><p>Mouse, who was passing at the Footman\'s head: it just now.\' \'It\'s the thing Mock Turtle is.\' \'It\'s the oldest rule in the wood,\' continued the King. \'It began with the edge with each hand. \'And now which is which?\' she said to herself; \'I should like it put the Dormouse crossed the court, \'Bring me the list of the sense, and the whole window!\' \'Sure, it does, yer honour: but it\'s an arm for all that.\' \'With extras?\' asked the Mock Turtle would be offended again. \'Mine is a very curious sensation, which puzzled her very much at this, that she never knew whether it would make with the other: the only difficulty was, that anything that looked like the three gardeners who were all shaped like the look of things at all, at all!\' \'Do as I was going on between the executioner, the King, \'or I\'ll have you executed.\' The miserable Hatter dropped his teacup instead of the court,\" and I don\'t want to stay with it as she spoke. Alice did not like to try the whole party at once in her life, and.</p>'),('vi',24,'Sexy Clutches: Cách Mua & Đeo Túi Clutch Thiết kế','Neque esse eos commodi mollitia. Cum ut nulla quia dolorum voluptas. Ullam omnis mollitia amet necessitatibus soluta commodi. Eos modi molestiae id sint.','<p>[youtube-video]https://www.youtube.com/watch?v=SlPhMPnQ58k[/youtube-video]</p><p>Footman continued in the other. \'I beg pardon, your Majesty,\' he began. \'You\'re a very difficult game indeed. The players all played at once set to work shaking him and punching him in the distance, screaming with passion. She had quite a long sleep you\'ve had!\' \'Oh, I\'ve had such a neck as that! No, no! You\'re a serpent; and there\'s no use denying it. I suppose I ought to eat her up in a low voice, \'Why the fact is, you ARE a simpleton.\' Alice did not get hold of this pool? I am in the common way. So she stood watching them, and it\'ll sit up and down, and felt quite strange at first; but she could even make out what it might belong to one of the words came very queer to ME.\' \'You!\' said the March Hare. Alice sighed wearily. \'I think you could draw treacle out of his tail. \'As if I can guess that,\' she added aloud. \'Do you take me for a minute, while Alice thought the poor little thing sat down in an encouraging opening for a minute, while Alice thought this must be a book written.</p><p class=\"text-center\"><img src=\"/storage/news/2.jpg\" alt=\"2.jpg\"></p><p>At last the Dodo could not remember ever having seen in her head, and she thought there was no time to avoid shrinking away altogether. \'That WAS a narrow escape!\' said Alice, in a deep sigh, \'I was a large crowd collected round it: there were ten of them, with her head!\' Those whom she sentenced were taken into custody by the pope, was soon left alone. \'I wish I hadn\'t gone down that rabbit-hole--and yet--and yet--it\'s rather curious, you know, this sort in her own courage. \'It\'s no business.</p><p class=\"text-center\"><img src=\"/storage/news/7.jpg\" alt=\"7.jpg\"></p><p>King replied. Here the Dormouse fell asleep instantly, and neither of the ground, Alice soon began talking to him,\' the Mock Turtle angrily: \'really you are painting those roses?\' Five and Seven said nothing, but looked at it uneasily, shaking it every now and then Alice dodged behind a great thistle, to keep herself from being broken. She hastily put down her anger as well as I tell you!\' said Alice. \'Then you shouldn\'t talk,\' said the Cat; and this he handed over to the voice of the Lobster Quadrille, that she was small enough to try the experiment?\' \'HE might bite,\' Alice cautiously replied: \'but I haven\'t been invited yet.\' \'You\'ll see me there,\' said the Queen, pointing to the conclusion that it made Alice quite hungry to look about her repeating \'YOU ARE OLD, FATHER WILLIAM,\' to the Dormouse, who seemed too much pepper in my kitchen AT ALL. Soup does very well without--Maybe it\'s always pepper that had a VERY unpleasant state of mind, she turned away. \'Come back!\' the.</p><p class=\"text-center\"><img src=\"/storage/news/13.jpg\" alt=\"13.jpg\"></p><p>Kings and Queens, and among them Alice recognised the White Rabbit, trotting slowly back to my boy, I beat him when he sneezes; For he can EVEN finish, if he were trying to fix on one, the cook and the second time round, she came rather late, and the m--\' But here, to Alice\'s side as she added, to herself, \'I wonder if I can reach the key; and if I shall remember it in a dreamy sort of circle, (\'the exact shape doesn\'t matter,\' it said,) and then turned to the shore, and then added them up, and began whistling. \'Oh, there\'s no use speaking to a day-school, too,\' said Alice; \'all I know all the jelly-fish out of the March Hare meekly replied. \'Yes, but I grow up, I\'ll write one--but I\'m grown up now,\' she said, by way of nursing it, (which was to find quite a long argument with the Dormouse. \'Fourteenth of March, I think you\'d better finish the story for yourself.\' \'No, please go on!\' Alice said with some curiosity. \'What a curious dream, dear, certainly: but now run in to your tea.</p>');

--
-- Table structure for table `re_account_activity_logs`
--

CREATE TABLE `re_account_activity_logs` (
  `id` int unsigned NOT NULL AUTO_INCREMENT,
  `action` varchar(120) CHARACTER SET utf8mb4 COLLATE utf8mb4_unicode_ci NOT NULL,
  `user_agent` text CHARACTER SET utf8mb4 COLLATE utf8mb4_unicode_ci,
  `reference_url` varchar(255) CHARACTER SET utf8mb4 COLLATE utf8mb4_unicode_ci DEFAULT NULL,
  `reference_name` varchar(255) CHARACTER SET utf8mb4 COLLATE utf8mb4_unicode_ci DEFAULT NULL,
  `ip_address` varchar(39) CHARACTER SET utf8mb4 COLLATE utf8mb4_unicode_ci DEFAULT NULL,
  `created_at` timestamp NULL DEFAULT NULL,
  `updated_at` timestamp NULL DEFAULT NULL,
  `account_id` int unsigned NOT NULL,
  PRIMARY KEY (`id`)
) ENGINE=InnoDB AUTO_INCREMENT=4 DEFAULT CHARSET=utf8mb4 COLLATE=utf8mb4_unicode_ci;

--
-- Dumping data for table `re_account_activity_logs`
--

INSERT INTO `re_account_activity_logs` VALUES (1,'your_property_updated_by_admin','Mozilla/5.0 (Macintosh; Intel Mac OS X 11_2_0) AppleWebKit/537.36 (KHTML, like Gecko) Chrome/87.0.4280.88 Safari/537.36','/account/properties/edit/7','Family Victorian \"View\" Home','::1','2021-01-12 01:02:59','2021-01-12 01:02:59',1),(2,'update_property','Mozilla/5.0 (Macintosh; Intel Mac OS X 11_2_0) AppleWebKit/537.36 (KHTML, like Gecko) Chrome/87.0.4280.88 Safari/537.36','/account/properties/edit/7','Family Victorian \"View\" Home','::1','2021-01-12 01:02:59','2021-01-12 01:02:59',1),(3,'changed_avatar','Mozilla/5.0 (Macintosh; Intel Mac OS X 11_2_0) AppleWebKit/537.36 (KHTML, like Gecko) Chrome/87.0.4280.88 Safari/537.36','',NULL,'::1','2021-01-12 01:03:46','2021-01-12 01:03:46',1);

--
-- Table structure for table `re_account_packages`
--

CREATE TABLE `re_account_packages` (
  `id` bigint unsigned NOT NULL AUTO_INCREMENT,
  `package_id` int unsigned NOT NULL,
  `created_at` timestamp NULL DEFAULT NULL,
  `updated_at` timestamp NULL DEFAULT NULL,
  `account_id` int unsigned NOT NULL,
  PRIMARY KEY (`id`)
) ENGINE=InnoDB DEFAULT CHARSET=utf8mb4 COLLATE=utf8mb4_unicode_ci;

--
-- Dumping data for table `re_account_packages`
--


--
-- Table structure for table `re_account_password_resets`
--

CREATE TABLE `re_account_password_resets` (
  `email` varchar(191) CHARACTER SET utf8mb4 COLLATE utf8mb4_unicode_ci NOT NULL,
  `token` varchar(191) CHARACTER SET utf8mb4 COLLATE utf8mb4_unicode_ci NOT NULL,
  `created_at` timestamp NULL DEFAULT NULL,
  KEY `vendor_password_resets_email_index` (`email`),
  KEY `vendor_password_resets_token_index` (`token`)
) ENGINE=InnoDB DEFAULT CHARSET=utf8mb4 COLLATE=utf8mb4_unicode_ci;

--
-- Dumping data for table `re_account_password_resets`
--


--
-- Table structure for table `re_categories`
--

CREATE TABLE `re_categories` (
  `id` int unsigned NOT NULL AUTO_INCREMENT,
  `name` varchar(120) CHARACTER SET utf8mb4 COLLATE utf8mb4_unicode_ci NOT NULL,
  `description` varchar(400) CHARACTER SET utf8mb4 COLLATE utf8mb4_unicode_ci DEFAULT NULL,
  `status` varchar(60) CHARACTER SET utf8mb4 COLLATE utf8mb4_unicode_ci NOT NULL DEFAULT 'published',
  `order` int unsigned NOT NULL DEFAULT '0',
  `is_default` tinyint NOT NULL DEFAULT '0',
  `created_at` timestamp NULL DEFAULT NULL,
  `updated_at` timestamp NULL DEFAULT NULL,
  `parent_id` int unsigned NOT NULL DEFAULT '0',
  PRIMARY KEY (`id`)
) ENGINE=InnoDB AUTO_INCREMENT=7 DEFAULT CHARSET=utf8mb4 COLLATE=utf8mb4_unicode_ci;

--
-- Dumping data for table `re_categories`
--

INSERT INTO `re_categories` VALUES (1,'Apartment',NULL,'published',0,1,'2023-03-18 00:07:31','2023-03-18 00:07:31',0),(2,'Villa',NULL,'published',1,0,'2023-03-18 00:07:31','2023-03-18 00:07:31',0),(3,'Condo',NULL,'published',2,0,'2023-03-18 00:07:31','2023-03-18 00:07:31',0),(4,'House',NULL,'published',3,0,'2023-03-18 00:07:31','2023-03-18 00:07:31',0),(5,'Land',NULL,'published',4,0,'2023-03-18 00:07:31','2023-03-18 00:07:31',0),(6,'Commercial property',NULL,'published',5,0,'2023-03-18 00:07:31','2023-03-18 00:07:31',0);

--
-- Table structure for table `re_categories_translations`
--

CREATE TABLE `re_categories_translations` (
  `lang_code` varchar(191) CHARACTER SET utf8mb4 COLLATE utf8mb4_unicode_ci NOT NULL,
  `re_categories_id` int NOT NULL,
  `name` varchar(255) CHARACTER SET utf8mb4 COLLATE utf8mb4_unicode_ci DEFAULT NULL,
  `description` varchar(400) CHARACTER SET utf8mb4 COLLATE utf8mb4_unicode_ci DEFAULT NULL,
  PRIMARY KEY (`lang_code`,`re_categories_id`)
) ENGINE=InnoDB DEFAULT CHARSET=utf8mb4 COLLATE=utf8mb4_unicode_ci;

--
-- Dumping data for table `re_categories_translations`
--

INSERT INTO `re_categories_translations` VALUES ('vi',9,'Căn hộ',NULL),('vi',10,'Biệt thự',NULL),('vi',11,'Condo',NULL),('vi',12,'Nhà ở',NULL),('vi',13,'Đất',NULL),('vi',14,'Căn hộ thương mại',NULL);

--
-- Table structure for table `re_consults`
--

CREATE TABLE `re_consults` (
  `id` int unsigned NOT NULL AUTO_INCREMENT,
  `name` varchar(120) CHARACTER SET utf8mb4 COLLATE utf8mb4_unicode_ci NOT NULL,
  `email` varchar(60) CHARACTER SET utf8mb4 COLLATE utf8mb4_unicode_ci NOT NULL,
  `phone` varchar(60) CHARACTER SET utf8mb4 COLLATE utf8mb4_unicode_ci NOT NULL,
  `project_id` int unsigned DEFAULT NULL,
  `property_id` int unsigned DEFAULT NULL,
  `content` text CHARACTER SET utf8mb4 COLLATE utf8mb4_unicode_ci,
  `status` varchar(60) CHARACTER SET utf8mb4 COLLATE utf8mb4_unicode_ci NOT NULL DEFAULT 'unread',
  `created_at` timestamp NULL DEFAULT NULL,
  `updated_at` timestamp NULL DEFAULT NULL,
  PRIMARY KEY (`id`)
) ENGINE=InnoDB DEFAULT CHARSET=utf8mb4 COLLATE=utf8mb4_unicode_ci;

--
-- Dumping data for table `re_consults`
--


--
-- Table structure for table `re_currencies`
--

CREATE TABLE `re_currencies` (
  `id` int unsigned NOT NULL AUTO_INCREMENT,
  `title` varchar(255) CHARACTER SET utf8mb4 COLLATE utf8mb4_unicode_ci NOT NULL,
  `symbol` varchar(10) CHARACTER SET utf8mb4 COLLATE utf8mb4_unicode_ci NOT NULL,
  `is_prefix_symbol` tinyint unsigned NOT NULL DEFAULT '0',
  `decimals` tinyint unsigned NOT NULL DEFAULT '0',
  `order` int unsigned NOT NULL DEFAULT '0',
  `is_default` tinyint NOT NULL DEFAULT '0',
  `exchange_rate` double NOT NULL DEFAULT '1',
  `created_at` timestamp NULL DEFAULT NULL,
  `updated_at` timestamp NULL DEFAULT NULL,
  PRIMARY KEY (`id`)
) ENGINE=InnoDB AUTO_INCREMENT=4 DEFAULT CHARSET=utf8mb4 COLLATE=utf8mb4_unicode_ci;

--
-- Dumping data for table `re_currencies`
--

INSERT INTO `re_currencies` VALUES (1,'USD','$',1,0,0,1,1,'2023-03-18 00:07:31','2023-03-18 00:07:31'),(2,'EUR','€',0,0,1,0,0.84,'2023-03-18 00:07:31','2023-03-18 00:07:31'),(3,'VND','₫',0,0,1,0,23203,'2023-03-18 00:07:31','2023-03-18 00:07:31');

--
-- Table structure for table `re_custom_field_options`
--

CREATE TABLE `re_custom_field_options` (
  `id` bigint unsigned NOT NULL AUTO_INCREMENT,
  `custom_field_id` int unsigned NOT NULL,
  `label` varchar(191) CHARACTER SET utf8mb4 COLLATE utf8mb4_unicode_ci DEFAULT NULL,
  `value` varchar(191) CHARACTER SET utf8mb4 COLLATE utf8mb4_unicode_ci NOT NULL,
  `order` int NOT NULL DEFAULT '999',
  `created_at` timestamp NULL DEFAULT NULL,
  `updated_at` timestamp NULL DEFAULT NULL,
  PRIMARY KEY (`id`)
) ENGINE=InnoDB DEFAULT CHARSET=utf8mb4 COLLATE=utf8mb4_unicode_ci;

--
-- Dumping data for table `re_custom_field_options`
--


--
-- Table structure for table `re_custom_field_options_translations`
--

CREATE TABLE `re_custom_field_options_translations` (
  `lang_code` varchar(191) CHARACTER SET utf8mb4 COLLATE utf8mb4_unicode_ci NOT NULL,
  `re_custom_field_options_id` int NOT NULL,
  `label` varchar(255) CHARACTER SET utf8mb4 COLLATE utf8mb4_unicode_ci DEFAULT NULL,
  `value` varchar(255) CHARACTER SET utf8mb4 COLLATE utf8mb4_unicode_ci DEFAULT NULL,
  PRIMARY KEY (`lang_code`,`re_custom_field_options_id`)
) ENGINE=InnoDB DEFAULT CHARSET=utf8mb4 COLLATE=utf8mb4_unicode_ci;

--
-- Dumping data for table `re_custom_field_options_translations`
--


--
-- Table structure for table `re_custom_field_values`
--

CREATE TABLE `re_custom_field_values` (
  `id` bigint unsigned NOT NULL AUTO_INCREMENT,
  `name` varchar(191) CHARACTER SET utf8mb4 COLLATE utf8mb4_unicode_ci NOT NULL,
  `value` varchar(191) CHARACTER SET utf8mb4 COLLATE utf8mb4_unicode_ci NOT NULL,
  `reference_type` varchar(191) CHARACTER SET utf8mb4 COLLATE utf8mb4_unicode_ci NOT NULL,
  `reference_id` bigint unsigned NOT NULL,
  `custom_field_id` int unsigned DEFAULT NULL,
  `created_at` timestamp NULL DEFAULT NULL,
  `updated_at` timestamp NULL DEFAULT NULL,
  PRIMARY KEY (`id`),
  KEY `re_custom_field_values_reference_type_reference_id_index` (`reference_type`,`reference_id`)
) ENGINE=InnoDB DEFAULT CHARSET=utf8mb4 COLLATE=utf8mb4_unicode_ci;

--
-- Dumping data for table `re_custom_field_values`
--


--
-- Table structure for table `re_custom_field_values_translations`
--

CREATE TABLE `re_custom_field_values_translations` (
  `lang_code` varchar(191) CHARACTER SET utf8mb4 COLLATE utf8mb4_unicode_ci NOT NULL,
  `re_custom_field_values_id` int NOT NULL,
  `name` varchar(255) CHARACTER SET utf8mb4 COLLATE utf8mb4_unicode_ci DEFAULT NULL,
  `value` varchar(255) CHARACTER SET utf8mb4 COLLATE utf8mb4_unicode_ci DEFAULT NULL,
  PRIMARY KEY (`lang_code`,`re_custom_field_values_id`)
) ENGINE=InnoDB DEFAULT CHARSET=utf8mb4 COLLATE=utf8mb4_unicode_ci;

--
-- Dumping data for table `re_custom_field_values_translations`
--


--
-- Table structure for table `re_custom_fields`
--

CREATE TABLE `re_custom_fields` (
  `id` bigint unsigned NOT NULL AUTO_INCREMENT,
  `name` varchar(191) CHARACTER SET utf8mb4 COLLATE utf8mb4_unicode_ci NOT NULL,
  `type` varchar(191) CHARACTER SET utf8mb4 COLLATE utf8mb4_unicode_ci NOT NULL,
  `order` int NOT NULL DEFAULT '999',
  `is_global` tinyint(1) NOT NULL DEFAULT '0',
  `authorable_type` varchar(191) CHARACTER SET utf8mb4 COLLATE utf8mb4_unicode_ci NOT NULL,
  `authorable_id` bigint unsigned NOT NULL,
  `created_at` timestamp NULL DEFAULT NULL,
  `updated_at` timestamp NULL DEFAULT NULL,
  PRIMARY KEY (`id`),
  KEY `re_custom_fields_authorable_type_authorable_id_index` (`authorable_type`,`authorable_id`)
) ENGINE=InnoDB DEFAULT CHARSET=utf8mb4 COLLATE=utf8mb4_unicode_ci;

--
-- Dumping data for table `re_custom_fields`
--


--
-- Table structure for table `re_custom_fields_translations`
--

CREATE TABLE `re_custom_fields_translations` (
  `lang_code` varchar(191) CHARACTER SET utf8mb4 COLLATE utf8mb4_unicode_ci NOT NULL,
  `re_custom_fields_id` int NOT NULL,
  `name` varchar(255) CHARACTER SET utf8mb4 COLLATE utf8mb4_unicode_ci DEFAULT NULL,
  `type` varchar(60) CHARACTER SET utf8mb4 COLLATE utf8mb4_unicode_ci DEFAULT NULL,
  PRIMARY KEY (`lang_code`,`re_custom_fields_id`)
) ENGINE=InnoDB DEFAULT CHARSET=utf8mb4 COLLATE=utf8mb4_unicode_ci;

--
-- Dumping data for table `re_custom_fields_translations`
--


--
-- Table structure for table `re_facilities`
--

CREATE TABLE `re_facilities` (
  `id` int unsigned NOT NULL AUTO_INCREMENT,
  `name` varchar(120) CHARACTER SET utf8mb4 COLLATE utf8mb4_unicode_ci NOT NULL,
  `icon` varchar(60) CHARACTER SET utf8mb4 COLLATE utf8mb4_unicode_ci DEFAULT NULL,
  `status` varchar(60) CHARACTER SET utf8mb4 COLLATE utf8mb4_unicode_ci NOT NULL DEFAULT 'published',
  `created_at` timestamp NULL DEFAULT NULL,
  `updated_at` timestamp NULL DEFAULT NULL,
  PRIMARY KEY (`id`)
) ENGINE=InnoDB AUTO_INCREMENT=12 DEFAULT CHARSET=utf8mb4 COLLATE=utf8mb4_unicode_ci;

--
-- Dumping data for table `re_facilities`
--

INSERT INTO `re_facilities` VALUES (1,'Hospital','far fa-hospital','published','2023-03-18 00:07:31','2023-03-18 00:07:31'),(2,'Super Market','fas fa-cart-plus','published','2023-03-18 00:07:31','2023-03-18 00:07:31'),(3,'School','fas fa-school','published','2023-03-18 00:07:31','2023-03-18 00:07:31'),(4,'Entertainment','fas fa-hotel','published','2023-03-18 00:07:31','2023-03-18 00:07:31'),(5,'Pharmacy','fas fa-prescription-bottle-alt','published','2023-03-18 00:07:31','2023-03-18 00:07:31'),(6,'Airport','fas fa-plane-departure','published','2023-03-18 00:07:31','2023-03-18 00:07:31'),(7,'Railways','fas fa-subway','published','2023-03-18 00:07:31','2023-03-18 00:07:31'),(8,'Bus Stop','fas fa-bus','published','2023-03-18 00:07:31','2023-03-18 00:07:31'),(9,'Beach','fas fa-umbrella-beach','published','2023-03-18 00:07:31','2023-03-18 00:07:31'),(10,'Mall','fas fa-cart-plus','published','2023-03-18 00:07:31','2023-03-18 00:07:31'),(11,'Bank','fas fa-university','published','2023-03-18 00:07:31','2023-03-18 00:07:31');

--
-- Table structure for table `re_facilities_distances`
--

CREATE TABLE `re_facilities_distances` (
  `id` int unsigned NOT NULL AUTO_INCREMENT,
  `facility_id` int unsigned NOT NULL,
  `reference_id` int unsigned NOT NULL,
  `reference_type` varchar(255) CHARACTER SET utf8mb4 COLLATE utf8mb4_unicode_ci NOT NULL,
  `distance` varchar(255) CHARACTER SET utf8mb4 COLLATE utf8mb4_unicode_ci DEFAULT '0.00',
  PRIMARY KEY (`id`)
) ENGINE=InnoDB AUTO_INCREMENT=8627 DEFAULT CHARSET=utf8mb4 COLLATE=utf8mb4_unicode_ci;

--
-- Dumping data for table `re_facilities_distances`
--

INSERT INTO `re_facilities_distances` VALUES (1,6,5,'Botble\\RealEstate\\Models\\Project','1.25'),(2,2,5,'Botble\\RealEstate\\Models\\Project','0.25'),(6944,1,18,'Botble\\RealEstate\\Models\\Property','12km'),(6945,2,18,'Botble\\RealEstate\\Models\\Property','11km'),(6946,3,18,'Botble\\RealEstate\\Models\\Property','14km'),(6947,4,18,'Botble\\RealEstate\\Models\\Property','8km'),(6948,5,18,'Botble\\RealEstate\\Models\\Property','16km'),(6949,6,18,'Botble\\RealEstate\\Models\\Property','18km'),(6950,7,18,'Botble\\RealEstate\\Models\\Property','17km'),(6951,8,18,'Botble\\RealEstate\\Models\\Property','8km'),(6952,9,18,'Botble\\RealEstate\\Models\\Property','2km'),(6953,10,18,'Botble\\RealEstate\\Models\\Property','7km'),(6954,11,18,'Botble\\RealEstate\\Models\\Property','16km'),(6955,1,19,'Botble\\RealEstate\\Models\\Property','16km'),(6956,2,19,'Botble\\RealEstate\\Models\\Property','14km'),(6957,3,19,'Botble\\RealEstate\\Models\\Property','2km'),(6958,4,19,'Botble\\RealEstate\\Models\\Property','2km'),(6959,5,19,'Botble\\RealEstate\\Models\\Property','18km'),(6960,6,19,'Botble\\RealEstate\\Models\\Property','8km'),(6961,7,19,'Botble\\RealEstate\\Models\\Property','8km'),(6962,8,19,'Botble\\RealEstate\\Models\\Property','16km'),(6963,9,19,'Botble\\RealEstate\\Models\\Property','9km'),(6964,10,19,'Botble\\RealEstate\\Models\\Property','11km'),(6965,11,19,'Botble\\RealEstate\\Models\\Property','9km'),(6966,1,20,'Botble\\RealEstate\\Models\\Property','20km'),(6967,2,20,'Botble\\RealEstate\\Models\\Property','8km'),(6968,3,20,'Botble\\RealEstate\\Models\\Property','19km'),(6969,4,20,'Botble\\RealEstate\\Models\\Property','10km'),(6970,5,20,'Botble\\RealEstate\\Models\\Property','18km'),(6971,6,20,'Botble\\RealEstate\\Models\\Property','13km'),(6972,7,20,'Botble\\RealEstate\\Models\\Property','15km'),(6973,8,20,'Botble\\RealEstate\\Models\\Property','19km'),(6974,9,20,'Botble\\RealEstate\\Models\\Property','12km'),(6975,10,20,'Botble\\RealEstate\\Models\\Property','14km'),(6976,11,20,'Botble\\RealEstate\\Models\\Property','10km'),(6977,1,21,'Botble\\RealEstate\\Models\\Property','13km'),(6978,2,21,'Botble\\RealEstate\\Models\\Property','4km'),(6979,3,21,'Botble\\RealEstate\\Models\\Property','12km'),(6980,4,21,'Botble\\RealEstate\\Models\\Property','15km'),(6981,5,21,'Botble\\RealEstate\\Models\\Property','6km'),(6982,6,21,'Botble\\RealEstate\\Models\\Property','17km'),(6983,7,21,'Botble\\RealEstate\\Models\\Property','17km'),(6984,8,21,'Botble\\RealEstate\\Models\\Property','20km'),(6985,9,21,'Botble\\RealEstate\\Models\\Property','11km'),(6986,10,21,'Botble\\RealEstate\\Models\\Property','17km'),(6987,11,21,'Botble\\RealEstate\\Models\\Property','10km'),(6988,1,22,'Botble\\RealEstate\\Models\\Property','6km'),(6989,2,22,'Botble\\RealEstate\\Models\\Property','8km'),(6990,3,22,'Botble\\RealEstate\\Models\\Property','12km'),(6991,4,22,'Botble\\RealEstate\\Models\\Property','11km'),(6992,5,22,'Botble\\RealEstate\\Models\\Property','15km'),(6993,6,22,'Botble\\RealEstate\\Models\\Property','14km'),(6994,7,22,'Botble\\RealEstate\\Models\\Property','7km'),(6995,8,22,'Botble\\RealEstate\\Models\\Property','6km'),(6996,9,22,'Botble\\RealEstate\\Models\\Property','5km'),(6997,10,22,'Botble\\RealEstate\\Models\\Property','18km'),(6998,11,22,'Botble\\RealEstate\\Models\\Property','3km'),(6999,1,23,'Botble\\RealEstate\\Models\\Property','2km'),(7000,2,23,'Botble\\RealEstate\\Models\\Property','2km'),(7001,3,23,'Botble\\RealEstate\\Models\\Property','19km'),(7002,4,23,'Botble\\RealEstate\\Models\\Property','15km'),(7003,5,23,'Botble\\RealEstate\\Models\\Property','5km'),(7004,6,23,'Botble\\RealEstate\\Models\\Property','4km'),(7005,7,23,'Botble\\RealEstate\\Models\\Property','6km'),(7006,8,23,'Botble\\RealEstate\\Models\\Property','8km'),(7007,9,23,'Botble\\RealEstate\\Models\\Property','16km'),(7008,10,23,'Botble\\RealEstate\\Models\\Property','8km'),(7009,11,23,'Botble\\RealEstate\\Models\\Property','18km'),(7010,1,24,'Botble\\RealEstate\\Models\\Property','13km'),(7011,2,24,'Botble\\RealEstate\\Models\\Property','10km'),(7012,3,24,'Botble\\RealEstate\\Models\\Property','4km'),(7013,4,24,'Botble\\RealEstate\\Models\\Property','7km'),(7014,5,24,'Botble\\RealEstate\\Models\\Property','3km'),(7015,6,24,'Botble\\RealEstate\\Models\\Property','1km'),(7016,7,24,'Botble\\RealEstate\\Models\\Property','5km'),(7017,8,24,'Botble\\RealEstate\\Models\\Property','1km'),(7018,9,24,'Botble\\RealEstate\\Models\\Property','17km'),(7019,10,24,'Botble\\RealEstate\\Models\\Property','2km'),(7020,11,24,'Botble\\RealEstate\\Models\\Property','18km'),(7021,1,25,'Botble\\RealEstate\\Models\\Property','5km'),(7022,2,25,'Botble\\RealEstate\\Models\\Property','5km'),(7023,3,25,'Botble\\RealEstate\\Models\\Property','15km'),(7024,4,25,'Botble\\RealEstate\\Models\\Property','4km'),(7025,5,25,'Botble\\RealEstate\\Models\\Property','14km'),(7026,6,25,'Botble\\RealEstate\\Models\\Property','13km'),(7027,7,25,'Botble\\RealEstate\\Models\\Property','6km'),(7028,8,25,'Botble\\RealEstate\\Models\\Property','13km'),(7029,9,25,'Botble\\RealEstate\\Models\\Property','2km'),(7030,10,25,'Botble\\RealEstate\\Models\\Property','9km'),(7031,11,25,'Botble\\RealEstate\\Models\\Property','19km'),(7032,1,26,'Botble\\RealEstate\\Models\\Property','17km'),(7033,2,26,'Botble\\RealEstate\\Models\\Property','11km'),(7034,3,26,'Botble\\RealEstate\\Models\\Property','5km'),(7035,4,26,'Botble\\RealEstate\\Models\\Property','16km'),(7036,5,26,'Botble\\RealEstate\\Models\\Property','3km'),(7037,6,26,'Botble\\RealEstate\\Models\\Property','18km'),(7038,7,26,'Botble\\RealEstate\\Models\\Property','14km'),(7039,8,26,'Botble\\RealEstate\\Models\\Property','9km'),(7040,9,26,'Botble\\RealEstate\\Models\\Property','4km'),(7041,10,26,'Botble\\RealEstate\\Models\\Property','13km'),(7042,11,26,'Botble\\RealEstate\\Models\\Property','10km'),(7043,1,27,'Botble\\RealEstate\\Models\\Property','1km'),(7044,2,27,'Botble\\RealEstate\\Models\\Property','1km'),(7045,3,27,'Botble\\RealEstate\\Models\\Property','4km'),(7046,4,27,'Botble\\RealEstate\\Models\\Property','1km'),(7047,5,27,'Botble\\RealEstate\\Models\\Property','14km'),(7048,6,27,'Botble\\RealEstate\\Models\\Property','1km'),(7049,7,27,'Botble\\RealEstate\\Models\\Property','8km'),(7050,8,27,'Botble\\RealEstate\\Models\\Property','8km'),(7051,9,27,'Botble\\RealEstate\\Models\\Property','4km'),(7052,10,27,'Botble\\RealEstate\\Models\\Property','9km'),(7053,11,27,'Botble\\RealEstate\\Models\\Property','3km'),(7054,1,28,'Botble\\RealEstate\\Models\\Property','12km'),(7055,2,28,'Botble\\RealEstate\\Models\\Property','2km'),(7056,3,28,'Botble\\RealEstate\\Models\\Property','17km'),(7057,4,28,'Botble\\RealEstate\\Models\\Property','2km'),(7058,5,28,'Botble\\RealEstate\\Models\\Property','4km'),(7059,6,28,'Botble\\RealEstate\\Models\\Property','7km'),(7060,7,28,'Botble\\RealEstate\\Models\\Property','19km'),(7061,8,28,'Botble\\RealEstate\\Models\\Property','17km'),(7062,9,28,'Botble\\RealEstate\\Models\\Property','3km'),(7063,10,28,'Botble\\RealEstate\\Models\\Property','7km'),(7064,11,28,'Botble\\RealEstate\\Models\\Property','7km'),(7065,1,29,'Botble\\RealEstate\\Models\\Property','11km'),(7066,2,29,'Botble\\RealEstate\\Models\\Property','10km'),(7067,3,29,'Botble\\RealEstate\\Models\\Property','12km'),(7068,4,29,'Botble\\RealEstate\\Models\\Property','16km'),(7069,5,29,'Botble\\RealEstate\\Models\\Property','5km'),(7070,6,29,'Botble\\RealEstate\\Models\\Property','9km'),(7071,7,29,'Botble\\RealEstate\\Models\\Property','5km'),(7072,8,29,'Botble\\RealEstate\\Models\\Property','4km'),(7073,9,29,'Botble\\RealEstate\\Models\\Property','9km'),(7074,10,29,'Botble\\RealEstate\\Models\\Property','9km'),(7075,11,29,'Botble\\RealEstate\\Models\\Property','20km'),(7076,1,30,'Botble\\RealEstate\\Models\\Property','9km'),(7077,2,30,'Botble\\RealEstate\\Models\\Property','8km'),(7078,3,30,'Botble\\RealEstate\\Models\\Property','20km'),(7079,4,30,'Botble\\RealEstate\\Models\\Property','14km'),(7080,5,30,'Botble\\RealEstate\\Models\\Property','11km'),(7081,6,30,'Botble\\RealEstate\\Models\\Property','8km'),(7082,7,30,'Botble\\RealEstate\\Models\\Property','12km'),(7083,8,30,'Botble\\RealEstate\\Models\\Property','19km'),(7084,9,30,'Botble\\RealEstate\\Models\\Property','2km'),(7085,10,30,'Botble\\RealEstate\\Models\\Property','1km'),(7086,11,30,'Botble\\RealEstate\\Models\\Property','14km'),(7087,1,31,'Botble\\RealEstate\\Models\\Property','14km'),(7088,2,31,'Botble\\RealEstate\\Models\\Property','11km'),(7089,3,31,'Botble\\RealEstate\\Models\\Property','20km'),(7090,4,31,'Botble\\RealEstate\\Models\\Property','13km'),(7091,5,31,'Botble\\RealEstate\\Models\\Property','6km'),(7092,6,31,'Botble\\RealEstate\\Models\\Property','1km'),(7093,7,31,'Botble\\RealEstate\\Models\\Property','17km'),(7094,8,31,'Botble\\RealEstate\\Models\\Property','3km'),(7095,9,31,'Botble\\RealEstate\\Models\\Property','8km'),(7096,10,31,'Botble\\RealEstate\\Models\\Property','13km'),(7097,11,31,'Botble\\RealEstate\\Models\\Property','12km'),(7098,1,32,'Botble\\RealEstate\\Models\\Property','19km'),(7099,2,32,'Botble\\RealEstate\\Models\\Property','19km'),(7100,3,32,'Botble\\RealEstate\\Models\\Property','10km'),(7101,4,32,'Botble\\RealEstate\\Models\\Property','8km'),(7102,5,32,'Botble\\RealEstate\\Models\\Property','10km'),(7103,6,32,'Botble\\RealEstate\\Models\\Property','6km'),(7104,7,32,'Botble\\RealEstate\\Models\\Property','11km'),(7105,8,32,'Botble\\RealEstate\\Models\\Property','9km'),(7106,9,32,'Botble\\RealEstate\\Models\\Property','10km'),(7107,10,32,'Botble\\RealEstate\\Models\\Property','12km'),(7108,11,32,'Botble\\RealEstate\\Models\\Property','14km'),(7109,1,33,'Botble\\RealEstate\\Models\\Property','10km'),(7110,2,33,'Botble\\RealEstate\\Models\\Property','15km'),(7111,3,33,'Botble\\RealEstate\\Models\\Property','7km'),(7112,4,33,'Botble\\RealEstate\\Models\\Property','6km'),(7113,5,33,'Botble\\RealEstate\\Models\\Property','6km'),(7114,6,33,'Botble\\RealEstate\\Models\\Property','20km'),(7115,7,33,'Botble\\RealEstate\\Models\\Property','18km'),(7116,8,33,'Botble\\RealEstate\\Models\\Property','12km'),(7117,9,33,'Botble\\RealEstate\\Models\\Property','14km'),(7118,10,33,'Botble\\RealEstate\\Models\\Property','14km'),(7119,11,33,'Botble\\RealEstate\\Models\\Property','14km'),(7120,1,34,'Botble\\RealEstate\\Models\\Property','11km'),(7121,2,34,'Botble\\RealEstate\\Models\\Property','13km'),(7122,3,34,'Botble\\RealEstate\\Models\\Property','16km'),(7123,4,34,'Botble\\RealEstate\\Models\\Property','2km'),(7124,5,34,'Botble\\RealEstate\\Models\\Property','4km'),(7125,6,34,'Botble\\RealEstate\\Models\\Property','8km'),(7126,7,34,'Botble\\RealEstate\\Models\\Property','14km'),(7127,8,34,'Botble\\RealEstate\\Models\\Property','14km'),(7128,9,34,'Botble\\RealEstate\\Models\\Property','11km'),(7129,10,34,'Botble\\RealEstate\\Models\\Property','6km'),(7130,11,34,'Botble\\RealEstate\\Models\\Property','1km'),(8440,1,1,'Botble\\RealEstate\\Models\\Property','1km'),(8441,2,1,'Botble\\RealEstate\\Models\\Property','13km'),(8442,3,1,'Botble\\RealEstate\\Models\\Property','6km'),(8443,4,1,'Botble\\RealEstate\\Models\\Property','2km'),(8444,5,1,'Botble\\RealEstate\\Models\\Property','20km'),(8445,6,1,'Botble\\RealEstate\\Models\\Property','11km'),(8446,7,1,'Botble\\RealEstate\\Models\\Property','13km'),(8447,8,1,'Botble\\RealEstate\\Models\\Property','5km'),(8448,9,1,'Botble\\RealEstate\\Models\\Property','12km'),(8449,10,1,'Botble\\RealEstate\\Models\\Property','7km'),(8450,11,1,'Botble\\RealEstate\\Models\\Property','12km'),(8451,1,2,'Botble\\RealEstate\\Models\\Property','15km'),(8452,2,2,'Botble\\RealEstate\\Models\\Property','6km'),(8453,3,2,'Botble\\RealEstate\\Models\\Property','18km'),(8454,4,2,'Botble\\RealEstate\\Models\\Property','20km'),(8455,5,2,'Botble\\RealEstate\\Models\\Property','4km'),(8456,6,2,'Botble\\RealEstate\\Models\\Property','15km'),(8457,7,2,'Botble\\RealEstate\\Models\\Property','13km'),(8458,8,2,'Botble\\RealEstate\\Models\\Property','18km'),(8459,9,2,'Botble\\RealEstate\\Models\\Property','19km'),(8460,10,2,'Botble\\RealEstate\\Models\\Property','20km'),(8461,11,2,'Botble\\RealEstate\\Models\\Property','12km'),(8462,1,3,'Botble\\RealEstate\\Models\\Property','16km'),(8463,2,3,'Botble\\RealEstate\\Models\\Property','6km'),(8464,3,3,'Botble\\RealEstate\\Models\\Property','19km'),(8465,4,3,'Botble\\RealEstate\\Models\\Property','20km'),(8466,5,3,'Botble\\RealEstate\\Models\\Property','11km'),(8467,6,3,'Botble\\RealEstate\\Models\\Property','16km'),(8468,7,3,'Botble\\RealEstate\\Models\\Property','14km'),(8469,8,3,'Botble\\RealEstate\\Models\\Property','13km'),(8470,9,3,'Botble\\RealEstate\\Models\\Property','20km'),(8471,10,3,'Botble\\RealEstate\\Models\\Property','6km'),(8472,11,3,'Botble\\RealEstate\\Models\\Property','4km'),(8473,1,4,'Botble\\RealEstate\\Models\\Property','13km'),(8474,2,4,'Botble\\RealEstate\\Models\\Property','16km'),(8475,3,4,'Botble\\RealEstate\\Models\\Property','6km'),(8476,4,4,'Botble\\RealEstate\\Models\\Property','19km'),(8477,5,4,'Botble\\RealEstate\\Models\\Property','7km'),(8478,6,4,'Botble\\RealEstate\\Models\\Property','7km'),(8479,7,4,'Botble\\RealEstate\\Models\\Property','7km'),(8480,8,4,'Botble\\RealEstate\\Models\\Property','17km'),(8481,9,4,'Botble\\RealEstate\\Models\\Property','14km'),(8482,10,4,'Botble\\RealEstate\\Models\\Property','13km'),(8483,11,4,'Botble\\RealEstate\\Models\\Property','11km'),(8484,1,5,'Botble\\RealEstate\\Models\\Property','15km'),(8485,2,5,'Botble\\RealEstate\\Models\\Property','6km'),(8486,3,5,'Botble\\RealEstate\\Models\\Property','19km'),(8487,4,5,'Botble\\RealEstate\\Models\\Property','10km'),(8488,5,5,'Botble\\RealEstate\\Models\\Property','13km'),(8489,6,5,'Botble\\RealEstate\\Models\\Property','10km'),(8490,7,5,'Botble\\RealEstate\\Models\\Property','20km'),(8491,8,5,'Botble\\RealEstate\\Models\\Property','19km'),(8492,9,5,'Botble\\RealEstate\\Models\\Property','20km'),(8493,10,5,'Botble\\RealEstate\\Models\\Property','18km'),(8494,11,5,'Botble\\RealEstate\\Models\\Property','11km'),(8495,1,6,'Botble\\RealEstate\\Models\\Property','16km'),(8496,2,6,'Botble\\RealEstate\\Models\\Property','18km'),(8497,3,6,'Botble\\RealEstate\\Models\\Property','4km'),(8498,4,6,'Botble\\RealEstate\\Models\\Property','3km'),(8499,5,6,'Botble\\RealEstate\\Models\\Property','10km'),(8500,6,6,'Botble\\RealEstate\\Models\\Property','16km'),(8501,7,6,'Botble\\RealEstate\\Models\\Property','20km'),(8502,8,6,'Botble\\RealEstate\\Models\\Property','17km'),(8503,9,6,'Botble\\RealEstate\\Models\\Property','6km'),(8504,10,6,'Botble\\RealEstate\\Models\\Property','5km'),(8505,11,6,'Botble\\RealEstate\\Models\\Property','7km'),(8506,1,7,'Botble\\RealEstate\\Models\\Property','15km'),(8507,2,7,'Botble\\RealEstate\\Models\\Property','9km'),(8508,3,7,'Botble\\RealEstate\\Models\\Property','6km'),(8509,4,7,'Botble\\RealEstate\\Models\\Property','1km'),(8510,5,7,'Botble\\RealEstate\\Models\\Property','14km'),(8511,6,7,'Botble\\RealEstate\\Models\\Property','16km'),(8512,7,7,'Botble\\RealEstate\\Models\\Property','18km'),(8513,8,7,'Botble\\RealEstate\\Models\\Property','3km'),(8514,9,7,'Botble\\RealEstate\\Models\\Property','8km'),(8515,10,7,'Botble\\RealEstate\\Models\\Property','12km'),(8516,11,7,'Botble\\RealEstate\\Models\\Property','19km'),(8517,1,8,'Botble\\RealEstate\\Models\\Property','12km'),(8518,2,8,'Botble\\RealEstate\\Models\\Property','1km'),(8519,3,8,'Botble\\RealEstate\\Models\\Property','8km'),(8520,4,8,'Botble\\RealEstate\\Models\\Property','7km'),(8521,5,8,'Botble\\RealEstate\\Models\\Property','18km'),(8522,6,8,'Botble\\RealEstate\\Models\\Property','3km'),(8523,7,8,'Botble\\RealEstate\\Models\\Property','17km'),(8524,8,8,'Botble\\RealEstate\\Models\\Property','7km'),(8525,9,8,'Botble\\RealEstate\\Models\\Property','6km'),(8526,10,8,'Botble\\RealEstate\\Models\\Property','17km'),(8527,11,8,'Botble\\RealEstate\\Models\\Property','13km'),(8528,1,9,'Botble\\RealEstate\\Models\\Property','15km'),(8529,2,9,'Botble\\RealEstate\\Models\\Property','11km'),(8530,3,9,'Botble\\RealEstate\\Models\\Property','12km'),(8531,4,9,'Botble\\RealEstate\\Models\\Property','16km'),(8532,5,9,'Botble\\RealEstate\\Models\\Property','16km'),(8533,6,9,'Botble\\RealEstate\\Models\\Property','3km'),(8534,7,9,'Botble\\RealEstate\\Models\\Property','14km'),(8535,8,9,'Botble\\RealEstate\\Models\\Property','11km'),(8536,9,9,'Botble\\RealEstate\\Models\\Property','18km'),(8537,10,9,'Botble\\RealEstate\\Models\\Property','2km'),(8538,11,9,'Botble\\RealEstate\\Models\\Property','13km'),(8539,1,10,'Botble\\RealEstate\\Models\\Property','13km'),(8540,2,10,'Botble\\RealEstate\\Models\\Property','11km'),(8541,3,10,'Botble\\RealEstate\\Models\\Property','10km'),(8542,4,10,'Botble\\RealEstate\\Models\\Property','12km'),(8543,5,10,'Botble\\RealEstate\\Models\\Property','8km'),(8544,6,10,'Botble\\RealEstate\\Models\\Property','6km'),(8545,7,10,'Botble\\RealEstate\\Models\\Property','2km'),(8546,8,10,'Botble\\RealEstate\\Models\\Property','5km'),(8547,9,10,'Botble\\RealEstate\\Models\\Property','15km'),(8548,10,10,'Botble\\RealEstate\\Models\\Property','1km'),(8549,11,10,'Botble\\RealEstate\\Models\\Property','3km'),(8550,1,11,'Botble\\RealEstate\\Models\\Property','5km'),(8551,2,11,'Botble\\RealEstate\\Models\\Property','16km'),(8552,3,11,'Botble\\RealEstate\\Models\\Property','20km'),(8553,4,11,'Botble\\RealEstate\\Models\\Property','12km'),(8554,5,11,'Botble\\RealEstate\\Models\\Property','10km'),(8555,6,11,'Botble\\RealEstate\\Models\\Property','13km'),(8556,7,11,'Botble\\RealEstate\\Models\\Property','16km'),(8557,8,11,'Botble\\RealEstate\\Models\\Property','8km'),(8558,9,11,'Botble\\RealEstate\\Models\\Property','18km'),(8559,10,11,'Botble\\RealEstate\\Models\\Property','14km'),(8560,11,11,'Botble\\RealEstate\\Models\\Property','16km'),(8561,1,12,'Botble\\RealEstate\\Models\\Property','8km'),(8562,2,12,'Botble\\RealEstate\\Models\\Property','8km'),(8563,3,12,'Botble\\RealEstate\\Models\\Property','16km'),(8564,4,12,'Botble\\RealEstate\\Models\\Property','9km'),(8565,5,12,'Botble\\RealEstate\\Models\\Property','13km'),(8566,6,12,'Botble\\RealEstate\\Models\\Property','14km'),(8567,7,12,'Botble\\RealEstate\\Models\\Property','13km'),(8568,8,12,'Botble\\RealEstate\\Models\\Property','1km'),(8569,9,12,'Botble\\RealEstate\\Models\\Property','11km'),(8570,10,12,'Botble\\RealEstate\\Models\\Property','5km'),(8571,11,12,'Botble\\RealEstate\\Models\\Property','9km'),(8572,1,13,'Botble\\RealEstate\\Models\\Property','20km'),(8573,2,13,'Botble\\RealEstate\\Models\\Property','18km'),(8574,3,13,'Botble\\RealEstate\\Models\\Property','20km'),(8575,4,13,'Botble\\RealEstate\\Models\\Property','15km'),(8576,5,13,'Botble\\RealEstate\\Models\\Property','17km'),(8577,6,13,'Botble\\RealEstate\\Models\\Property','1km'),(8578,7,13,'Botble\\RealEstate\\Models\\Property','11km'),(8579,8,13,'Botble\\RealEstate\\Models\\Property','18km'),(8580,9,13,'Botble\\RealEstate\\Models\\Property','12km'),(8581,10,13,'Botble\\RealEstate\\Models\\Property','12km'),(8582,11,13,'Botble\\RealEstate\\Models\\Property','14km'),(8583,1,14,'Botble\\RealEstate\\Models\\Property','6km'),(8584,2,14,'Botble\\RealEstate\\Models\\Property','14km'),(8585,3,14,'Botble\\RealEstate\\Models\\Property','17km'),(8586,4,14,'Botble\\RealEstate\\Models\\Property','17km'),(8587,5,14,'Botble\\RealEstate\\Models\\Property','16km'),(8588,6,14,'Botble\\RealEstate\\Models\\Property','8km'),(8589,7,14,'Botble\\RealEstate\\Models\\Property','1km'),(8590,8,14,'Botble\\RealEstate\\Models\\Property','17km'),(8591,9,14,'Botble\\RealEstate\\Models\\Property','3km'),(8592,10,14,'Botble\\RealEstate\\Models\\Property','1km'),(8593,11,14,'Botble\\RealEstate\\Models\\Property','17km'),(8594,1,15,'Botble\\RealEstate\\Models\\Property','19km'),(8595,2,15,'Botble\\RealEstate\\Models\\Property','7km'),(8596,3,15,'Botble\\RealEstate\\Models\\Property','16km'),(8597,4,15,'Botble\\RealEstate\\Models\\Property','4km'),(8598,5,15,'Botble\\RealEstate\\Models\\Property','5km'),(8599,6,15,'Botble\\RealEstate\\Models\\Property','20km'),(8600,7,15,'Botble\\RealEstate\\Models\\Property','2km'),(8601,8,15,'Botble\\RealEstate\\Models\\Property','12km'),(8602,9,15,'Botble\\RealEstate\\Models\\Property','14km'),(8603,10,15,'Botble\\RealEstate\\Models\\Property','13km'),(8604,11,15,'Botble\\RealEstate\\Models\\Property','3km'),(8605,1,16,'Botble\\RealEstate\\Models\\Property','12km'),(8606,2,16,'Botble\\RealEstate\\Models\\Property','3km'),(8607,3,16,'Botble\\RealEstate\\Models\\Property','13km'),(8608,4,16,'Botble\\RealEstate\\Models\\Property','18km'),(8609,5,16,'Botble\\RealEstate\\Models\\Property','7km'),(8610,6,16,'Botble\\RealEstate\\Models\\Property','8km'),(8611,7,16,'Botble\\RealEstate\\Models\\Property','19km'),(8612,8,16,'Botble\\RealEstate\\Models\\Property','4km'),(8613,9,16,'Botble\\RealEstate\\Models\\Property','13km'),(8614,10,16,'Botble\\RealEstate\\Models\\Property','4km'),(8615,11,16,'Botble\\RealEstate\\Models\\Property','7km'),(8616,1,17,'Botble\\RealEstate\\Models\\Property','1km'),(8617,2,17,'Botble\\RealEstate\\Models\\Property','13km'),(8618,3,17,'Botble\\RealEstate\\Models\\Property','15km'),(8619,4,17,'Botble\\RealEstate\\Models\\Property','7km'),(8620,5,17,'Botble\\RealEstate\\Models\\Property','12km'),(8621,6,17,'Botble\\RealEstate\\Models\\Property','13km'),(8622,7,17,'Botble\\RealEstate\\Models\\Property','1km'),(8623,8,17,'Botble\\RealEstate\\Models\\Property','18km'),(8624,9,17,'Botble\\RealEstate\\Models\\Property','11km'),(8625,10,17,'Botble\\RealEstate\\Models\\Property','20km'),(8626,11,17,'Botble\\RealEstate\\Models\\Property','20km');

--
-- Table structure for table `re_facilities_translations`
--

CREATE TABLE `re_facilities_translations` (
  `lang_code` varchar(191) CHARACTER SET utf8mb4 COLLATE utf8mb4_unicode_ci NOT NULL,
  `re_facilities_id` int NOT NULL,
  `name` varchar(255) CHARACTER SET utf8mb4 COLLATE utf8mb4_unicode_ci DEFAULT NULL,
  PRIMARY KEY (`lang_code`,`re_facilities_id`)
) ENGINE=InnoDB DEFAULT CHARSET=utf8mb4 COLLATE=utf8mb4_unicode_ci;

--
-- Dumping data for table `re_facilities_translations`
--

INSERT INTO `re_facilities_translations` VALUES ('vi',9,'Bệnh viện'),('vi',10,'Siêu thị'),('vi',11,'Trường học'),('vi',12,'Trung tâm giải trí'),('vi',13,'Hiệu thuốc'),('vi',14,'Sân bay'),('vi',15,'Tàu điện ngầm'),('vi',16,'Trạm xe buýt'),('vi',17,'Bãi biển'),('vi',18,'Trung tâm mua sắm'),('vi',19,'Ngân hàng');

--
-- Table structure for table `re_features`
--

CREATE TABLE `re_features` (
  `id` int unsigned NOT NULL AUTO_INCREMENT,
  `name` varchar(120) CHARACTER SET utf8mb4 COLLATE utf8mb4_unicode_ci NOT NULL,
  `status` varchar(60) CHARACTER SET utf8mb4 COLLATE utf8mb4_unicode_ci NOT NULL DEFAULT 'published',
  `icon` varchar(60) CHARACTER SET utf8mb4 COLLATE utf8mb4_unicode_ci DEFAULT NULL,
  PRIMARY KEY (`id`)
) ENGINE=InnoDB AUTO_INCREMENT=13 DEFAULT CHARSET=utf8mb4 COLLATE=utf8mb4_unicode_ci;

--
-- Dumping data for table `re_features`
--

INSERT INTO `re_features` VALUES (1,'Wifi','published',NULL),(2,'Parking','published',NULL),(3,'Swimming pool','published',NULL),(4,'Balcony','published',NULL),(5,'Garden','published',NULL),(6,'Security','published',NULL),(7,'Fitness center','published',NULL),(8,'Air Conditioning','published',NULL),(9,'Central Heating  ','published',NULL),(10,'Laundry Room','published',NULL),(11,'Pets Allow','published',NULL),(12,'Spa & Massage','published',NULL);

--
-- Table structure for table `re_features_translations`
--

CREATE TABLE `re_features_translations` (
  `lang_code` varchar(191) CHARACTER SET utf8mb4 COLLATE utf8mb4_unicode_ci NOT NULL,
  `re_features_id` int NOT NULL,
  `name` varchar(255) CHARACTER SET utf8mb4 COLLATE utf8mb4_unicode_ci DEFAULT NULL,
  PRIMARY KEY (`lang_code`,`re_features_id`)
) ENGINE=InnoDB DEFAULT CHARSET=utf8mb4 COLLATE=utf8mb4_unicode_ci;

--
-- Dumping data for table `re_features_translations`
--

INSERT INTO `re_features_translations` VALUES ('vi',9,'Wifi'),('vi',10,'Bãi đậu xe'),('vi',11,'Hồ bơi'),('vi',12,'Ban công'),('vi',13,'Sân vườn'),('vi',14,'An ninh'),('vi',15,'Trung tâm thể dục'),('vi',16,'Điều hoà nhiệt độ'),('vi',17,'Hệ thống sưởi trung tâm'),('vi',18,'Phòng giặt ủi'),('vi',19,'Cho phép nuôi thú'),('vi',20,'Spa & Massage');

--
-- Table structure for table `re_investors`
--

CREATE TABLE `re_investors` (
  `id` int unsigned NOT NULL AUTO_INCREMENT,
  `name` varchar(120) CHARACTER SET utf8mb4 COLLATE utf8mb4_unicode_ci NOT NULL,
  `status` varchar(60) CHARACTER SET utf8mb4 COLLATE utf8mb4_unicode_ci NOT NULL DEFAULT 'published',
  `created_at` timestamp NULL DEFAULT NULL,
  `updated_at` timestamp NULL DEFAULT NULL,
  PRIMARY KEY (`id`)
) ENGINE=InnoDB AUTO_INCREMENT=32 DEFAULT CHARSET=utf8mb4 COLLATE=utf8mb4_unicode_ci;

--
-- Dumping data for table `re_investors`
--

INSERT INTO `re_investors` VALUES (1,'National Pension Service','published','2019-11-18 01:16:23','2019-11-18 01:16:23'),(2,'Generali','published','2019-11-18 01:16:47','2019-11-18 01:16:47'),(3,'Temasek','published','2019-11-18 01:16:57','2019-11-18 01:16:57'),(4,'China Investment Corporation','published','2019-11-18 01:17:11','2019-11-18 01:17:11'),(5,'Government Pension Fund Global','published','2019-11-18 01:17:35','2019-11-18 01:17:35'),(6,'PSP Investments','published','2019-11-18 01:17:47','2019-11-18 01:17:47'),(7,'MEAG Munich ERGO','published','2019-11-18 01:17:57','2019-11-18 01:17:57'),(8,'HOOPP','published','2019-11-18 01:18:08','2019-11-18 01:18:08'),(9,'BT Group','published','2019-11-18 01:18:21','2019-11-18 01:18:21'),(10,'Ping An','published','2019-11-18 01:18:32','2019-11-18 01:18:32'),(11,'New Jersey Division of Investment','published','2019-11-18 01:18:45','2019-11-18 01:18:45'),(12,'New York City ERS','published','2019-11-18 01:18:57','2019-11-18 01:18:57'),(13,'State Super','published','2019-11-18 01:19:10','2019-11-18 01:19:10'),(14,'Shinkong','published','2019-11-18 01:19:20','2019-11-18 01:19:20'),(15,'Rest Super','published','2019-11-18 01:19:31','2019-11-18 01:19:31'),(16,'Rest Super','published','2019-11-21 01:50:47','2019-11-21 01:50:47'),(17,'Shinkong','published','2019-11-21 01:51:03','2019-11-21 01:51:03'),(18,'State Super','published','2019-11-21 01:51:21','2019-11-21 01:51:21'),(19,'New York City ERS','published','2019-11-21 01:51:33','2019-11-21 01:51:33'),(20,'New Jersey Division of Investment','published','2019-11-21 01:51:51','2019-11-21 01:51:51'),(21,'Ping An','published','2019-11-21 01:52:04','2019-11-21 01:52:04'),(22,'BT Group','published','2019-11-21 01:52:16','2019-11-21 01:52:16'),(23,'HOOPP','published','2019-11-21 01:52:28','2019-11-21 01:52:28'),(24,'MEAG Munich ERGO','published','2019-11-21 01:52:47','2019-11-21 01:52:47'),(25,'PSP Investments','published','2019-11-21 01:52:57','2019-11-21 01:52:57'),(26,'Government Pension Fund Global','published','2019-11-21 01:53:18','2019-11-21 01:53:18'),(27,'China Investment Corporation','published','2019-11-21 01:53:33','2019-11-21 01:53:33'),(29,'Temasek','published','2019-11-21 01:53:48','2019-11-21 01:53:48'),(30,'Generali','published','2019-11-21 01:54:01','2019-11-21 01:54:01'),(31,'National Pension Service','published','2019-11-21 01:54:14','2019-11-21 01:54:14');

--
-- Table structure for table `re_invoice_items`
--

CREATE TABLE `re_invoice_items` (
  `id` bigint unsigned NOT NULL AUTO_INCREMENT,
  `invoice_id` int unsigned NOT NULL,
  `name` varchar(191) CHARACTER SET utf8mb4 COLLATE utf8mb4_unicode_ci NOT NULL,
  `description` varchar(191) CHARACTER SET utf8mb4 COLLATE utf8mb4_unicode_ci DEFAULT NULL,
  `qty` int unsigned NOT NULL,
  `sub_total` decimal(15,2) unsigned NOT NULL,
  `tax_amount` decimal(15,2) unsigned NOT NULL DEFAULT '0.00',
  `discount_amount` decimal(15,2) unsigned NOT NULL DEFAULT '0.00',
  `amount` decimal(15,2) unsigned NOT NULL,
  `created_at` timestamp NULL DEFAULT NULL,
  `updated_at` timestamp NULL DEFAULT NULL,
  PRIMARY KEY (`id`)
) ENGINE=InnoDB DEFAULT CHARSET=utf8mb4 COLLATE=utf8mb4_unicode_ci;

--
-- Dumping data for table `re_invoice_items`
--


--
-- Table structure for table `re_invoices`
--

CREATE TABLE `re_invoices` (
  `id` bigint unsigned NOT NULL AUTO_INCREMENT,
  `account_id` int unsigned NOT NULL,
  `payment_id` int unsigned DEFAULT NULL,
  `reference_type` varchar(191) CHARACTER SET utf8mb4 COLLATE utf8mb4_unicode_ci NOT NULL,
  `reference_id` bigint unsigned NOT NULL,
  `code` varchar(191) CHARACTER SET utf8mb4 COLLATE utf8mb4_unicode_ci NOT NULL,
  `sub_total` decimal(15,2) unsigned NOT NULL,
  `tax_amount` decimal(15,2) unsigned NOT NULL DEFAULT '0.00',
  `discount_amount` decimal(15,2) unsigned NOT NULL DEFAULT '0.00',
  `amount` decimal(15,2) unsigned NOT NULL,
  `status` varchar(191) CHARACTER SET utf8mb4 COLLATE utf8mb4_unicode_ci NOT NULL DEFAULT 'pending',
  `paid_at` timestamp NULL DEFAULT NULL,
  `created_at` timestamp NULL DEFAULT NULL,
  `updated_at` timestamp NULL DEFAULT NULL,
  PRIMARY KEY (`id`),
  UNIQUE KEY `re_invoices_code_unique` (`code`),
  KEY `re_invoices_reference_type_reference_id_index` (`reference_type`,`reference_id`),
  KEY `re_invoices_payment_id_index` (`payment_id`),
  KEY `re_invoices_status_index` (`status`)
) ENGINE=InnoDB DEFAULT CHARSET=utf8mb4 COLLATE=utf8mb4_unicode_ci;

--
-- Dumping data for table `re_invoices`
--


--
-- Table structure for table `re_packages`
--

CREATE TABLE `re_packages` (
  `id` int unsigned NOT NULL AUTO_INCREMENT,
  `name` varchar(120) CHARACTER SET utf8mb4 COLLATE utf8mb4_unicode_ci NOT NULL,
  `price` double(15,2) unsigned NOT NULL,
  `currency_id` int unsigned NOT NULL,
  `number_of_listings` int unsigned NOT NULL,
  `order` tinyint NOT NULL DEFAULT '0',
  `is_default` tinyint unsigned NOT NULL DEFAULT '0',
  `status` varchar(60) CHARACTER SET utf8mb4 COLLATE utf8mb4_unicode_ci NOT NULL DEFAULT 'published',
  `created_at` timestamp NULL DEFAULT NULL,
  `updated_at` timestamp NULL DEFAULT NULL,
  `percent_save` int unsigned NOT NULL DEFAULT '0',
  `account_limit` int unsigned DEFAULT NULL,
  PRIMARY KEY (`id`)
) ENGINE=InnoDB AUTO_INCREMENT=4 DEFAULT CHARSET=utf8mb4 COLLATE=utf8mb4_unicode_ci;

--
-- Dumping data for table `re_packages`
--

INSERT INTO `re_packages` VALUES (1,'Free First Post',0.00,1,1,0,0,'published','2023-03-18 00:07:31','2023-03-18 00:07:31',0,1),(2,'Single Post',250.00,1,1,0,1,'published','2023-03-18 00:07:31','2023-03-18 00:07:31',0,NULL),(3,'5 Posts',1000.00,1,5,0,0,'published','2023-03-18 00:07:31','2023-03-18 00:07:31',20,NULL);

--
-- Table structure for table `re_packages_translations`
--

CREATE TABLE `re_packages_translations` (
  `lang_code` varchar(191) CHARACTER SET utf8mb4 COLLATE utf8mb4_unicode_ci NOT NULL,
  `re_packages_id` int NOT NULL,
  `name` varchar(255) CHARACTER SET utf8mb4 COLLATE utf8mb4_unicode_ci DEFAULT NULL,
  PRIMARY KEY (`lang_code`,`re_packages_id`)
) ENGINE=InnoDB DEFAULT CHARSET=utf8mb4 COLLATE=utf8mb4_unicode_ci;

--
-- Dumping data for table `re_packages_translations`
--


--
-- Table structure for table `re_project_categories`
--

CREATE TABLE `re_project_categories` (
  `id` bigint unsigned NOT NULL AUTO_INCREMENT,
  `project_id` int unsigned NOT NULL,
  `category_id` int unsigned NOT NULL,
  PRIMARY KEY (`id`)
) ENGINE=InnoDB AUTO_INCREMENT=106 DEFAULT CHARSET=utf8mb4 COLLATE=utf8mb4_unicode_ci;

--
-- Dumping data for table `re_project_categories`
--

INSERT INTO `re_project_categories` VALUES (100,1,2),(101,2,5),(102,3,6),(103,4,1),(104,5,4),(105,6,6);

--
-- Table structure for table `re_project_features`
--

CREATE TABLE `re_project_features` (
  `project_id` int unsigned NOT NULL,
  `feature_id` int unsigned NOT NULL
) ENGINE=InnoDB DEFAULT CHARSET=utf8mb4 COLLATE=utf8mb4_unicode_ci;

--
-- Dumping data for table `re_project_features`
--

INSERT INTO `re_project_features` VALUES (2,1),(2,2),(2,3),(2,5),(2,7),(2,8),(1,1),(1,2),(1,4),(1,5),(1,7),(7,10),(7,12),(7,13),(7,15),(7,16),(8,9),(8,10),(8,12),(8,14),(8,15),(8,16),(3,1),(3,2),(3,3),(3,5),(3,7),(9,10),(9,12),(9,14),(9,15),(9,16),(4,1),(4,4),(4,5),(4,6),(4,7),(10,10),(10,11),(10,12),(10,13),(10,16),(5,1),(5,3),(5,5),(5,6),(5,7),(5,8),(11,9),(11,10),(11,11),(11,12),(11,14),(11,16),(6,1),(6,3),(6,5),(6,6),(6,7),(12,10),(12,11),(12,12),(12,14),(12,16);

--
-- Table structure for table `re_projects`
--

CREATE TABLE `re_projects` (
  `id` int unsigned NOT NULL AUTO_INCREMENT,
  `name` varchar(300) CHARACTER SET utf8mb4 COLLATE utf8mb4_unicode_ci NOT NULL,
  `content` text CHARACTER SET utf8mb4 COLLATE utf8mb4_unicode_ci,
  `images` text CHARACTER SET utf8mb4 COLLATE utf8mb4_unicode_ci,
  `location` varchar(255) CHARACTER SET utf8mb4 COLLATE utf8mb4_unicode_ci DEFAULT NULL,
  `number_block` smallint unsigned DEFAULT NULL,
  `number_floor` smallint DEFAULT NULL,
  `number_flat` smallint DEFAULT NULL,
  `is_featured` tinyint(1) NOT NULL DEFAULT '0',
  `date_finish` date DEFAULT NULL,
  `date_sell` date DEFAULT NULL,
  `status` varchar(60) CHARACTER SET utf8mb4 COLLATE utf8mb4_unicode_ci NOT NULL DEFAULT 'selling',
  `created_at` timestamp NULL DEFAULT NULL,
  `updated_at` timestamp NULL DEFAULT NULL,
  `investor_id` int unsigned NOT NULL,
  `description` varchar(400) CHARACTER SET utf8mb4 COLLATE utf8mb4_unicode_ci DEFAULT NULL,
  `price_from` decimal(15,0) DEFAULT NULL,
  `price_to` decimal(15,0) DEFAULT NULL,
  `currency_id` int unsigned DEFAULT NULL,
  `city_id` int unsigned DEFAULT NULL,
  `author_id` int DEFAULT NULL,
  `author_type` varchar(255) CHARACTER SET utf8mb4 COLLATE utf8mb4_unicode_ci NOT NULL DEFAULT 'Botble\\ACL\\Models\\User',
  `latitude` varchar(25) CHARACTER SET utf8mb4 COLLATE utf8mb4_unicode_ci DEFAULT NULL,
  `longitude` varchar(25) CHARACTER SET utf8mb4 COLLATE utf8mb4_unicode_ci DEFAULT NULL,
  `views` int unsigned NOT NULL DEFAULT '0',
  `country_id` int unsigned DEFAULT '1',
  `state_id` int unsigned DEFAULT NULL,
  PRIMARY KEY (`id`)
) ENGINE=InnoDB AUTO_INCREMENT=13 DEFAULT CHARSET=utf8mb4 COLLATE=utf8mb4_unicode_ci;

--
-- Dumping data for table `re_projects`
--

INSERT INTO `re_projects` VALUES (1,'Walnut Park Apartments','<p>Now Open &amp; Leasing!</p>\r\n\r\n<p>Walnut Park is conveniently located on North Lamar Boulevard across from the 293-acre Walnut Creek Metropolitan Park and just south of Yager Lane near numerous shops and restaurants. Only 11 miles from downtown Austin, the heavily-wooded site borders Walnut Creek and offers residents inspiring views in an unparalleled, secluded community. In addition to resort spa amenities, the interiors are built and designed to condominium specifications with energy efficient features, stunning detail and upgraded finishes.</p>','[\"projects\\/1.jpg\",\"projects\\/5.jpg\",\"projects\\/3.jpg\",\"projects\\/2.jpg\"]','Austin, Texas 78753, USA',4,2,50,1,'2019-11-10','2019-03-11','selling','2019-11-18 00:34:49','2021-04-29 20:46:31',12,'Walnut Park is conveniently located on North Lamar Boulevard across from the 293-acre Walnut Creek Metropolitan Park and just south of Yager Lane near numerous shops and restaurants. Only 11 miles from downtown Austin, the heavily-wooded site borders Walnut Creek and offers residents inspiring views in an unparalleled, secluded community',NULL,NULL,1,4,NULL,'Botble\\ACL\\Models\\User','43.578848','-76.32197',0,1,1),(2,'Osaka Heights','<p>Osaka Heights is a state of the art apartment crafted with elegance, comfort and classiness.</p>\r\n\r\n<p>The grander apartments add new heights to the life of people in Colombo, Sri Lanka.</p>\r\n\r\n<p>Devised by a team of international consultants, Osaka Heights is all about contemporary design and comprehensive attention to detail in execution. If you are interested to own a luxury apartment at Sri Lanka, Osaka Heights is the best choice. The foundation of Osaka Heights is laid by skilled professionals, who capture your vision completely. The construction is built as per your elegant lifestyles, without any compromise in quality and class.</p>\r\n\r\n<p>The homes come with all comfy amenities and facilities for a superior life. From the panoramic views, the rooftop swimming pool and the landscaped eco-balconies, beauty meets you at every step in Osaka Heights. Made for an exclusive few, Osaka Heights gives you the advantage of sharing a space with like-minded individuals. An elevated lifestyle naturally follows, making Osaka Heights one of the most sought-after addresses in Colombo.</p>','[\"projects\\/21.jpg\",\"projects\\/24.jpg\",\"projects\\/23.jpg\",\"projects\\/25.jpg\",\"projects\\/26.jpg\",\"projects\\/22.jpg\"]','Kirulapone, Colombo 06, Colombo, Sri Lanka',1,15,450,1,'2019-08-09','2019-08-10','selling','2019-11-18 01:28:45','2021-06-11 20:56:44',3,'The homes come with all comfy amenities and facilities for a superior life. From the panoramic views, the rooftop swimming pool and the landscaped eco-balconies, beauty meets you at every step in Osaka Heights. Made for an exclusive few, Osaka Heights gives you the advantage of sharing a space with like-minded individuals.',NULL,NULL,1,3,NULL,'Botble\\ACL\\Models\\User','43.013638','-75.848066',0,1,1),(3,'Mimaroba Paradise','<h2><b>Why you should buy a house from this project?</b></h2>\r\n\r\n<ul>\r\n	<li>1. A summerhouse in the center of the city.</li>\r\n	<li>2. Remove the boundaries between you and the sea, you will be surrounded by blue sea.</li>\r\n	<li>3.&nbsp;Everything you have imagined - from infinity pool, zen garden, gourmet restaurant to thematic playgrounds awaiting you.</li>\r\n	<li>4.&nbsp;A unique design that makes luxury a habit, a wide variety of apartment plan options.</li>\r\n	<li>5.&nbsp;Reasonable payment options, affordable prices in Istanbul&#39;s most exclusive area.</li>\r\n</ul>\r\n\r\n<p>&lsquo;&rsquo; Mimaroba&rsquo;&rsquo; a modern beach district away from the bustle of Istanbul.&nbsp;The aim of the project is to make a living feel for the hosts in the deepest way.&nbsp;In this project you can enjoy a life with the sea and you can have a holiday for 12 months with social facilities and activities.&nbsp; &nbsp; &nbsp; &nbsp; &nbsp; &nbsp; &nbsp; &nbsp; &nbsp; &nbsp; &nbsp; &nbsp; &nbsp; &nbsp;&nbsp;</p>','[\"projects\\/13.jpg\",\"projects\\/12.jpg\",\"projects\\/11.jpg\",\"projects\\/14.jpg\"]','Texas, USA',2,16,327,1,'2020-06-09','2019-09-10','selling','2019-11-18 03:30:34','2021-06-11 20:56:44',15,'A summerhouse in the center of the city. Remove the boundaries between you and the sea, you will be surrounded by blue sea. Everything you have imagined - from infinity pool, zen garden, gourmet restaurant to thematic playgrounds awaiting you. A unique design that makes luxury a habit, a wide variety of apartment plan options.',NULL,NULL,1,1,NULL,'Botble\\ACL\\Models\\User','42.795156','-76.237441',0,1,1),(4,'Aegean Villas','<h2><strong>Aegean Villas</strong></h2>\r\n\r\n<p>Looks like Aegean town and be one of the highest rated sites in the region. A very large area of 312.000sqm&nbsp; has only 144 villas. Each villa&rsquo;s garden is independent of one another and protects private life. There are 400 adult olive trees in the common area landscape. Strengthening of neighborly relations with common sharing points such as open air cinema, village coffee, market.&nbsp; Increase the living motivation with 2,5km walking and cycling trail, tennis courts and carpet right activities.&nbsp; &nbsp; &nbsp; &nbsp;</p>\r\n\r\n<h4><strong>Why you should buy a house from this project?</strong></h4>\r\n\r\n<ul>\r\n	<li>1. Natural Architectural design.</li>\r\n	<li>2. Highest session rate in the region</li>\r\n	<li>3. Common sharing areas like open air cinema and village cafe.</li>\r\n	<li>4. 2,5km walking and cycling trail.</li>\r\n	<li>5. The gardens are detached and useful.</li>\r\n</ul>','[\"properties\\/a5-1.jpg\",\"properties\\/a6-1.jpg\",\"properties\\/a7.jpg\",\"properties\\/a8.jpg\",\"properties\\/a10.jpg\",\"properties\\/a9.jpg\"]','Büyükçekmece, İstanbul, Turkey',5,2,144,1,'2020-06-09','2020-10-04','selling','2019-11-18 03:38:13','2021-06-11 20:56:44',11,'A very large area of 312.000sqm  has only 144 villas. Each villa’s garden is independent of one another and protects private life. There are 400 adult olive trees in the common area landscape. Strengthening of neighborly relations with common sharing points such as open air cinema, village coffee, market.',NULL,NULL,1,2,NULL,'Botble\\ACL\\Models\\User','42.478281','-75.321856',0,1,1),(5,'Aydos Forest Apartments','<p>The project, which offers unique opportunities for those who want to move into their new home, is the most advantageous housing project of the location with its easy payment options according to your budget. In your new home you will have a live site life with 90% occupancy; The <strong>clean air</strong> of Aydos Forest, the most important social facility of the region with <strong>3,700 sqm</strong> which brings enjoyable social activities to your feet, and much more are waiting for you. You will live a life with nature thanks to the artificial lake and cherry trees in the project as well as the landscape of Aydos Forest. and bacause of its easy connection to the main roads, you can easily reach the important centers of Istanbul.</p>\r\n\r\n<h4><b>Why you should buy a house from this project?</b></h4>\r\n\r\n<ul>\r\n	<li>1.&nbsp;Ready for delivery.</li>\r\n	<li>2.&nbsp;82% open area of landscape.</li>\r\n	<li>3.&nbsp;Aydos forest is right next to the project.</li>\r\n	<li>4.&nbsp;More than 90% of the project is occupied and full of life.</li>\r\n	<li>5. Ease of transportation.</li>\r\n</ul>','[\"properties\\/q1.jpg\",\"properties\\/q2.jpg\",\"properties\\/q8.jpg\",\"properties\\/q7.jpg\",\"properties\\/q3.jpg\",\"properties\\/q6.jpg\"]','Sancaktepe/İstanbul, Turkey',4,18,1394,1,'2019-10-30','2019-07-21','selling','2019-11-18 03:45:06','2021-04-18 09:20:14',2,'You will have a live site life with 90% occupancy; The clean air of Aydos Forest, the most important social facility of the region with 3,700 sqm which brings enjoyable social activities to your feet, and much more are waiting for you. You will live a life with nature thanks to the artificial lake and cherry trees in the project as',NULL,NULL,1,3,NULL,'Botble\\ACL\\Models\\User','43.270016','-75.054121',0,1,1),(6,'The Avila Apartments','<p>A profoundly special project amidst history and Istanbul. In the heart of the Historical Peninsula, Select Lifestyle Alternatives ranging from 1+1 to 6+1, in limited numbers&hellip;. A timeless aesthetic enriched in perfect details .</p>\r\n\r\n<h4><b>Why you should buy a house from this project?</b></h4>\r\n\r\n<ul>\r\n	<li>1.&nbsp;Within the historical peninsula, there is a very special area where you will never find a similar one.</li>\r\n	<li>2.&nbsp;Unique sea view with a historical texture of Istanbul.</li>\r\n	<li>3.&nbsp;In the bustling city life, in the middle of all transportation possibilities.</li>\r\n	<li>4. 1+1 to 6+1 very special, suitable for all needs loft apartments</li>\r\n	<li>5.Large landscaping areas, cafes, shopping opportunities.</li>\r\n</ul>','[\"properties\\/e1.jpg\",\"properties\\/e2.jpg\",\"properties\\/e3.jpg\",\"properties\\/e4.jpg\",\"properties\\/e5.jpg\",\"properties\\/e7.jpg\",\"properties\\/e8.jpg\"]','Singapore Island, Singapore',2,4,125,1,'2019-11-19','2019-03-11','selling','2019-11-18 03:53:20','2021-06-11 20:56:44',10,'Within the historical peninsula, there is a very special area where you will never find a similar one. Unique sea view with a historical texture of Istanbul. In the bustling city life, in the middle of all transportation possibilities. Large landscaping areas, cafes, shopping opportunities.',NULL,NULL,1,5,NULL,'Botble\\ACL\\Models\\User','43.481307','-74.862851',0,1,1);

--
-- Table structure for table `re_projects_translations`
--

CREATE TABLE `re_projects_translations` (
  `lang_code` varchar(191) CHARACTER SET utf8mb4 COLLATE utf8mb4_unicode_ci NOT NULL,
  `re_projects_id` int NOT NULL,
  `name` varchar(255) CHARACTER SET utf8mb4 COLLATE utf8mb4_unicode_ci DEFAULT NULL,
  `description` varchar(400) CHARACTER SET utf8mb4 COLLATE utf8mb4_unicode_ci DEFAULT NULL,
  `content` longtext CHARACTER SET utf8mb4 COLLATE utf8mb4_unicode_ci,
  `location` varchar(255) CHARACTER SET utf8mb4 COLLATE utf8mb4_unicode_ci DEFAULT NULL,
  PRIMARY KEY (`lang_code`,`re_projects_id`)
) ENGINE=InnoDB DEFAULT CHARSET=utf8mb4 COLLATE=utf8mb4_unicode_ci;

--
-- Dumping data for table `re_projects_translations`
--

INSERT INTO `re_projects_translations` VALUES ('vi',1,'Căn hộ Walnut Park','Walnut Park tọa lạc tại vị trí thuận tiện trên Đại lộ Bắc Lamar đối diện Công viên Thành phố Walnut Creek rộng 293 mẫu và ngay phía nam của Yager Lane gần nhiều cửa hàng và nhà hàng. Chỉ có 11 dặm từ trung tâm thành phố Austin, khu căn hộ này gồm các khuôn viên nhiều cây cối giáp Walnut Creek và những quang cảnh tuyệt vời','<p>Mở b&aacute;n&nbsp;v&agrave; cho thu&ecirc;!</p>\r\n\r\n<p>Walnut Park tọa lạc tại vị tr&iacute; thuận tiện tr&ecirc;n Đại lộ Bắc Lamar đối diện C&ocirc;ng vi&ecirc;n Th&agrave;nh phố Walnut Creek rộng 293 mẫu v&agrave; ngay ph&iacute;a nam của Yager Lane gần nhiều cửa h&agrave;ng v&agrave; nh&agrave; h&agrave;ng. Chỉ c&oacute; 11 dặm từ trung t&acirc;m th&agrave;nh phố Austin, khu căn hộ&nbsp;n&agrave;y gồm c&aacute;c khu&ocirc;n vi&ecirc;n nhiều c&acirc;y cối gi&aacute;p Walnut Creek v&agrave; những quang cảnh tuyệt vời. Ngo&agrave;i c&aacute;c tiện nghi spa của khu nghỉ m&aacute;t, nội thất được x&acirc;y dựng v&agrave; thiết kế theo th&ocirc;ng số kỹ thuật của nh&agrave; chung cư với c&aacute;c t&iacute;nh năng tiết kiệm năng lượng, chi tiết tuyệt đẹp v&agrave; ho&agrave;n thiện n&acirc;ng cấp.</p>','Austin, Texas 78753, USA'),('vi',2,'Dự án Osaka Heights','Các ngôi nhà đi kèm với tất cả các tiện nghi và tiện nghi thoải mái cho một cuộc sống cao cấp. Từ góc nhìn toàn cảnh, hồ bơi trên sân thượng và ban công sinh thái có cảnh quan, vẻ đẹp sẽ gặp bạn ở mọi bước chân ở Osaka Heights. Tạo ra một không gian riêng biệt, Osaka Heights mang đến cho bạn lợi thế chia sẻ không gian với những người có cùng đẳng cấp.','<p>Osaka Heights l&agrave; một khu căn hộ nghệ thuật được chế t&aacute;c với sự sang trọng, tiện nghi v&agrave; đẳng cấp.<br />\r\nC&aacute;c căn hộ lớn hơn tạo th&ecirc;m một tầm cao mới cho cuộc sống của người d&acirc;n ở thủ đ&ocirc; Colombo, Sri Lanka.<br />\r\nĐược tạo ra bởi một nh&oacute;m c&aacute;c nh&agrave; tư vấn quốc tế, Osaka Heights l&agrave; tất cả về thiết kế hiện đại v&agrave; sự ch&uacute; &yacute; to&agrave;n diện đến từng chi tiết trong thực hiện. V&igrave; vậy việc sở hữu một căn hộ cao cấp tại Sri Lanka, Osaka Heights l&agrave; lựa chọn tốt nhất. Nền tảng của Osaka Heights được đặt bởi c&aacute;c chuy&ecirc;n gia l&agrave;nh nghề, những người nắm bắt ho&agrave;n to&agrave;n tầm nh&igrave;n của bạn. C&ocirc;ng tr&igrave;nh được x&acirc;y dựng theo lối sống thanh lịch, chất lượng v&agrave; đẳng cấp.<br />\r\nC&aacute;c ng&ocirc;i nh&agrave; đi k&egrave;m với tất cả c&aacute;c tiện nghi v&agrave; tiện nghi thoải m&aacute;i cho một cuộc sống cao cấp. Từ g&oacute;c nh&igrave;n to&agrave;n cảnh, hồ bơi tr&ecirc;n s&acirc;n thượng v&agrave; ban c&ocirc;ng sinh th&aacute;i c&oacute; cảnh quan, vẻ đẹp sẽ gặp bạn ở mọi bước ch&acirc;n ở Osaka Heights. Tạo ra một kh&ocirc;ng gian ri&ecirc;ng biệt, Osaka Heights mang đến cho bạn lợi thế chia sẻ kh&ocirc;ng gian với những người c&oacute; c&ugrave;ng đẳng cấp. Một lối sống n&acirc;ng cao tự nhi&ecirc;n, l&agrave;m cho Osaka Heights trở th&agrave;nh một trong những địa chỉ được t&igrave;m kiếm nhiều nhất ở Colombo.</p>','Kirulapone, Colombo 06, Colombo, Sri Lanka'),('vi',3,'Thiên đường Mimaroba','Một ngôi nhà mùa hè ở trung tâm thành phố. Xóa bỏ ranh giới giữa bạn và biển, bạn sẽ được bao quanh bởi biển xanh. Mọi thứ giống như bạn đã tưởng tượng - từ hồ bơi vô cực, vườn thiền, nhà hàng chuyên phục vụ người sành ăn đến các sân chơi theo chủ đề đang chờ bạn. Một thiết kế độc đáo làm cho sự sang trọng trở thành một thói quen, một loạt các lựa chọn kế hoạch căn hộ.','<p>Tại sao bạn n&ecirc;n mua một ng&ocirc;i nh&agrave; từ dự &aacute;n n&agrave;y?<br />\r\n1. Một ng&ocirc;i nh&agrave; m&ugrave;a h&egrave; ở trung t&acirc;m th&agrave;nh phố.<br />\r\n2. X&oacute;a bỏ ranh giới giữa bạn v&agrave; biển, bạn sẽ được bao quanh bởi biển xanh.<br />\r\n3. Mọi thứ giống như bạn đ&atilde; tưởng tượng - từ hồ bơi v&ocirc; cực, vườn thiền, nh&agrave; h&agrave;ng chuy&ecirc;n phục vụ người s&agrave;nh ăn đến c&aacute;c s&acirc;n chơi theo chủ đề đang chờ bạn.<br />\r\n4. Một thiết kế độc đ&aacute;o l&agrave;m cho sự sang trọng trở th&agrave;nh một th&oacute;i quen, một loạt c&aacute;c lựa chọn kế hoạch căn hộ.<br />\r\n5. T&ugrave;y chọn thanh to&aacute;n hợp l&yacute;, gi&aacute; cả phải chăng trong khu vực độc quyền nhất của Istanbul.<br />\r\nMimaroba ở khu vực b&atilde;i biển hiện đại c&aacute;ch xa sự nhộn nhịp của Istanbul. Mục đ&iacute;ch của dự &aacute;n l&agrave; tạo cảm gi&aacute;c sống động cho chủ nh&agrave; một c&aacute;ch s&acirc;u sắc nhất. Trong dự &aacute;n n&agrave;y, bạn c&oacute; thể tận hưởng một cuộc sống với biển v&agrave; bạn c&oacute; thể c&oacute; một kỳ nghỉ trong 12 th&aacute;ng với c&aacute;c hoạt động v&agrave; tiện &iacute;ch x&atilde; hội.</p>','Texas, USA'),('vi',4,'Khu biệt thự Aegean','Một diện tích rất lớn với diện tích 312.000m2 chỉ có 144 biệt thự. Mỗi biệt thự vườn độc lập với nhau và bảo vệ cuộc sống riêng tư. Có 400 cây ô liu trưởng thành trong cảnh quan khu vực chung. Tăng cường mối quan hệ láng giềng với các điểm chia sẻ chung như rạp chiếu phim ngoài trời, cà phê làng, chợ.','<p>Biệt thự Aegean tr&ocirc;ng giống như thị trấn Aegean v&agrave; l&agrave; một trong những khu biệt thự được đ&aacute;nh gi&aacute; cao nhất trong khu vực. Một diện t&iacute;ch rất lớn với diện t&iacute;ch 312.000m2 chỉ c&oacute; 144 biệt thự. Mỗi biệt thự vườn độc lập với nhau v&agrave; bảo vệ cuộc sống ri&ecirc;ng tư. C&oacute; 400 c&acirc;y &ocirc; liu trưởng th&agrave;nh trong cảnh quan khu vực chung. Tăng cường mối quan hệ l&aacute;ng giềng với c&aacute;c điểm chia sẻ chung như rạp chiếu phim ngo&agrave;i trời, c&agrave; ph&ecirc; l&agrave;ng, chợ. Tăng động lực sống với 2,5km đi bộ v&agrave; đi xe đạp, s&acirc;n tennis v&agrave; thảm hoạt động.</p>\r\n\r\n<h4><strong>Tại sao bạn n&ecirc;n mua ng&ocirc;i nh&agrave; từ dự &aacute;n n&agrave;y?</strong></h4>\r\n\r\n<p><br />\r\n1. Thiết kế kiến tr&uacute;c tự nhi&ecirc;n.<br />\r\n2. Tỷ lệ quản l&yacute; cao nhất trong khu vực<br />\r\n3. Khu vực chia sẻ chung như rạp chiếu phim ngo&agrave;i trời v&agrave; qu&aacute;n c&agrave; ph&ecirc; l&agrave;ng.<br />\r\n4. Đường đi bộ v&agrave; đi xe đạp 2,5km.<br />\r\n5. C&aacute;c khu vườn được t&aacute;ch ra v&agrave; hữu &iacute;ch.</p>','Büyükçekmece, İstanbul, Turkey'),('vi',5,'Chung cư rừng Aydos','Bạn sẽ có một cuộc sống trong khu chung cư với tỷ lệ lấp đầy 90% là không khí trong lành của Rừng Aydos với 3.700 m2, mang lại các hoạt động thú vị cho đôi chân của bạn, và còn nhiều điều nữa đang chờ đợi bạn. Bạn sẽ sống một cuộc sống với thiên nhiên nhờ hồ nhân tạo và cây anh đào trong dự án cũng như cảnh quan của Rừng Aydos.','<p>Dự &aacute;n, mang đến cơ hội duy nhất cho những ai muốn chuyển đến ng&ocirc;i nh&agrave; mới của họ, l&agrave; dự &aacute;n nh&agrave; ở thuận lợi nhất của địa điểm với c&aacute;c t&ugrave;y chọn thanh to&aacute;n dễ d&agrave;ng theo ng&acirc;n s&aacute;ch của bạn. Trong ng&ocirc;i nh&agrave; mới của bạn, bạn sẽ c&oacute; một cuộc sống trong khu chung cư với tỷ lệ lấp đầy 90% l&agrave; kh&ocirc;ng kh&iacute; trong l&agrave;nh của Rừng Aydos với 3.700 m2, mang lại c&aacute;c hoạt động th&uacute; vị cho đ&ocirc;i ch&acirc;n của bạn, v&agrave; c&ograve;n nhiều điều nữa đang chờ đợi bạn. Bạn sẽ sống một cuộc sống với thi&ecirc;n nhi&ecirc;n nhờ hồ nh&acirc;n tạo v&agrave; c&acirc;y anh đ&agrave;o trong dự &aacute;n cũng như cảnh quan của Rừng Aydos. V&agrave; bởi v&igrave; kết nối dễ d&agrave;ng với c&aacute;c con đường ch&iacute;nh, bạn c&oacute; thể dễ d&agrave;ng đến c&aacute;c trung t&acirc;m quan trọng của Istanbul.</p>\r\n\r\n<h4><strong>Tại sao bạn n&ecirc;n mua ng&ocirc;i nh&agrave; từ dự &aacute;n n&agrave;y?</strong></h4>\r\n\r\n<p>1. Sẵn s&agrave;ng giao nh&agrave;.<br />\r\n2. 82% diện t&iacute;ch l&agrave; cảnh quan.<br />\r\n3. Rừng Aydos nằm ngay cạnh dự &aacute;n.<br />\r\n4. Đ&atilde; b&agrave;n giao hơn 90% dự &aacute;n.<br />\r\n5. Dễ vận chuyển.</p>','Sancaktepe/İstanbul, Turkey'),('vi',6,'Khu chung cư The Avila','Trong bán đảo lịch sử, có một khu vực rất đặc biệt, nơi bạn sẽ không bao giờ tìm thấy một khu vực tương tự. Cảnh biển độc đáo với kết cấu lịch sử của Istanbul. Trong cuộc sống thành phố nhộn nhịp, ở giữa mọi khả năng giao thông. Khu vực cảnh quan rộng lớn, quán cà phê, cơ hội mua sắm.','<p>Một dự &aacute;n đặc biệt s&acirc;u sắc giữa lịch sử v&agrave; Istanbul. Ở trung t&acirc;m của b&aacute;n đảo lịch sử.&nbsp;<br />\r\nMột thẩm mỹ vượt thời gian l&agrave;m phong ph&uacute; trong c&aacute;c chi tiết ho&agrave;n hảo.</p>\r\n\r\n<h4><strong>Tại sao bạn n&ecirc;n mua một ng&ocirc;i nh&agrave; từ dự &aacute;n n&agrave;y?</strong></h4>\r\n\r\n<p>1. Trong b&aacute;n đảo lịch sử, c&oacute; một khu vực rất đặc biệt, nơi bạn sẽ kh&ocirc;ng bao giờ t&igrave;m thấy một khu vực tương tự.<br />\r\n2. Cảnh biển độc đ&aacute;o với kết cấu lịch sử của Istanbul.<br />\r\n3. Trong cuộc sống th&agrave;nh phố nhộn nhịp, ở giữa mọi khả năng giao th&ocirc;ng.<br />\r\n4. 1 + 1 đến 6 + 1 rất đặc biệt, ph&ugrave; hợp với mọi nhu cầu căn hộ g&aacute;c x&eacute;p<br />\r\n5. Khu vực cảnh quan rộng lớn, qu&aacute;n c&agrave; ph&ecirc;, cơ hội mua sắm.</p>','Singapore Island, Singapore');

--
-- Table structure for table `re_properties`
--

CREATE TABLE `re_properties` (
  `id` int unsigned NOT NULL AUTO_INCREMENT,
  `name` varchar(300) CHARACTER SET utf8mb4 COLLATE utf8mb4_unicode_ci NOT NULL,
  `content` longtext CHARACTER SET utf8mb4 COLLATE utf8mb4_unicode_ci,
  `location` varchar(255) CHARACTER SET utf8mb4 COLLATE utf8mb4_unicode_ci DEFAULT NULL,
  `images` text CHARACTER SET utf8mb4 COLLATE utf8mb4_unicode_ci,
  `project_id` int unsigned NOT NULL DEFAULT '0',
  `number_bedroom` smallint unsigned DEFAULT NULL,
  `number_bathroom` smallint unsigned DEFAULT NULL,
  `number_floor` smallint unsigned DEFAULT NULL,
  `square` int DEFAULT NULL,
  `price` decimal(15,2) DEFAULT NULL,
  `price_unit` varchar(120) CHARACTER SET utf8mb4 COLLATE utf8mb4_unicode_ci DEFAULT NULL,
  `is_featured` tinyint(1) NOT NULL DEFAULT '0',
  `status` varchar(60) CHARACTER SET utf8mb4 COLLATE utf8mb4_unicode_ci NOT NULL DEFAULT 'selling',
  `created_at` timestamp NULL DEFAULT NULL,
  `updated_at` timestamp NULL DEFAULT NULL,
  `type` varchar(20) CHARACTER SET utf8mb4 COLLATE utf8mb4_unicode_ci NOT NULL DEFAULT 'sale',
  `description` varchar(400) CHARACTER SET utf8mb4 COLLATE utf8mb4_unicode_ci DEFAULT NULL,
  `currency_id` int unsigned DEFAULT NULL,
  `city_id` int unsigned DEFAULT NULL,
  `period` varchar(30) CHARACTER SET utf8mb4 COLLATE utf8mb4_unicode_ci NOT NULL DEFAULT 'month',
  `author_id` int DEFAULT NULL,
  `author_type` varchar(255) CHARACTER SET utf8mb4 COLLATE utf8mb4_unicode_ci NOT NULL DEFAULT 'Botble\\ACL\\Models\\User',
  `moderation_status` varchar(60) CHARACTER SET utf8mb4 COLLATE utf8mb4_unicode_ci NOT NULL DEFAULT 'pending',
  `expire_date` date DEFAULT NULL,
  `auto_renew` tinyint(1) NOT NULL DEFAULT '0',
  `never_expired` tinyint(1) NOT NULL DEFAULT '0',
  `latitude` varchar(25) CHARACTER SET utf8mb4 COLLATE utf8mb4_unicode_ci DEFAULT NULL,
  `longitude` varchar(25) CHARACTER SET utf8mb4 COLLATE utf8mb4_unicode_ci DEFAULT NULL,
  `views` int unsigned NOT NULL DEFAULT '0',
  `country_id` int unsigned DEFAULT '1',
  `state_id` int unsigned DEFAULT NULL,
  PRIMARY KEY (`id`)
) ENGINE=InnoDB AUTO_INCREMENT=35 DEFAULT CHARSET=utf8mb4 COLLATE=utf8mb4_unicode_ci;

--
-- Dumping data for table `re_properties`
--

INSERT INTO `re_properties` VALUES (1,'3 Beds Villa Calpe, Alicante','<p>This villa is equipped with all conveniences, where everything takes place on one living level. Three spacious bedrooms that all have direct access to the pool terrace and a spacious living room with an American kitchen with cooking island, from where you can walk onto the terrace through large glass sliding doors. Downstairs there is an indoor, double garage and laundry room with an internal staircase to the house. But you can also drive up to the front door by car. The terrace is spacious and there is an extra-long swimming pool, where you can swim laps well. Around there is a landscaped garden, which is also low in maintenance. Instead of gardening, there is more time left for wonderful enjoyment in and around this beautiful villa.</p>','Alicante, Spain','[\"properties\\/1.jpg\",\"properties\\/3.jpg\",\"properties\\/4.jpg\",\"properties\\/2.jpg\"]',6,3,3,1,600,700000.00,NULL,1,'selling','2019-11-17 20:34:59','2023-03-18 00:07:34','sale','This villa is equipped with all conveniences, where everything takes place on one living level. Three spacious bedrooms that all have direct access to the pool terrace and a spacious living room with an American kitchen with cooking island, from where you can walk onto the terrace through large glass sliding doors.',1,5,'month',11,'Botble\\RealEstate\\Models\\Account','approved','2023-05-02',0,1,'43.954366','-76.204832',7896,1,1),(2,'Property For sale , Johannesburg, South Africa','<p><strong>Beautiful home situated in road closure in bedfordview.&nbsp;</strong>Nestled on a rocky outcrop of enormous boulders, this unique home is an architectural triumph designed to titilate the senses from the very start with a waterfall cascading into heated black quartzite pool &amp; stunning koi-pond. Flavours of the Seychelles.&nbsp;Enter from a winding pathway lined by palms and tree ferns into the hallway. The spacious living room with magnificent wood burning fireplace and large diningroom are complemented by a wet barrel bar, featuring designer built in wine cellar wall.</p>','Johannesburg, South Africa','[\"properties\\/23.jpg\",\"properties\\/21.jpg\",\"properties\\/24.jpg\",\"properties\\/22.jpg\"]',6,4,4,2,800,800000.00,NULL,1,'selling','2019-11-17 20:53:34','2023-03-18 00:07:34','sale','Beautiful home. Nestled on a rocky outcrop of enormous boulders, this unique home is an architectural triumph designed to titilate the senses from the very start with a waterfall cascading into heated black quartzite pool & stunning koi-pond. Flavours of the Seychelles.',1,2,'month',7,'Botble\\RealEstate\\Models\\Account','approved','2023-05-02',0,1,'43.819483','-76.703637',1011,1,1),(3,'Stunning French Inspired Manor','<p>Stunning French Inspired Manor located within Briarwood Ranch near Solvang in the heart of the magnificent Santa Ynez Valley. This residence features appx 5,000sqft 4+ bedroom, 3.5 bath home with elegant and spacious interiors including formal living and dining, amazing view great room and kitchen, and massive bonus library media room with bar and custom built-ins. The magnificent lagoon-like infinity edge swimming pool offers beach entry, waterfalls and slide, Cabana and a complimentary poolside bar combo BBQ kitchen. A spacious 2 car garage is adjacent to craft room and large art studio</p>','Solvang, Santa Barbara County, CA 93463, USA','[\"properties\\/31.jpg\",\"properties\\/32.jpg\",\"properties\\/33.jpg\",\"properties\\/34.jpg\",\"properties\\/35.jpg\",\"properties\\/311.jpg\"]',5,4,3,1,450,1695000.00,NULL,1,'selling','2019-11-17 21:09:55','2023-03-18 00:07:34','sale','This residence features appx 5,000sqft 4+ bedroom, 3.5 bath home with elegant and spacious interiors including formal living and dining, amazing view great room and kitchen, and massive bonus library media room with bar and custom built-ins. The magnificent lagoon-like infinity edge swimming pool offers beach entry, waterfalls and slide',1,5,'month',1,'Botble\\RealEstate\\Models\\Account','approved','2023-05-02',0,1,'43.722299','-75.466082',1369,1,1),(4,'Villa for sale at Bermuda Dunes','<p>This rare and exceptional custom-built home sits on a premiere lot in the exclusive, private section of Castle Harbour. The property borders the golf course for 360 lineal feet, adding not only a gorgeous view but also complete privacy. The home itself sets above the golf course, for further privacy, and is located between the 5th and 6th fairways of the prestigious Bermuda Dunes Country Club. Chiseled glass entry doors lead you into a magnificent Italian Marble entry that encompasses the entire hallway and living room with a fireplace. The vast great room, with raised ceilings, captures the pool, golf, lake and dynamic southern, mountain views. There&#39;s a lovely Library with built in shelves on one wall. There&rsquo;s a sunken wet bar, with Italian Marble flooring, that provides views of the golf course and surrounding mountains.</p>','Bermuda Dunes, Riverside County, CA 92203, USA','[\"properties\\/411.jpg\",\"properties\\/44.jpg\",\"properties\\/43.jpg\",\"properties\\/42.jpg\"]',4,4,3,1,480,1295000.00,NULL,1,'selling','2019-11-17 21:18:11','2023-03-18 00:07:34','sale','This rare and exceptional custom-built home sits on a premiere lot in the exclusive, private section of Castle Harbour. The property borders the golf course for 360 lineal feet, adding not only a gorgeous view but also complete privacy. The home itself sets above the golf course, for further privacy, and is located between the 5th and 6th fairways of the prestigious Bermuda Dunes Country Club',1,1,'month',7,'Botble\\RealEstate\\Models\\Account','approved','2023-05-02',0,1,'43.982274','-76.182356',3810,1,1),(5,'Walnut Park Apartment','<p>Only 11 miles from downtown Austin, the heavily-wooded site borders Walnut Creek and offers residents inspiring views in an unparalleled, secluded community</p>\r\n\r\n<ul>\r\n	<li>Heavily wooded site with dramatic 30-foot bluffs overlooking the scenic Walnut Creek</li>\r\n	<li>Conveniently located on North Lamar near numerous shops, major employers and restaurants</li>\r\n	<li>Easy access to I-35 and a short distance to US-183 and SH-45</li>\r\n	<li>Elegant clubhouse with a full kitchen, bar area, lounging area and creek-view veranda</li>\r\n	<li>24-hour fully-equipped fitness center with lockers and changing area</li>\r\n	<li>Indoor spa with cascading waterfall, steam room and cedar sauna</li>\r\n	<li>Spacious, gourmet kitchens with granite countertops and backsplashes</li>\r\n	<li>Stainless steel appliances and natural gas ranges</li>\r\n	<li>Designer hardwood cabinets with under-cabinet lighting</li>\r\n</ul>','North Lamar Boulevard, Austin, Texas 78753, USA','[\"properties\\/8.jpg\",\"properties\\/7.jpg\",\"properties\\/5.jpg\",\"properties\\/1-1.jpg\"]',1,2,2,1,980,2035.00,NULL,1,'renting','2019-11-18 00:47:52','2023-03-18 00:07:34','rent','Heavily wooded site with dramatic 30-foot bluffs overlooking the scenic Walnut Creek\r\nConveniently located on North Lamar near numerous shops, major employers and restaurants\r\nEasy access to I-35 and a short distance to US-183 and SH-45\r\nElegant clubhouse with a full kitchen, bar area, lounging area and creek-view veranda',1,1,'month',4,'Botble\\RealEstate\\Models\\Account','approved','2023-05-02',0,1,'42.669053','-75.578469',4942,1,1),(6,'5 beds luxury house','<p>Luxury and spacious remodeled house in Sea Cliff with 3 levels, 5 bedrooms and 4 bathrooms, and a great Golden Gate View. 4-Car garage. The house is remodeled and spacious with a great layout, and is offered furnished. It is charming and beautiful with lots of details, has thoughtful front landscaping and a large backyard and a patio, and has a great view of the Golden Gate. On the main level the entry opens to a large foyer which connects to a beautiful and large living room with a fireplace, and to a formal dining room.</p>\r\n\r\n<p>The house has a garage which can accommodate 3 to 4 cars. The house is offered furnished. Can be leased for short term or long term. The minimum lease term is 3 months.</p>','Seacliff San Francisco, Sea Cliff Avenue, San Francisco, CA 94121, USA','[\"properties\\/a3.jpg\",\"properties\\/a1.jpg\",\"properties\\/a2.jpg\",\"properties\\/a4.jpg\"]',2,5,4,3,270,1808.00,NULL,1,'renting','2019-11-18 01:05:58','2023-03-18 00:07:34','rent','Luxury and spacious remodeled house in Sea Cliff with 3 levels, 5 bedrooms and 4 bathrooms, and a great Golden Gate View. 4-Car garage. The house is remodeled and spacious with a great layout, and is offered furnished. It is charming and beautiful with lots of details, has thoughtful front landscaping and a large backyard and a patio, and has a great view of the Golden Gate',1,1,'month',6,'Botble\\RealEstate\\Models\\Account','approved','2023-05-02',0,1,'42.946985','-76.206616',3279,1,1),(7,'Family Victorian \"View\" Home','<p>There is a formal dining room and spacious living room located on either side of the updated eat-in kitchen skylight, white cabinets, and stainless steel appliances. Enjoy ample natural light and spectacular southern views from the main living room oversized windows and a walk-out deck. A bonus room (guest bedroom/office) and a full bath complete this level.</p>\r\n<p> </p>','Safeway San Francisco CA, Market Street, San Francisco, CA 94114, USA','[\"properties\\/b5.jpg\",\"properties\\/b1.jpg\",\"properties\\/b4.jpg\",\"properties\\/b6.jpg\",\"properties\\/b2.jpg\"]',3,3,2,1,180,2580.00,NULL,1,'renting','2019-11-18 01:12:07','2023-03-18 00:07:34','rent','There is a formal dining room and spacious living room located on either side of the updated eat-in kitchen skylight, white cabinets, and stainless steel appliances. Enjoy ample natural light and spectacular southern views from the main living room oversized windows and a walk-out deck. A bonus room (guest bedroom/office) and a full bath complete t',1,1,'month',6,'Botble\\RealEstate\\Models\\Account','approved','2023-05-02',0,1,'43.819646','-74.89512',1569,1,1),(8,'Osaka Heights Apartment','<p><strong>Kitchen</strong><br />\r\nCeramic tiled flooring, Granite counter top , Single bowl stainless steel kitchen sink with drain board and provisions for water purifier , electric hood , exhaust fan will be provided</p>\r\n\r\n<p><strong>Toilets</strong><br />\r\nAnti-skid Ceramic tiles on floor and ceramic wall tiles up to 7 feet height. White coloured branded sanitary fittings, Chromium plated taps , concealed plumbing</p>\r\n\r\n<p><strong>Doors</strong><br />\r\nMain door will be high quality wooden door, premium Windows quality pre-hung internal doors with wooded frame, UPVC or aluminum sliding doors and aluminum frame with glass for windows</p>\r\n\r\n<p>&nbsp;9 km to Katunayaka airport expressway entrance</p>\r\n\r\n<p>&nbsp;12 km to Southern expressway entrance at Kottawa</p>\r\n\r\n<p>&nbsp;2 km to Kalubowila General hospital</p>\r\n\r\n<p>&nbsp;All leading banks within a few kilometer radii</p>\r\n\r\n<p>&nbsp;Very close proximity to railway stations</p>\r\n\r\n<p>&nbsp;Many leading schools including CIS within 5 km radius</p>','High Level Road, Colombo 06, Sri Lanka','[\"properties\\/24-1.jpg\",\"properties\\/22-1.jpg\",\"properties\\/p1.jpg\",\"properties\\/p2.jpg\"]',2,2,2,1,110,150000.00,NULL,1,'selling','2019-11-18 01:49:36','2023-03-18 00:07:34','sale','Ceramic tiled flooring, Granite counter top , Single bowl stainless steel kitchen sink with drain board and provisions for water purifier , electric hood , exhaust fan will be provided. Anti-skid Ceramic tiles on floor and ceramic wall tiles up to 7 feet height. White coloured branded sanitary fittings, Chromium plated taps , concealed plumbing.',1,5,'month',4,'Botble\\RealEstate\\Models\\Account','approved','2023-05-02',0,1,'42.928003','-74.902172',8007,1,1),(9,'Private Estate Magnificent Views','<p>Spacious 3 bedroom stabilised earth brick home, light and bright with statement entrance hall. Conservatory sun room, open plan kitchen/dining/lounge with raked cedar lined ceiling, kitchen with oregon timber cupboards and new Smeg oven. Air conditioner &amp; wood heater<br />\r\nGood sized bedrooms and main bedroom with spa overlooking tranquil gardens and Inlet.</p>','110 Springdale Heights, Hay Denmark, WA, Australia','[\"properties\\/79.jpg\",\"properties\\/71.jpg\",\"properties\\/73.jpg\",\"properties\\/72.jpg\",\"properties\\/74.jpg\",\"properties\\/75.jpg\",\"properties\\/78.jpg\"]',2,3,1,1,2000,694000.00,NULL,1,'selling','2019-11-18 02:02:19','2023-03-18 00:07:34','sale','Spacious 3 bedroom stabilised earth brick home, light and bright with statement entrance hall. Conservatory sun room, open plan kitchen/dining/lounge with raked cedar lined ceiling, kitchen with oregon timber cupboards and new Smeg oven. Air conditioner & wood heater',1,5,'month',5,'Botble\\RealEstate\\Models\\Account','approved','2023-05-02',0,1,'42.812299','-76.137607',5328,1,1),(10,'Thompsons Road House for rent','<p>Perfectly positioned in the exclusive suburb of Bulleen, this renovated home 3 bedroom home offers a superb lifestyle to those seeking all the expected comforts, privacy, convenience to freeways &amp; transport, and space.<br />\r\nYou are welcomed by a beautiful, low maintenance and established front garden, with ample off street parking, an elevated porch and tantum large garage. Inside you will find a lovely neutral colour scheme and near new gleaming timber timber floors. There are three spacious bedrooms all with built in robes, serviced by a central family bathroom and separate powder room, along with a large open lounge and formal dining room beaming with natural light. The stunning kitchen comes complete with Blanco appliances, breakfast bar and top quality fittings and fixtures.</p>','Thompsons Road, Bulleen VIC, Australia','[\"properties\\/5-1.jpg\",\"properties\\/7-1.jpg\",\"properties\\/8-1.jpg\",\"properties\\/9.jpg\",\"properties\\/6.jpg\"]',6,3,3,1,160,1465.00,NULL,1,'renting','2019-11-18 02:16:53','2023-03-18 00:07:34','rent','Perfectly positioned in the exclusive suburb of Bulleen, this renovated home 3 bedroom home offers a superb lifestyle to those seeking all the expected comforts, privacy, convenience to freeways & transport, and space.\r\nYou are welcomed by a beautiful, low maintenance and established front garden, with ample off street parking, an elevated porch and tantum large garage',1,3,'month',4,'Botble\\RealEstate\\Models\\Account','approved','2023-05-02',0,1,'42.601639','-76.36969',2617,1,1),(11,'Brand New 1 Bedroom Apartment In First Class Location','<p>Set-back from Sandy Bay Road, walk to everything that counts: vibrant Battery Point village, Salamanca Place (Tasmania&#39;s premier entertainment precinct), the City Centre, University of Tasmania, hotel, retail and an easy stroll away from bustling Sandy Bay shops, local schools and with public transport outside your front door.</p>\r\n\r\n<p>Please note: Elders Brown and Banks do not accept applications from applicants who have not inspected the property internally.</p>','Sandy Bay Road, Sandy Bay TAS, Australia','[\"properties\\/12.jpg\",\"properties\\/10.jpg\",\"properties\\/13.jpg\",\"properties\\/14.jpg\",\"properties\\/15.jpg\"]',5,1,1,1,80,1680.00,NULL,1,'renting','2019-11-18 02:22:48','2023-03-18 00:07:34','rent','Set-back from Sandy Bay Road, walk to everything that counts: vibrant Battery Point village, Salamanca Place (Tasmania\'s premier entertainment precinct), the City Centre, University of Tasmania, hotel, retail and an easy stroll away from bustling Sandy Bay shops, local schools and with public transport outside your front door.',1,5,'month',2,'Botble\\RealEstate\\Models\\Account','approved','2023-05-02',0,1,'42.659611','-76.197177',7103,1,1),(12,'Elegant family home presents premium modern living','<p>Move straight into this beautifully presented four-bedroom home and enjoy the best in modern family living without lifting a finger. Two separate living areas and four generous bedrooms provide plenty of space to grow, and entertaining is a real pleasure on the elegant alfresco patio in a peaceful garden setting. The home is ideally set walking distance to parks and bus stops, moments to your choice of schools, and just several minutes to Westfield North Lakes.<br />\r\n&nbsp;</p>','North Lakes QLD 4509, Australia','[\"properties\\/a1-1.jpg\",\"properties\\/a2-1.jpg\",\"properties\\/a3-1.jpg\",\"properties\\/a5.jpg\",\"properties\\/a4-1.jpg\",\"properties\\/a6.jpg\"]',6,3,3,1,658,1574.00,NULL,1,'renting','2019-11-18 02:47:05','2023-03-18 00:07:34','rent','Move straight into this beautifully presented four-bedroom home and enjoy the best in modern family living without lifting a finger. Two separate living areas and four generous bedrooms provide plenty of space to grow, and entertaining is a real pleasure on the elegant alfresco patio in a peaceful garden setting.',1,5,'month',8,'Botble\\RealEstate\\Models\\Account','approved','2023-05-02',0,1,'43.137361','-76.539998',7662,1,1),(13,'Luxury Apartments in Singapore for Sale','<p>This apartment&nbsp;is located in Singapore, which has become a comfortable living center for the living, providing both attractive gains for investors and high premium. 840sqft<br />\r\n- High Floor<br />\r\n- Chinese Family<br />\r\n- Sky Garden<br />\r\n- Beautiful Roof Terrace with Jaccuzzi And<br />\r\nAlfresco Dinning<br />\r\n- Renovated with Quality Finishes<br />\r\n- Near Amenities<br />\r\n- Plenty of eateries.<br />\r\n- 5mins Walk to NTUC / Shaw Plaza<br />\r\n- Mins Drive To Orchard</p>','Balestier Road, Singapore','[\"properties\\/5-2.jpg\",\"properties\\/2-3.jpg\",\"properties\\/3-3.jpg\",\"properties\\/4-2.jpg\",\"properties\\/1-3.jpg\"]',6,2,2,1,78,918000.00,NULL,1,'selling','2019-11-18 07:23:02','2023-03-18 00:07:34','sale','This apartment is located in Singapore. High Floor, Chinese Family, Sky Garden, Beautiful Roof Terrace with Jaccuzzi and Alfresco Dinning, Renovated with Quality Finishes, Near Amenities, Plenty of eateries, 5mins Walk to NTUC / Shaw Plaza, Mins Drive To Orchard',1,5,'month',5,'Botble\\RealEstate\\Models\\Account','approved','2023-05-02',0,1,'42.813772','-76.615855',6999,1,1),(14,'5 room luxury penthouse for sale in Kuala Lumpur','<p>The Sentral Residence (BRAND NEW LUXURY CONDO)<br />\r\n<br />\r\n-Next to St Regis 5 Star Hotel<br />\r\n-Excellent accessibility (LRT,KLIA TRANSIT,KTM)<br />\r\n-Rooftop Sky lounge,sky pool,sky gym<br />\r\n-Private lift lobby to own unit<br />\r\n<br />\r\nEPIC LUXE PREMIUM UNITS<br />\r\n(KLCC and Lake Garden VIEW)<br />\r\n<br />\r\nLargest unit in Sentral Residence<br />\r\n&nbsp;</p>','Kuala Lumpur, Malaysia','[\"properties\\/6-2.jpg\",\"properties\\/7-2.jpg\",\"properties\\/9-1.jpg\",\"properties\\/8-2.jpg\",\"properties\\/10-1.jpg\",\"properties\\/11-1.jpg\"]',1,5,7,20,377,1590000.00,NULL,1,'selling','2019-11-18 07:36:29','2023-03-18 00:07:34','sale','Next to St Regis 5 Star Hotel, Excellent accessibility (LRT,KLIA TRANSIT,KTM), Rooftop Sky lounge, sky pool, sky gym, KLCC and Lake Garden VIEW',1,4,'month',6,'Botble\\RealEstate\\Models\\Account','approved','2023-05-02',0,1,'42.504328','-76.341293',2011,1,1),(15,'2 Floor house in Compound Pejaten Barat Kemang','<p>Want to lease a nice house in compound Renovated, balinese style ,homey and comfy area 220/300,&nbsp;3&nbsp;bedrooms,&nbsp;2 bathrooms, garden furnished renovated fasilitas : s.pool, tenis court, jogging track 24 hours security rent price : IDR 250.000.000 / year&nbsp;</p>','Kota Administrasi Jakarta Selatan, South Jakarta City, Jakarta Raya, Indonesia','[\"properties\\/a1-2.jpg\",\"properties\\/a2-2.jpg\",\"properties\\/a3-2.jpg\",\"properties\\/a4-2.jpg\"]',1,3,2,2,200,1400.00,NULL,1,'renting','2019-11-18 07:44:44','2023-03-18 00:07:34','rent','Want to lease a nice house in compound Renovated, balinese style ,homey and comfy area 220/300, 3 bedrooms, 2 bathrooms, garden furnished renovated fasilitas : s.pool, tenis court, jogging track 24 hours security rent price : IDR 250.000.000 / year ',1,5,'month',1,'Botble\\RealEstate\\Models\\Account','approved','2023-05-02',0,1,'43.636294','-76.116519',9057,1,1),(16,'Apartment Muiderstraatweg in Diemen','<p>For rent fully furnished 3 bedroom apartment in Diemen.<br />\r\nVery suitable for a couple or maximum 2 working sharers, garantors are not accepted.<br />\r\n<br />\r\nLovely modern and very well maintained apartment in Diemen.<br />\r\nThe property is located on the first floor where you will find the living room and the kitchen with all modern conveniences.<br />\r\nOn the second floor 2 bedrooms and a nice bathroom with a seperate shower and bathtub.<br />\r\nOn this floor you have access to the small roof terrace.<br />\r\nLast but not least there is a spacious attic room on the third floor.<br />\r\nThe tram stops in front of the door and within 20 minutes you are in the heart of Amsterdam.<br />\r\nPets are not allowed.</p>','Diemen, Netherlands','[\"properties\\/b4-1.jpg\",\"properties\\/b3.jpg\",\"properties\\/b5-1.jpg\"]',3,3,1,2,90,2123.00,NULL,1,'renting','2019-11-18 07:59:14','2023-03-18 00:07:34','rent','Lovely modern and very well maintained apartment in Diemen.\r\nThe property is located on the first floor where you will find the living room and the kitchen with all modern conveniences.\r\nOn the second floor 2 bedrooms and a nice bathroom with a seperate shower and bathtub.\r\nOn this floor you have access to the small roof terrace.',1,3,'month',5,'Botble\\RealEstate\\Models\\Account','approved','2023-05-02',0,1,'43.52876','-76.65882',9252,1,1),(17,'Nice Apartment for rent in Berlin','<p>Fully furnished shared all-inclusive apartments, with modern amenities that&rsquo;ll make you feel right at home. A great starting point for exploring the rest of the city and its many hidden gems. Area In the center of East Berlin, you&rsquo;ll find everything from delicious street food to flee markets, to high-end restaurants.</p>\r\n\r\n<p>In this bright, modern h(e)aven, you&rsquo;ll find a Queen size bed, a fully equipped kitchen, a separate bathroom with a walk-in shower and a study area for when the dedicated student in you awakens. Some come with great views, others with a nice and cozy balcony.</p>','Berlin, Germany','[\"properties\\/t3.jpg\",\"properties\\/t1.jpg\",\"properties\\/t2.jpg\",\"properties\\/t4.jpg\",\"properties\\/t5.jpg\"]',6,1,1,1,33,1217.00,NULL,1,'renting','2019-11-18 08:13:07','2023-03-18 00:07:34','rent','Fully furnished shared all-inclusive apartments, with modern amenities that’ll make you feel right at home. A great starting point for exploring the rest of the city and its many hidden gems. Area In the center of East Berlin, you’ll find everything from delicious street food to flee markets, to high-end restaurants.',1,5,'month',5,'Botble\\RealEstate\\Models\\Account','approved','2023-05-02',0,1,'43.222732','-76.105523',9090,1,1);

--
-- Table structure for table `re_properties_translations`
--

CREATE TABLE `re_properties_translations` (
  `lang_code` varchar(191) CHARACTER SET utf8mb4 COLLATE utf8mb4_unicode_ci NOT NULL,
  `re_properties_id` int NOT NULL,
  `name` varchar(255) CHARACTER SET utf8mb4 COLLATE utf8mb4_unicode_ci DEFAULT NULL,
  `description` varchar(400) CHARACTER SET utf8mb4 COLLATE utf8mb4_unicode_ci DEFAULT NULL,
  `content` longtext CHARACTER SET utf8mb4 COLLATE utf8mb4_unicode_ci,
  `location` varchar(255) CHARACTER SET utf8mb4 COLLATE utf8mb4_unicode_ci DEFAULT NULL,
  PRIMARY KEY (`lang_code`,`re_properties_id`)
) ENGINE=InnoDB DEFAULT CHARSET=utf8mb4 COLLATE=utf8mb4_unicode_ci;

--
-- Dumping data for table `re_properties_translations`
--

INSERT INTO `re_properties_translations` VALUES ('vi',1,'Bán biệt thự 3 phòng ngủ Calpe, Alicante','Biệt thự được trang bị đầy đủ tiện nghi. Ba phòng ngủ rộng rãi đều có lối đi thẳng ra sân thượng hồ bơi và phòng khách rộng rãi với nhà bếp kiểu Mỹ có thể nấu ăn, từ đó bạn có thể đi bộ lên sân thượng qua cửa kính lớn. Ở tầng dưới có một nhà để xe trong nhà, phòng giặt đồ với một cầu thang nội bộ đến nhà','<p>Biệt thự được trang bị đầy đủ tiện nghi. Ba ph&ograve;ng ngủ rộng r&atilde;i đều c&oacute; lối đi thẳng ra s&acirc;n thượng hồ bơi v&agrave; ph&ograve;ng kh&aacute;ch rộng r&atilde;i với nh&agrave; bếp kiểu Mỹ c&oacute; thể nấu ăn, từ đ&oacute; bạn c&oacute; thể đi bộ l&ecirc;n s&acirc;n thượng qua cửa k&iacute;nh lớn. Ở tầng dưới c&oacute; một nh&agrave; để xe trong nh&agrave;, ph&ograve;ng giặt đồ với một cầu thang nội bộ đến nh&agrave;. Nhưng bạn cũng c&oacute; thể l&aacute;i xe l&ecirc;n đến cửa trước bằng &ocirc; t&ocirc;. S&acirc;n thượng rộng r&atilde;i v&agrave; c&oacute; một bể bơi cực d&agrave;i, thoải m&aacute;i bơi lội. Xung quanh c&oacute; một khu vườn cảnh quan. H&atilde;y d&agrave;nh thời gian để tận hưởng tuyệt vời trong v&agrave; xung quanh biệt thự xinh đẹp n&agrave;y.</p>','Alicante, Spain'),('vi',2,'Bán nhà tại Johannesburg, South Africa','Nhà đẹp. Nép mình trên một mỏm đá của những tảng đá khổng lồ, ngôi nhà độc đáo này là một chiến thắng kiến trúc được thiết kế để chuẩn độ các giác quan ngay từ đầu với một thác nước đổ xuống hồ thạch anh đen nóng bỏng và hồ cá koi tuyệt đẹp. Hương vị của Seychelles','<p>Nh&agrave; đẹp. N&eacute;p m&igrave;nh tr&ecirc;n một mỏm đ&aacute; của những tảng đ&aacute; khổng lồ, ng&ocirc;i nh&agrave; độc đ&aacute;o n&agrave;y l&agrave; một chiến thắng kiến tr&uacute;c được thiết kế để chuẩn độ c&aacute;c gi&aacute;c quan ngay từ đầu với một th&aacute;c nước đổ xuống hồ thạch anh đen n&oacute;ng bỏng v&agrave; hồ c&aacute; koi tuyệt đẹp. Hương vị của Seychelles. Đường v&agrave;o nh&agrave; được bao phủ bởi c&acirc;y dương sỉ 2 b&ecirc;n h&agrave;nh lang. Ph&ograve;ng kh&aacute;ch rộng r&atilde;i với l&ograve; sưởi đốt củi tuyệt đẹp v&agrave; ph&ograve;ng ăn lớn c&oacute; th&ecirc;m quầy rượu, được thiết kế v&agrave; x&acirc;y dựng như những bức tường hầm rượu.</p>','Johannesburg, South Africa'),('vi',3,'Nhà phong cách Pháp','Khu nhà này có 4 phòng ngủ, sấp sỉ 5,000sqft, 3 nhà tắm với nội thất trang nhã và rộng rãi bao gồm phòng khách và ăn uống chính thức, phòng và nhà bếp tuyệt vời, phòng thư viện lớn với quầy bar.\r\nHồ bơi cạnh vô cực tuyệt đẹp giống như lối vào bãi biển, thác nước và cầu trượt.','<p>Trang vi&ecirc;n&nbsp;lấy cảm hứng từ Ph&aacute;p tuyệt đẹp nằm trong Briarwood Ranch gần Solvang ở trung t&acirc;m thung lũng Santa Ynez tr&aacute;ng lệ. Khu nh&agrave; n&agrave;y c&oacute; 4 ph&ograve;ng ngủ, sấp sỉ 5,000sqft, 3 nh&agrave; tắm với nội thất trang nh&atilde; v&agrave; rộng r&atilde;i bao gồm ph&ograve;ng kh&aacute;ch v&agrave; ăn uống ch&iacute;nh thức, ph&ograve;ng v&agrave; nh&agrave; bếp tuyệt vời, ph&ograve;ng thư viện lớn với quầy bar.<br />\r\nHồ bơi cạnh v&ocirc; cực tuyệt đẹp giống như lối v&agrave;o b&atilde;i biển, th&aacute;c nước v&agrave; cầu trượt, Cabana v&agrave; nh&agrave; bếp kết hợp quầy bar BBQ b&ecirc;n hồ bơi miễn ph&iacute;. Nh&agrave; để xe rộng r&atilde;i, rộng r&atilde;i, liền kề với ph&ograve;ng thủ c&ocirc;ng v&agrave; studio nghệ thuật lớn</p>','Solvang, Santa Barbara County, CA 93463, USA'),('vi',4,'Nhà bán tại Bermuda Dunes','Ngôi nhà được xây dựng tùy chỉnh hiếm có và đặc biệt này nằm trên một khu đất ra mắt trong khu vực riêng, độc quyền của Castle Harbor. Khu nhà có dải cỏ rộng 360 bước chân, không chỉ có tầm nhìn tuyệt đẹp mà còn hoàn toàn riêng tư. Ngôi nhà nằm phía trên sân cỏ, để có thêm sự riêng tư, và nằm giữa các luồng thứ 5 và thứ 6 của Câu lạc bộ Quốc gia Bermuda Dunes danh tiếng','<p>Ng&ocirc;i nh&agrave; được x&acirc;y dựng t&ugrave;y chỉnh hiếm c&oacute; v&agrave; đặc biệt n&agrave;y nằm tr&ecirc;n một khu đất ra mắt trong khu vực ri&ecirc;ng, độc quyền của Castle Harbor. Khu nh&agrave; c&oacute; dải cỏ rộng 360 bước ch&acirc;n, kh&ocirc;ng chỉ c&oacute; tầm nh&igrave;n tuyệt đẹp m&agrave; c&ograve;n ho&agrave;n to&agrave;n ri&ecirc;ng tư. Ng&ocirc;i nh&agrave; nằm ph&iacute;a tr&ecirc;n s&acirc;n cỏ, để c&oacute; th&ecirc;m sự ri&ecirc;ng tư, v&agrave; nằm giữa c&aacute;c luồng thứ 5 v&agrave; thứ 6 của C&acirc;u lạc bộ Quốc gia Bermuda Dunes danh tiếng. Cửa ra v&agrave;o bằng k&iacute;nh được đưa bạn v&agrave;o một lối v&agrave;o Đ&aacute; cẩm thạch &Yacute; tuyệt đẹp bao gồm to&agrave;n bộ h&agrave;nh lang v&agrave; ph&ograve;ng kh&aacute;ch với một l&ograve; sưởi. Ph&ograve;ng lớn rộng lớn, với trần nh&agrave; cao l&ecirc;n, thu h&uacute;t hồ bơi, s&acirc;n g&ocirc;n, hồ nước v&agrave; hướng nam năng động, cảnh n&uacute;i non. C&oacute; một thư viện đ&aacute;ng y&ecirc;u được x&acirc;y dựng tr&ecirc;n c&aacute;c kệ tr&ecirc;n một bức tường. C&oacute; một qu&aacute;n bar m&aacute;t mẻ, với s&agrave;n l&aacute;t đ&aacute; cẩm thạch của &Yacute;, cung cấp tầm nh&igrave;n ra s&acirc;n g&ocirc;n v&agrave; những ngọn n&uacute;i xung quanh.</p>','Bermuda Dunes, Riverside County, CA 92203, USA'),('vi',5,'Căn hộ Walnut Park','Khu rừng rậm rạp với những ngọn cây dài 30 feet nhìn xuống. Walnut Creek tuyệt đẹp.\r\nVị trí thuận tiện trên North Lamar gần nhiều cửa hàng, doanh nghiệp và nhà hàng.\r\nDễ dàng truy cập I-35 và một khoảng cách ngắn đến US-183 và SH-45 Có câu lạc bộ thanh lịch với nhà bếp đầy đủ, khu vực quầy bar, khu vực thư giãn và hiên nhìn ra thung lũng.','<p>Chỉ c&oacute; 11 dặm từ trung t&acirc;m th&agrave;nh phố Austin, khu căn hộ nhiều c&acirc;y cối rậm rạp gi&aacute;p Walnut Creek v&agrave; tạo cho người d&acirc;n cảm hứng trong một cộng đồng đẳng cấp ri&ecirc;ng biệt.<br />\r\nKhu rừng rậm rạp với những ngọn c&acirc;y d&agrave;i 30 feet nh&igrave;n xuống. Walnut Creek tuyệt đẹp.<br />\r\nVị tr&iacute; thuận tiện tr&ecirc;n North Lamar gần nhiều cửa h&agrave;ng, doanh nghiệp v&agrave; nh&agrave; h&agrave;ng.<br />\r\nDễ d&agrave;ng truy cập I-35 v&agrave; một khoảng c&aacute;ch ngắn đến US-183 v&agrave; SH-45 C&oacute; c&acirc;u lạc bộ thanh lịch với nh&agrave; bếp đầy đủ, khu vực quầy bar, khu vực thư gi&atilde;n v&agrave; hi&ecirc;n nh&igrave;n ra thung lũng.<br />\r\nTrung t&acirc;m thể dục được trang bị đầy đủ 24 giờ với tủ kh&oacute;a v&agrave; khu vực thay đồ.<br />\r\nSpa trong nh&agrave; với th&aacute;c nước, ph&ograve;ng tắm hơi v&agrave; ph&ograve;ng x&ocirc;ng hơi tuyết t&ugrave;ng.<br />\r\nNh&agrave; bếp rộng r&atilde;i, s&agrave;nh điệu với mặt đ&aacute; granite v&agrave; ốp lưng.<br />\r\nThiết bị bằng th&eacute;p kh&ocirc;ng gỉ v&agrave; phạm vi kh&iacute; đốt tự nhi&ecirc;n.<br />\r\nThiết kế tủ gỗ cứng với &aacute;nh s&aacute;ng dưới tủ</p>','North Lamar Boulevard, Austin, Texas, USA'),('vi',6,'Cho thuê nhà cao cấp 5 phòng ngủ','Ngôi nhà được tu sửa sang trọng và rộng rãi ở Sea Cliff với 3 tầng, 5 phòng ngủ và 4 phòng tắm, và Golden Gate View. Gara ô tô 4 chỗ. Ngôi nhà được tu sửa và rộng rãi với bố cục tuyệt vời, và được cung cấp nội thất. Nó quyến rũ và xinh đẹp với nhiều chi tiết, có cảnh quan phía trước chu đáo và sân sau rộng và sân trong, và có một cái nhìn tuyệt vời về Cổng Vàng','<p>Ng&ocirc;i nh&agrave; được tu sửa sang trọng v&agrave; rộng r&atilde;i ở Sea Cliff với 3 tầng, 5 ph&ograve;ng ngủ v&agrave; 4 ph&ograve;ng tắm, v&agrave; Golden Gate View. Gara &ocirc; t&ocirc; 4 chỗ. Ng&ocirc;i nh&agrave; được tu sửa v&agrave; rộng r&atilde;i với bố cục tuyệt vời, v&agrave; được cung cấp nội thất. N&oacute; quyến rũ v&agrave; xinh đẹp với nhiều chi tiết, c&oacute; cảnh quan ph&iacute;a trước chu đ&aacute;o v&agrave; s&acirc;n sau rộng v&agrave; s&acirc;n trong, v&agrave; c&oacute; một c&aacute;i nh&igrave;n tuyệt vời về Cổng V&agrave;ng. Ở cấp độ ch&iacute;nh, lối v&agrave;o mở ra một sảnh lớn kết nối với ph&ograve;ng kh&aacute;ch đẹp v&agrave; rộng c&oacute; l&ograve; sưởi v&agrave; ph&ograve;ng ăn trang trọng.<br />\r\n<br />\r\nNg&ocirc;i nh&agrave; c&oacute; một nh&agrave; để xe c&oacute; thể chứa 3 đến 4 xe hơi. Ng&ocirc;i nh&agrave; được cung cấp nội thất. C&oacute; thể được cho thu&ecirc; ngắn hạn hoặc d&agrave;i hạn. Thời hạn thu&ecirc; tối thiểu l&agrave; 3 th&aacute;ng.</p>','Seacliff San Francisco, Sea Cliff Avenue, San Francisco, CA 94121, USA'),('vi',7,'Cho thuê nhà view đẹp','Có một phòng ăn chính thức và phòng khách rộng rãi nằm ở hai bên của giếng trời nhà bếp được cập nhật, tủ màu trắng và các thiết bị bằng thép không gỉ. Tận hưởng ánh sáng tự nhiên rộng rãi và quang cảnh phía nam ngoạn mục từ các cửa sổ lớn của phòng khách chính và sàn đi bộ. Một phòng thưởng (phòng ngủ cho khách / văn phòng) và phòng tắm đầy đủ.','<p>C&oacute; một ph&ograve;ng ăn ch&iacute;nh thức v&agrave; ph&ograve;ng kh&aacute;ch rộng r&atilde;i nằm ở hai b&ecirc;n của giếng trời nh&agrave; bếp được cập nhật, tủ m&agrave;u trắng v&agrave; c&aacute;c thiết bị bằng th&eacute;p kh&ocirc;ng gỉ. Tận hưởng &aacute;nh s&aacute;ng tự nhi&ecirc;n rộng r&atilde;i v&agrave; quang cảnh ph&iacute;a nam ngoạn mục từ c&aacute;c cửa sổ lớn của ph&ograve;ng kh&aacute;ch ch&iacute;nh v&agrave; s&agrave;n đi bộ. Một ph&ograve;ng thưởng (ph&ograve;ng ngủ cho kh&aacute;ch / văn ph&ograve;ng) v&agrave; ph&ograve;ng tắm đầy đủ.</p>','Safeway San Francisco CA, Market Street, San Francisco, CA 94114, USA'),('vi',8,'Bán căn hộ Osaka Heights','Sàn lát gạch men, mặt bàn đá granite, chậu rửa bát inox đơn có bảng thoát nước và các quy định cho máy lọc nước, máy hút mùi điện, quạt hút sẽ được cung cấp. Gạch chống trượt trên sàn và gạch ốp tường có chiều cao lên đến 7 feet. Phụ kiện vệ sinh thương hiệu màu trắng, vòi mạ crom, hệ thống ống nước che giấu.','<p><strong>Ph&ograve;ng bếp</strong><br />\r\nS&agrave;n l&aacute;t gạch men, mặt b&agrave;n đ&aacute; granite, chậu rửa b&aacute;t inox đơn c&oacute; bảng tho&aacute;t nước v&agrave; c&aacute;c quy định cho m&aacute;y lọc nước, m&aacute;y h&uacute;t m&ugrave;i điện, quạt h&uacute;t sẽ được cung cấp</p>\r\n\r\n<p><strong>Nh&agrave; vệ sinh</strong><br />\r\nGạch chống trượt tr&ecirc;n s&agrave;n v&agrave; gạch ốp tường c&oacute; chiều cao l&ecirc;n đến 7 feet. Phụ kiện vệ sinh thương hiệu m&agrave;u trắng, v&ograve;i mạ crom, hệ thống ống nước che giấu</p>\r\n\r\n<p><strong>Cửa ra v&agrave;o</strong><br />\r\nCửa ch&iacute;nh sẽ l&agrave; cửa gỗ chất lượng cao, cửa b&ecirc;n trong chất lượng cao cấp Windows c&oacute; khung gỗ, cửa trượt bằng nhựa UPVC hoặc nh&ocirc;m v&agrave; khung nh&ocirc;m c&oacute; k&iacute;nh cho cửa sổ</p>\r\n\r\n<p>9 km đến lối v&agrave;o đường cao tốc s&acirc;n bay Katunayaka</p>\r\n\r\n<p>12 km đến lối v&agrave;o đường cao tốc ph&iacute;a Nam tại Kottawa</p>\r\n\r\n<p>2 km đến bệnh viện đa khoa Kalubowila</p>\r\n\r\n<p>Tất cả c&aacute;c ng&acirc;n h&agrave;ng h&agrave;ng đầu trong v&ograve;ng v&agrave;i km b&aacute;n k&iacute;nh</p>\r\n\r\n<p>Rất gần c&aacute;c ga đường sắt</p>\r\n\r\n<p>Nhiều trường h&agrave;ng đầu bao gồm CIS trong b&aacute;n k&iacute;nh 5 km</p>','High Level Road, Colombo 06, Sri Lanka'),('vi',9,'Bán nhà chính chủ Magnificent View','Nhà rộng rãi 3 phòng ngủ, sáng sủa với lối vào sảnh. Phòng tắm nắng, nhà bếp / phòng ăn / phòng khách có không gian mở với trần lót gỗ tuyết tùng, nhà bếp với tủ gỗ oregon và lò nướng Smeg mới. Máy lạnh & máy sưởi gỗ','<p>Nh&agrave; rộng r&atilde;i 3 ph&ograve;ng ngủ, s&aacute;ng sủa với lối v&agrave;o sảnh. Ph&ograve;ng tắm nắng, nh&agrave; bếp / ph&ograve;ng ăn / ph&ograve;ng kh&aacute;ch c&oacute; kh&ocirc;ng gian mở với trần l&oacute;t gỗ tuyết t&ugrave;ng, nh&agrave; bếp với tủ gỗ oregon v&agrave; l&ograve; nướng Smeg mới. M&aacute;y lạnh &amp; m&aacute;y sưởi gỗ<br />\r\nPh&ograve;ng ngủ k&iacute;ch thước tốt v&agrave; ph&ograve;ng ngủ ch&iacute;nh với spa nh&igrave;n ra khu vườn y&ecirc;n tĩnh v&agrave; lối v&agrave;o.</p>','110 Springdale Heights, Hay Denmark, WA, Australia'),('vi',10,'Cho thuê nhà trên đường Thompsons','Nằm ở vị trí hoàn hảo trong vùng ngoại ô độc quyền của Bulleen, ngôi nhà 3 phòng ngủ được cải tạo này mang đến một lối sống tuyệt vời cho những người tìm kiếm tất cả các tiện nghi, sự riêng tư, thuận tiện cho đường cao tốc & giao thông, và không gian.\r\nBạn được chào đón bởi một khu vườn phía trước đẹp, ít bảo trì và được thiết lập, với bãi đậu xe rộng rãi, một hiên nhà cao và nhà để xe lớn tantum','<p>Nằm ở vị tr&iacute; ho&agrave;n hảo trong v&ugrave;ng ngoại &ocirc; độc quyền của Bulleen, ng&ocirc;i nh&agrave; 3 ph&ograve;ng ngủ được cải tạo n&agrave;y mang đến một lối sống tuyệt vời cho những người t&igrave;m kiếm tất cả c&aacute;c tiện nghi, sự ri&ecirc;ng tư, thuận tiện cho đường cao tốc &amp; giao th&ocirc;ng, v&agrave; kh&ocirc;ng gian.<br />\r\nBạn được ch&agrave;o đ&oacute;n bởi một khu vườn ph&iacute;a trước đẹp, &iacute;t bảo tr&igrave; v&agrave; được thiết lập, với b&atilde;i đậu xe rộng r&atilde;i, một hi&ecirc;n nh&agrave; cao v&agrave; nh&agrave; để xe lớn tantum. B&ecirc;n trong, bạn sẽ t&igrave;m thấy một bảng m&agrave;u trung t&iacute;nh đ&aacute;ng y&ecirc;u v&agrave; gần s&agrave;n gỗ mới lấp l&aacute;nh. C&oacute; ba ph&ograve;ng ngủ rộng r&atilde;i, tất cả đều được x&acirc;y dựng với &aacute;o cho&agrave;ng, được phục vụ bởi ph&ograve;ng tắm gia đ&igrave;nh trung t&acirc;m v&agrave; ph&ograve;ng bột ri&ecirc;ng biệt, c&ugrave;ng với một ph&ograve;ng kh&aacute;ch rộng mở v&agrave; ph&ograve;ng ăn trang trọng rạng rỡ với &aacute;nh s&aacute;ng tự nhi&ecirc;n. Nh&agrave; bếp tuyệt đẹp đi k&egrave;m với c&aacute;c thiết bị Blanco, quầy bar ăn s&aacute;ng v&agrave; c&aacute;c phụ kiện v&agrave; đồ đạc chất lượng h&agrave;ng đầu.</p>','Thompsons Road, Bulleen VIC, Australia'),('vi',11,'Căn hộ 1 phòng ngủ hoàn toàn mới ở vị trí hạng nhất','Nằm phía sau Sandy Bay Road, đi bộ đến mọi thứ quan trọng: làng Battery Point sôi động, Salamanca Place (khu giải trí hàng đầu của Tasmania), Trung tâm thành phố, Đại học Tasmania, khách sạn, bán lẻ và dễ dàng đi bộ từ các cửa hàng Sandy Bay nhộn nhịp, trường học địa phương và với giao thông công cộng bên ngoài cửa trước của bạn.','<p>Nằm ph&iacute;a sau Sandy Bay Road, đi bộ đến mọi thứ quan trọng: l&agrave;ng Battery Point s&ocirc;i động, Salamanca Place (khu giải tr&iacute; h&agrave;ng đầu của Tasmania), Trung t&acirc;m th&agrave;nh phố, Đại học Tasmania, kh&aacute;ch sạn, b&aacute;n lẻ v&agrave; dễ d&agrave;ng đi bộ từ c&aacute;c cửa h&agrave;ng Sandy Bay nhộn nhịp, trường học địa phương v&agrave; với giao th&ocirc;ng c&ocirc;ng cộng b&ecirc;n ngo&agrave;i cửa trước của bạn.<br />\r\nXin lưu &yacute;: Người cao tuổi Brown v&agrave; Ng&acirc;n h&agrave;ng kh&ocirc;ng chấp nhận đơn đăng k&yacute; từ những người nộp đơn chưa kiểm tra t&agrave;i sản trong nội bộ.</p>','Sandy Bay Road, Sandy Bay TAS, Australia'),('vi',12,'Nhà cao cấp thanh lịch','Dọn vào ở ngay, ngôi nhà bốn phòng ngủ được trình bày đẹp mắt này và tận hưởng những điều tốt nhất trong cuộc sống gia đình hiện đại không cần trang bị tu sửa gì thêm. Hai khu vực sinh hoạt riêng biệt và bốn phòng ngủ rộng rãi cung cấp nhiều không gian để phát triển, và giải trí là một niềm vui thực sự trên sân hiên thanh lịch trong một khung cảnh vườn yên bình','<p>Dọn v&agrave;o ở ngay, ng&ocirc;i nh&agrave; bốn ph&ograve;ng ngủ được tr&igrave;nh b&agrave;y đẹp mắt n&agrave;y v&agrave; tận hưởng những điều tốt nhất trong cuộc sống gia đ&igrave;nh hiện đại kh&ocirc;ng cần trang bị tu sửa g&igrave; th&ecirc;m. Hai khu vực sinh hoạt ri&ecirc;ng biệt v&agrave; bốn ph&ograve;ng ngủ rộng r&atilde;i cung cấp nhiều kh&ocirc;ng gian để ph&aacute;t triển, v&agrave; giải tr&iacute; l&agrave; một niềm vui thực sự tr&ecirc;n s&acirc;n hi&ecirc;n thanh lịch trong một khung cảnh vườn y&ecirc;n b&igrave;nh. Ng&ocirc;i nh&agrave; l&yacute; tưởng đặt khoảng c&aacute;ch đi bộ đến c&ocirc;ng vi&ecirc;n v&agrave; trạm dừng xe bu&yacute;t, những khoảnh khắc bạn chọn trường v&agrave; chỉ v&agrave;i ph&uacute;t đến Westfield North Lakes.</p>','North Lakes QLD 4509, Australia'),('vi',13,'Cần bán căn hộ cao cấp tại Singapore','Căn hộ này nằm ở Singapore, tầng cao, gia đình Trung Quốc, khu vườn Trên Mây, sân thượng đẹp với Jaccuzzi và phòng ăn Alfresco, được cải tạo với chất lượng hoàn thiện, gần Tiện nghi, rất nhiều quán ăn, 5 phút đi bộ đến NTUC / Shaw Plaza, chỉ mất vài phút lái xe đến đại lộ','<p>Căn hộ n&agrave;y nằm ở Singapore, nơi đ&atilde; trở th&agrave;nh một trung t&acirc;m sống thoải m&aacute;i cho người sống, cung cấp cả lợi nhuận hấp dẫn cho c&aacute;c nh&agrave; đầu tư v&agrave; ph&iacute; bảo hiểm cao.<br />\r\n- Tầng cao<br />\r\n- Gia đ&igrave;nh trung quốc<br />\r\n- Khu vườn Tr&ecirc;n M&acirc;y<br />\r\n- S&acirc;n thượng đẹp với Jaccuzzi v&agrave; Ph&ograve;ng ăn Alfresco<br />\r\n- Được cải tạo với chất lượng ho&agrave;n thiện<br />\r\n- Gần Tiện nghi<br />\r\n- Rất nhiều qu&aacute;n ăn.<br />\r\n- 5 ph&uacute;t đi bộ đến NTUC / Shaw Plaza<br />\r\n- Chỉ mất v&agrave;i ph&uacute;t l&aacute;i xe đến đại lộ</p>','Balestier Road, Singapore'),('vi',14,'Cần bán căn hộ cao cấp 5 phòng tại Kuala Lumpur','Kế bên khách sạn 5 sao St Regis\r\nKhả năng tiếp cận tuyệt vời (LRT, KLIA TRANSIT, KTM)\r\nPhòng chờ trên tầng thượng, hồ bơi ngoài trời, phòng tập thể dục ngoài trời, View KLCC và Lake Garden','<p>The Sentral Residence (CONDO LUXURY MỚI)</p>\r\n\r\n<p>Kế b&ecirc;n&nbsp;kh&aacute;ch sạn 5 sao St Regis<br />\r\nKhả năng tiếp cận tuyệt vời (LRT, KLIA TRANSIT, KTM)<br />\r\nPh&ograve;ng chờ tr&ecirc;n tầng thượng, hồ bơi ngo&agrave;i&nbsp;trời, ph&ograve;ng tập thể dục ngo&agrave;i&nbsp;trời<br />\r\n-Private n&acirc;ng sảnh để sở hữu đơn vị</p>\r\n\r\n<p>ĐƠN VỊ PREMIUM EPIC LUXE<br />\r\n(View KLCC v&agrave;&nbsp;Lake Garden)</p>\r\n\r\n<p>Đơn vị lớn nhất tại Sentral Residence</p>','Kuala Lumpur, Malaysia'),('vi',15,'Nhà 2 tầng tại Compound Pejaten Barat Kemang','Muốn cho thuê một ngôi nhà đẹp trong khu phức hợp. Được cải tạo, theo phong cách Bali, khu nhà ấm cúng và thoải mái 220/300, 3 phòng ngủ, 2 phòng tắm, sân vườn được cải tạo: hồ bơi, khu đánh tenis, đường chạy bộ 24 giờ giá thuê an ninh: 250.000 IDR. 000 / năm','<p>Muốn cho thu&ecirc; một ng&ocirc;i nh&agrave; đẹp trong khu phức hợp. Được cải tạo, theo phong c&aacute;ch Bali, khu nh&agrave; ấm c&uacute;ng v&agrave; thoải m&aacute;i 220/300, 3 ph&ograve;ng ngủ, 2 ph&ograve;ng tắm, s&acirc;n vườn được cải tạo: hồ bơi, khu đ&aacute;nh tenis, đường chạy bộ 24 giờ gi&aacute; thu&ecirc; an ninh: 250.000 IDR. 000 / năm</p>','Kota Administrasi Jakarta Selatan, South Jakarta City, Jakarta Raya, Indonesia'),('vi',16,'Căn hộ Muiderstraatweg ở Diemen','Căn hộ hiện đại đáng yêu và được bảo trì rất tốt ở Diemen.\r\nNhà khách nằm ở tầng một, nơi bạn sẽ tìm thấy phòng khách và nhà bếp với tất cả các tiện nghi hiện đại.\r\nTrên tầng hai, 2 phòng ngủ và một phòng tắm đẹp với vòi sen và bồn tắm riêng biệt.\r\nTrên tầng này bạn có quyền ra vào sân thượng nhỏ.','<p>Cho thu&ecirc; căn hộ 3 ph&ograve;ng ngủ đầy đủ nội thất ở Diemen.<br />\r\nRất th&iacute;ch hợp cho một cặp vợ chồng&nbsp;hoặc tối đa 2 người chia sẻ l&agrave;m việc, kh&ocirc;ng bị kiểm so&aacute;t bởi chủ nh&agrave;</p>\r\n\r\n<p>Căn hộ hiện đại đ&aacute;ng y&ecirc;u v&agrave; được bảo tr&igrave; rất tốt ở Diemen.<br />\r\nNh&agrave; kh&aacute;ch&nbsp;nằm ở tầng một, nơi bạn sẽ t&igrave;m thấy ph&ograve;ng kh&aacute;ch v&agrave; nh&agrave; bếp với tất cả c&aacute;c tiện nghi hiện đại.<br />\r\nTr&ecirc;n tầng hai, 2 ph&ograve;ng ngủ v&agrave; một ph&ograve;ng tắm đẹp với v&ograve;i sen v&agrave; bồn tắm ri&ecirc;ng biệt.<br />\r\nTr&ecirc;n tầng n&agrave;y bạn c&oacute; quyền ra v&agrave;o s&acirc;n thượng nhỏ.<br />\r\nCuối c&ugrave;ng nhưng kh&ocirc;ng k&eacute;m phần quan trọng l&agrave; một ph&ograve;ng g&aacute;c m&aacute;i rộng r&atilde;i tr&ecirc;n tầng ba.<br />\r\nXe điện dừng trước cửa v&agrave; trong v&ograve;ng 20 ph&uacute;t, bạn sẽ ở trung t&acirc;m của Amsterdam.<br />\r\nTh&uacute; cưng kh&ocirc;ng được ph&eacute;p nu&ocirc;i.</p>','Diemen, Netherlands'),('vi',17,'Căn hộ đẹp cho thuê ở Berlin','Căn hộ đầy đủ nội thất, với các tiện nghi hiện đại sẽ khiến bạn cảm thấy như đang ở nhà. Một điểm khởi đầu tuyệt vời để khám phá phần còn lại của thành phố và nhiều viên ngọc ẩn của nó. Khu vực Ở trung tâm của Đông Berlin, bạn sẽ tìm thấy mọi thứ, từ những món ăn đường phố ngon đến những khu chợ trời, đến những nhà hàng cao cấp.','<p>Căn hộ đầy đủ nội thất, với c&aacute;c tiện nghi hiện đại sẽ khiến bạn cảm thấy như đang ở nh&agrave;. Một điểm khởi đầu tuyệt vời để kh&aacute;m ph&aacute; phần c&ograve;n lại của th&agrave;nh phố v&agrave; nhiều vi&ecirc;n ngọc ẩn của n&oacute;. Khu vực Ở trung t&acirc;m của Đ&ocirc;ng Berlin, bạn sẽ t&igrave;m thấy mọi thứ, từ những m&oacute;n ăn đường phố ngon đến những khu chợ trời, đến những nh&agrave; h&agrave;ng cao cấp.<br />\r\nTrong nh&agrave; c&oacute;&nbsp;một chiếc giường cỡ Queen, nh&agrave; bếp đầy đủ tiện nghi, ph&ograve;ng tắm ri&ecirc;ng biệt với v&ograve;i sen kh&ocirc;ng cửa v&agrave; khu vực học tập khi sinh vi&ecirc;n tận tụy thức dậy. Một số ph&ograve;ng c&oacute; tầm nh&igrave;n tuyệt vời, số kh&aacute;c c&oacute; ban c&ocirc;ng đẹp v&agrave; ấm c&uacute;ng.</p>','Berlin, Germany');

--
-- Table structure for table `re_property_categories`
--

CREATE TABLE `re_property_categories` (
  `id` bigint unsigned NOT NULL AUTO_INCREMENT,
  `property_id` int unsigned NOT NULL,
  `category_id` int unsigned NOT NULL,
  PRIMARY KEY (`id`)
) ENGINE=InnoDB AUTO_INCREMENT=323 DEFAULT CHARSET=utf8mb4 COLLATE=utf8mb4_unicode_ci;

--
-- Dumping data for table `re_property_categories`
--

INSERT INTO `re_property_categories` VALUES (306,1,2),(307,2,4),(308,3,5),(309,4,4),(310,5,2),(311,6,4),(312,7,3),(313,8,4),(314,9,1),(315,10,6),(316,11,1),(317,12,6),(318,13,2),(319,14,4),(320,15,6),(321,16,3),(322,17,3);

--
-- Table structure for table `re_property_features`
--

CREATE TABLE `re_property_features` (
  `property_id` int unsigned NOT NULL,
  `feature_id` int unsigned NOT NULL
) ENGINE=InnoDB DEFAULT CHARSET=utf8mb4 COLLATE=utf8mb4_unicode_ci;

--
-- Dumping data for table `re_property_features`
--

INSERT INTO `re_property_features` VALUES (18,1),(18,2),(18,3),(18,4),(18,5),(18,6),(18,7),(18,8),(18,9),(18,10),(18,11),(18,12),(19,1),(19,2),(19,3),(19,4),(19,5),(19,6),(19,7),(19,8),(19,9),(19,10),(19,11),(19,12),(20,1),(20,2),(20,3),(20,4),(20,5),(20,6),(20,7),(20,8),(20,9),(20,10),(20,11),(20,12),(21,1),(21,2),(21,3),(21,4),(21,5),(21,6),(21,7),(21,8),(21,9),(21,10),(21,11),(21,12),(22,1),(22,2),(22,3),(22,4),(22,5),(22,6),(22,7),(22,8),(22,9),(22,10),(22,11),(22,12),(23,1),(23,2),(23,3),(23,4),(23,5),(23,6),(23,7),(23,8),(23,9),(23,10),(23,11),(23,12),(24,1),(24,2),(24,3),(24,4),(24,5),(24,6),(24,7),(24,8),(24,9),(24,10),(24,11),(24,12),(25,1),(25,2),(25,3),(25,4),(25,5),(25,6),(25,7),(25,8),(25,9),(25,10),(25,11),(25,12),(26,1),(26,2),(26,3),(26,4),(26,5),(26,6),(26,7),(26,8),(26,9),(26,10),(26,11),(26,12),(27,1),(27,2),(27,3),(27,4),(27,5),(27,6),(27,7),(27,8),(27,9),(27,10),(27,11),(27,12),(28,1),(28,2),(28,3),(28,4),(28,5),(28,6),(28,7),(28,8),(28,9),(28,10),(28,11),(28,12),(29,1),(29,2),(29,3),(29,4),(29,5),(29,6),(29,7),(29,8),(29,9),(29,10),(29,11),(29,12),(30,1),(30,2),(30,3),(30,4),(30,5),(30,6),(30,7),(30,8),(30,9),(30,10),(30,11),(30,12),(31,1),(31,2),(31,3),(31,4),(31,5),(31,6),(31,7),(31,8),(31,9),(31,10),(31,11),(31,12),(32,1),(32,2),(32,3),(32,4),(32,5),(32,6),(32,7),(32,8),(32,9),(32,10),(32,11),(32,12),(33,1),(33,2),(33,3),(33,4),(33,5),(33,6),(33,7),(33,8),(33,9),(33,10),(33,11),(33,12),(34,1),(34,2),(34,3),(34,4),(34,5),(34,6),(34,7),(34,8),(34,9),(34,10),(34,11),(34,12),(1,1),(1,2),(1,3),(1,4),(1,5),(1,6),(1,7),(1,8),(1,9),(1,10),(1,11),(1,12),(2,1),(2,2),(2,3),(2,4),(2,5),(2,6),(2,7),(2,8),(2,9),(2,10),(2,11),(2,12),(3,1),(3,2),(3,3),(3,4),(3,5),(3,6),(3,7),(3,8),(3,9),(3,10),(3,11),(3,12),(4,1),(4,2),(4,3),(4,4),(4,5),(4,6),(4,7),(4,8),(4,9),(4,10),(4,11),(4,12),(5,1),(5,2),(5,3),(5,4),(5,5),(5,6),(5,7),(5,8),(5,9),(5,10),(5,11),(5,12),(6,1),(6,2),(6,3),(6,4),(6,5),(6,6),(6,7),(6,8),(6,9),(6,10),(6,11),(6,12),(7,1),(7,2),(7,3),(7,4),(7,5),(7,6),(7,7),(7,8),(7,9),(7,10),(7,11),(7,12),(8,1),(8,2),(8,3),(8,4),(8,5),(8,6),(8,7),(8,8),(8,9),(8,10),(8,11),(8,12),(9,1),(9,2),(9,3),(9,4),(9,5),(9,6),(9,7),(9,8),(9,9),(9,10),(9,11),(9,12),(10,1),(10,2),(10,3),(10,4),(10,5),(10,6),(10,7),(10,8),(10,9),(10,10),(10,11),(10,12),(11,1),(11,2),(11,3),(11,4),(11,5),(11,6),(11,7),(11,8),(11,9),(11,10),(11,11),(11,12),(12,1),(12,2),(12,3),(12,4),(12,5),(12,6),(12,7),(12,8),(12,9),(12,10),(12,11),(12,12),(13,1),(13,2),(13,3),(13,4),(13,5),(13,6),(13,7),(13,8),(13,9),(13,10),(13,11),(13,12),(14,1),(14,2),(14,3),(14,4),(14,5),(14,6),(14,7),(14,8),(14,9),(14,10),(14,11),(14,12),(15,1),(15,2),(15,3),(15,4),(15,5),(15,6),(15,7),(15,8),(15,9),(15,10),(15,11),(15,12),(16,1),(16,2),(16,3),(16,4),(16,5),(16,6),(16,7),(16,8),(16,9),(16,10),(16,11),(16,12),(17,1),(17,2),(17,3),(17,4),(17,5),(17,6),(17,7),(17,8),(17,9),(17,10),(17,11),(17,12);

--
-- Table structure for table `re_reviews`
--

CREATE TABLE `re_reviews` (
  `id` bigint unsigned NOT NULL AUTO_INCREMENT,
  `account_id` int unsigned NOT NULL,
  `reviewable_type` varchar(191) CHARACTER SET utf8mb4 COLLATE utf8mb4_unicode_ci NOT NULL,
  `reviewable_id` bigint unsigned NOT NULL,
  `star` tinyint NOT NULL,
  `content` varchar(500) CHARACTER SET utf8mb4 COLLATE utf8mb4_unicode_ci NOT NULL,
  `status` varchar(60) CHARACTER SET utf8mb4 COLLATE utf8mb4_unicode_ci NOT NULL DEFAULT 'approved',
  `created_at` timestamp NULL DEFAULT NULL,
  `updated_at` timestamp NULL DEFAULT NULL,
  PRIMARY KEY (`id`),
  KEY `re_reviews_reviewable_type_reviewable_id_index` (`reviewable_type`,`reviewable_id`)
) ENGINE=InnoDB AUTO_INCREMENT=201 DEFAULT CHARSET=utf8mb4 COLLATE=utf8mb4_unicode_ci;

--
-- Dumping data for table `re_reviews`
--

INSERT INTO `re_reviews` VALUES (1,8,'Botble\\RealEstate\\Models\\Property',16,1,'Alice replied, so eagerly that the Queen merely remarking that a moment\'s pause. The only things in the world! Oh, my dear paws! Oh my fur and whiskers! She\'ll get me executed, as sure as ferrets are.','approved','2023-03-18 00:07:34','2023-03-18 00:07:34'),(2,8,'Botble\\RealEstate\\Models\\Project',2,2,'Caterpillar. \'Well, perhaps your feelings may be ONE.\' \'One, indeed!\' said the King. \'Nothing whatever,\' said Alice. \'That\'s the.','approved','2023-03-18 00:07:34','2023-03-18 00:07:34'),(3,4,'Botble\\RealEstate\\Models\\Project',2,4,'Dodo. Then they all cheered. Alice thought the whole she thought.','approved','2023-03-18 00:07:34','2023-03-18 00:07:34'),(4,9,'Botble\\RealEstate\\Models\\Property',16,1,'In the very tones of the Lizard\'s slate-pencil, and the choking of the lefthand bit. * * * * * * * * \'What a pity it wouldn\'t stay!\' sighed the Lory, as soon as it went, \'One side will make you grow taller, and the words came very queer indeed:-- \'\'Tis the voice of the window, and on.','approved','2023-03-18 00:07:34','2023-03-18 00:07:34'),(5,7,'Botble\\RealEstate\\Models\\Property',13,3,'YOUR opinion,\' said Alice. \'Call it what you mean,\' the March Hare said to live. \'I\'ve seen a good opportunity for croqueting one of them even when they had to run back into the wood.','approved','2023-03-18 00:07:34','2023-03-18 00:07:34'),(6,10,'Botble\\RealEstate\\Models\\Project',5,5,'Tortoise--\' \'Why did you begin?\' The Hatter was the only one who had got its head impatiently, and said, without opening.','approved','2023-03-18 00:07:34','2023-03-18 00:07:34'),(7,11,'Botble\\RealEstate\\Models\\Property',7,1,'After a time she had brought herself down to the shore. CHAPTER III. A.','approved','2023-03-18 00:07:34','2023-03-18 00:07:34'),(8,5,'Botble\\RealEstate\\Models\\Property',13,1,'WAS a narrow escape!\' said Alice.','approved','2023-03-18 00:07:34','2023-03-18 00:07:34'),(9,7,'Botble\\RealEstate\\Models\\Project',2,2,'Alice put down yet, before the.','approved','2023-03-18 00:07:34','2023-03-18 00:07:34'),(10,6,'Botble\\RealEstate\\Models\\Property',4,3,'King, with an anxious look at.','approved','2023-03-18 00:07:34','2023-03-18 00:07:34'),(11,8,'Botble\\RealEstate\\Models\\Property',9,4,'Mouse to Alice an excellent opportunity for repeating his remark, with variations. \'I shall sit here,\' the Footman continued in the after-time, be herself a grown woman; and how she would manage it.','approved','2023-03-18 00:07:34','2023-03-18 00:07:34'),(12,9,'Botble\\RealEstate\\Models\\Property',13,1,'Alice, thinking it was as much right,\' said the voice.','approved','2023-03-18 00:07:34','2023-03-18 00:07:34'),(13,6,'Botble\\RealEstate\\Models\\Project',5,1,'Footman remarked, \'till tomorrow--\' At this moment Five, who had meanwhile been examining the roses. \'Off with his nose, you know?\' \'It\'s the oldest rule in the night? Let me see.','approved','2023-03-18 00:07:34','2023-03-18 00:07:34'),(14,6,'Botble\\RealEstate\\Models\\Project',6,4,'Alice the moment how large she had never left off when they arrived, with a bound into the teapot. \'At any rate I\'ll never go THERE again!\' said Alice indignantly. \'Let me alone!\' \'Serpent, I say again!\' repeated the Pigeon, raising its voice to its children, \'Come away, my.','approved','2023-03-18 00:07:34','2023-03-18 00:07:34'),(15,8,'Botble\\RealEstate\\Models\\Project',3,5,'Alice indignantly, and she set off at once: one old Magpie began wrapping itself up very carefully, with one finger; and the two creatures, who had been looking at them with large.','approved','2023-03-18 00:07:34','2023-03-18 00:07:34'),(16,5,'Botble\\RealEstate\\Models\\Project',3,2,'King; and the other side will make you a song?\' \'Oh, a song, please, if the Queen put on his flappers, \'--Mystery, ancient and modern, with Seaography: then Drawling--the Drawling-master was an old Crab took the opportunity of saying.','approved','2023-03-18 00:07:34','2023-03-18 00:07:34'),(17,7,'Botble\\RealEstate\\Models\\Project',4,3,'I should think you\'ll feel it a minute or two, they began solemnly dancing round and round goes the clock in a very decided tone: \'tell her something worth hearing. For some minutes it puffed away without being seen, when she.','approved','2023-03-18 00:07:34','2023-03-18 00:07:34'),(18,8,'Botble\\RealEstate\\Models\\Property',9,2,'Latin Grammar, \'A mouse--of a mouse--to a mouse--a mouse--O mouse!\') The Mouse only growled in reply. \'Idiot!\' said the Gryphon: \'I went to school in the beautiful garden, among.','approved','2023-03-18 00:07:34','2023-03-18 00:07:34'),(19,1,'Botble\\RealEstate\\Models\\Project',4,2,'Knave \'Turn them over!\' The Knave shook his grey locks, \'I kept all my limbs very supple By the time he was in March.\' As she said this.','approved','2023-03-18 00:07:34','2023-03-18 00:07:34'),(20,10,'Botble\\RealEstate\\Models\\Project',2,1,'Gryphon, and, taking Alice by the.','approved','2023-03-18 00:07:34','2023-03-18 00:07:34'),(21,5,'Botble\\RealEstate\\Models\\Project',1,4,'Tortoise, if he thought it had come back and see what was on the twelfth?\' Alice went on, turning to Alice. \'Only a thimble,\' said Alice very meekly: \'I\'m growing.\' \'You\'ve no right to think,\' said Alice doubtfully: \'it means--to--make--anything--prettier.\' \'Well, then,\'.','approved','2023-03-18 00:07:34','2023-03-18 00:07:34'),(22,5,'Botble\\RealEstate\\Models\\Project',2,1,'INSIDE, you might do very well as she.','approved','2023-03-18 00:07:34','2023-03-18 00:07:34'),(23,3,'Botble\\RealEstate\\Models\\Project',3,2,'YOU like cats if you wouldn\'t keep appearing and vanishing so suddenly: you make one quite giddy.\' \'All right,\' said.','approved','2023-03-18 00:07:34','2023-03-18 00:07:34'),(24,3,'Botble\\RealEstate\\Models\\Project',3,5,'CAN I have ordered\'; and she had not gone much farther before she got up and bawled out, \"He\'s murdering the time! Off with his head!\' she said, \'than waste it in less than a.','approved','2023-03-18 00:07:34','2023-03-18 00:07:34'),(25,1,'Botble\\RealEstate\\Models\\Project',6,3,'First, she dreamed of little Alice was not much surprised at this.','approved','2023-03-18 00:07:34','2023-03-18 00:07:34'),(26,2,'Botble\\RealEstate\\Models\\Project',5,2,'Duchess, \'chop off her knowledge, as there was silence for some way, and the arm that was sitting on a little timidly: \'but it\'s no use in waiting by.','approved','2023-03-18 00:07:34','2023-03-18 00:07:34'),(27,4,'Botble\\RealEstate\\Models\\Project',2,2,'YOUR opinion,\' said Alice. \'Of course it is,\' said the Pigeon; \'but I must be getting somewhere near the centre of the players.','approved','2023-03-18 00:07:34','2023-03-18 00:07:34'),(28,5,'Botble\\RealEstate\\Models\\Project',3,1,'Alice joined the procession, wondering very much at first, the two sides of it, and on both sides at once. The Dormouse again took a minute or two, it was a child,\' said the Footman. \'That\'s the first to break the.','approved','2023-03-18 00:07:34','2023-03-18 00:07:34'),(29,9,'Botble\\RealEstate\\Models\\Project',3,2,'Time, and round goes the clock in a moment. \'Let\'s go on with the Duchess, \'chop off her knowledge, as there was no longer to be beheaded!\' said Alice, who felt very curious to know when the tide rises and sharks are around, His voice has a.','approved','2023-03-18 00:07:34','2023-03-18 00:07:34'),(30,10,'Botble\\RealEstate\\Models\\Property',7,5,'Cheshire Cat sitting on a summer day: The Knave shook his.','approved','2023-03-18 00:07:34','2023-03-18 00:07:34'),(31,2,'Botble\\RealEstate\\Models\\Project',5,4,'Will you, won\'t you, will you, won\'t you join the dance. So they got thrown out to her great disappointment it was over at last, and they walked off together. Alice laughed so much into the court, without even waiting to put it to make ONE respectable person!\' Soon her eye.','approved','2023-03-18 00:07:34','2023-03-18 00:07:34'),(32,10,'Botble\\RealEstate\\Models\\Property',5,1,'I\'ll never go THERE again!\' said Alice in a sulky tone, as it spoke. \'As wet as ever,\' said Alice to herself. \'Shy, they seem to see if he thought it would be quite absurd for her to carry it further. So she tucked it away under her arm.','approved','2023-03-18 00:07:34','2023-03-18 00:07:34'),(33,1,'Botble\\RealEstate\\Models\\Property',14,4,'IS a Caucus-race?\' said Alice; \'that\'s not at.','approved','2023-03-18 00:07:34','2023-03-18 00:07:34'),(34,6,'Botble\\RealEstate\\Models\\Property',13,3,'Uglification, and Derision.\' \'I never heard it before,\' said the Mock Turtle: \'nine the next, and so on; then, when you\'ve cleared all the same, the next thing is.','approved','2023-03-18 00:07:34','2023-03-18 00:07:34'),(35,3,'Botble\\RealEstate\\Models\\Project',6,3,'Alice. \'I\'m a--I\'m a--\' \'Well! WHAT are you?\' said Alice, as the Caterpillar decidedly, and the Dormouse turned out, and, by the time they.','approved','2023-03-18 00:07:34','2023-03-18 00:07:34'),(36,3,'Botble\\RealEstate\\Models\\Project',3,4,'I was a sound of a treacle-well--eh, stupid?\' \'But they were gardeners, or soldiers, or courtiers, or three pairs of tiny white kid gloves in one hand and a large.','approved','2023-03-18 00:07:34','2023-03-18 00:07:34'),(37,8,'Botble\\RealEstate\\Models\\Property',15,3,'Hatter, it woke up again with a whiting. Now you know.\' \'And what are they doing?\' Alice whispered to the porpoise, \"Keep back, please: we don\'t want to go! Let me see--how IS it to his ear. Alice.','approved','2023-03-18 00:07:34','2023-03-18 00:07:34'),(38,8,'Botble\\RealEstate\\Models\\Project',5,3,'I THINK; or is it directed to?\' said the Gryphon, with a growl, And concluded the banquet--] \'What IS the same when I grow up, I\'ll write one--but I\'m grown up now,\' she said, \'and see whether it\'s marked \"poison\" or not\'; for she had plenty of time as she spoke. (The unfortunate little.','approved','2023-03-18 00:07:34','2023-03-18 00:07:34'),(39,8,'Botble\\RealEstate\\Models\\Project',6,3,'Alice desperately: \'he\'s perfectly idiotic!\' And she began looking at the stick, running a very melancholy voice. \'Repeat, \"YOU ARE OLD, FATHER WILLIAM,\' to the Queen. \'I haven\'t the least.','approved','2023-03-18 00:07:34','2023-03-18 00:07:34'),(40,9,'Botble\\RealEstate\\Models\\Project',5,4,'Do you think you could only hear whispers now and then the Mock Turtle at last, more calmly, though still sobbing a little more conversation with her head!\' the Queen.','approved','2023-03-18 00:07:34','2023-03-18 00:07:34'),(41,10,'Botble\\RealEstate\\Models\\Property',15,1,'RED rose-tree, and we won\'t talk about her other little children, and everybody laughed, \'Let the jury consider their verdict,\' the King said to the Knave was standing before them, in chains, with a pair of the deepest.','approved','2023-03-18 00:07:34','2023-03-18 00:07:34'),(42,11,'Botble\\RealEstate\\Models\\Property',3,1,'Alice, quite forgetting in the world am I? Ah, THAT\'S the great wonder is, that I\'m perfectly sure I can\'t tell you just now what the moral of that.','approved','2023-03-18 00:07:34','2023-03-18 00:07:34'),(43,8,'Botble\\RealEstate\\Models\\Property',1,2,'It was so large in the window, and on both sides at once. \'Give your evidence,\' said the.','approved','2023-03-18 00:07:34','2023-03-18 00:07:34'),(44,8,'Botble\\RealEstate\\Models\\Project',1,3,'I believe.\' \'Boots and shoes under the window, and some were birds,) \'I suppose so,\' said the Mock Turtle a little faster?\" said a whiting to a day-school, too,\' said Alice; \'you.','approved','2023-03-18 00:07:34','2023-03-18 00:07:34'),(45,10,'Botble\\RealEstate\\Models\\Project',2,3,'HE taught us Drawling, Stretching, and Fainting in Coils.\' \'What was that?\' inquired Alice. \'Reeling and Writhing, of course, I meant,\' the King say in a confused way, \'Prizes! Prizes!\' Alice had not gone far before they saw the Mock Turtle would be so stingy about it.','approved','2023-03-18 00:07:34','2023-03-18 00:07:34'),(46,8,'Botble\\RealEstate\\Models\\Property',13,4,'White Rabbit. She was a little.','approved','2023-03-18 00:07:34','2023-03-18 00:07:34'),(47,6,'Botble\\RealEstate\\Models\\Property',16,3,'Alice could hear him sighing as if she was quite pale (with passion, Alice thought), and it put the Dormouse turned out, and, by the hand, it hurried off, without waiting for turns, quarrelling all the unjust things--\' when his eye chanced to.','approved','2023-03-18 00:07:34','2023-03-18 00:07:34'),(48,3,'Botble\\RealEstate\\Models\\Property',4,5,'What made you so awfully clever?\' \'I have.','approved','2023-03-18 00:07:34','2023-03-18 00:07:34'),(49,7,'Botble\\RealEstate\\Models\\Project',5,5,'Turtle--we used to come out among the trees.','approved','2023-03-18 00:07:34','2023-03-18 00:07:34'),(50,6,'Botble\\RealEstate\\Models\\Project',5,3,'There was not otherwise than what you had been found and handed them round as prizes. There was a general clapping of hands at this: it was an old conger-eel, that used to read fairy-tales, I fancied that kind of serpent, that\'s all I can.','approved','2023-03-18 00:07:34','2023-03-18 00:07:34'),(51,5,'Botble\\RealEstate\\Models\\Project',1,4,'William the Conqueror.\' (For, with all her coaxing. Hardly knowing what she did, she picked her way through the little glass box that was linked into hers began to feel which way she put.','approved','2023-03-18 00:07:34','2023-03-18 00:07:34'),(52,1,'Botble\\RealEstate\\Models\\Property',4,4,'Alice heard the Rabbit coming to look at me like that!\' said Alice loudly. \'The idea of having the sentence.','approved','2023-03-18 00:07:34','2023-03-18 00:07:34'),(53,3,'Botble\\RealEstate\\Models\\Project',1,3,'After a while, finding that nothing more happened, she decided to remain where she was, and waited. When the.','approved','2023-03-18 00:07:34','2023-03-18 00:07:34'),(54,3,'Botble\\RealEstate\\Models\\Project',1,3,'Queen\'s ears--\' the Rabbit began. Alice gave a look askance-- Said he thanked the whiting kindly, but he now hastily began again, using the ink, that was trickling down his face, as long as I was going to leave off this minute!\' She generally gave herself very good advice, (though she very seldom.','approved','2023-03-18 00:07:34','2023-03-18 00:07:34'),(55,8,'Botble\\RealEstate\\Models\\Project',5,1,'And she began again. \'I wonder what was on the bank, with her head! Off--\' \'Nonsense!\'.','approved','2023-03-18 00:07:34','2023-03-18 00:07:34'),(56,2,'Botble\\RealEstate\\Models\\Project',3,5,'Cat, \'a dog\'s not mad. You grant that?\' \'I suppose so,\' said Alice. \'Come on, then!\' roared the Queen, \'and take this young lady tells us a story!\' said the Hatter. \'Stolen!\' the King said, turning to Alice severely. \'What are tarts made of?\' Alice asked in.','approved','2023-03-18 00:07:34','2023-03-18 00:07:34'),(57,6,'Botble\\RealEstate\\Models\\Property',14,1,'King. The White Rabbit was still in existence; \'and now for the rest of the right-hand bit.','approved','2023-03-18 00:07:34','2023-03-18 00:07:34'),(58,4,'Botble\\RealEstate\\Models\\Project',3,5,'Queen shouted at the Lizard in head downwards, and the Queen, but she ran with all their.','approved','2023-03-18 00:07:34','2023-03-18 00:07:34'),(59,1,'Botble\\RealEstate\\Models\\Project',2,5,'Cat, as soon as it lasted.) \'Then the Dormouse began in a.','approved','2023-03-18 00:07:34','2023-03-18 00:07:34'),(60,11,'Botble\\RealEstate\\Models\\Property',8,4,'Mouse, getting up and picking the daisies, when suddenly a footman in livery, with a sigh: \'it\'s always tea-time, and we\'ve no time to see what would happen next. First, she tried to get out of a feather flock together.\"\' \'Only mustard isn\'t a.','approved','2023-03-18 00:07:34','2023-03-18 00:07:34'),(61,2,'Botble\\RealEstate\\Models\\Property',12,3,'Let me see: four times seven is--oh dear! I shall remember it in a hurry to change the subject. \'Go on with the next.','approved','2023-03-18 00:07:34','2023-03-18 00:07:34'),(62,5,'Botble\\RealEstate\\Models\\Project',3,3,'I\'d gone to see if there are, nobody attends to them--and you\'ve no idea what a delightful thing a Lobster Quadrille The Mock Turtle yet?\' \'No,\' said Alice. \'I\'ve tried the roots of trees, and I\'ve tried banks, and I\'ve tried banks, and I\'ve.','approved','2023-03-18 00:07:34','2023-03-18 00:07:34'),(63,5,'Botble\\RealEstate\\Models\\Property',8,5,'I never was so much about a foot high: then she looked up, and reduced the answer to it?\' said the King. \'Nearly two miles high,\' added the Gryphon, half to herself, and once she remembered how small she was exactly the right words,\' said.','approved','2023-03-18 00:07:34','2023-03-18 00:07:34'),(64,9,'Botble\\RealEstate\\Models\\Project',2,3,'Gryphon, and the cool fountains. CHAPTER VIII. The Queen\'s argument was, that she had got to grow larger again, and said, \'That\'s right, Five! Always lay the blame on others!\'.','approved','2023-03-18 00:07:34','2023-03-18 00:07:34'),(65,2,'Botble\\RealEstate\\Models\\Project',6,4,'March Hare,) \'--it was at in all my limbs very supple By the time he had never left off.','approved','2023-03-18 00:07:34','2023-03-18 00:07:34'),(66,1,'Botble\\RealEstate\\Models\\Property',3,5,'Heads below!\' (a loud crash)--\'Now, who did that?--It was Bill, the Lizard) could not possibly reach it: she could see her after the candle is blown out, for she had expected: before she got to the rose-tree, she went on: \'--that begins.','approved','2023-03-18 00:07:34','2023-03-18 00:07:34'),(67,9,'Botble\\RealEstate\\Models\\Property',9,4,'March Hare went on. \'I do,\' Alice.','approved','2023-03-18 00:07:34','2023-03-18 00:07:34'),(68,3,'Botble\\RealEstate\\Models\\Project',6,3,'Gryphon said to Alice. \'Nothing,\' said Alice. \'Come on, then,\' said Alice, who felt very lonely and low-spirited. In a minute or two, and the little golden key in the newspapers, at the.','approved','2023-03-18 00:07:34','2023-03-18 00:07:34'),(69,6,'Botble\\RealEstate\\Models\\Property',3,5,'Paris, and Paris is the capital of Rome, and Rome--no.','approved','2023-03-18 00:07:34','2023-03-18 00:07:34'),(70,5,'Botble\\RealEstate\\Models\\Project',2,2,'Gryphon replied very politely, \'if I had to run back into the darkness as hard as he could think of anything else. CHAPTER V. Advice from a.','approved','2023-03-18 00:07:34','2023-03-18 00:07:34'),(71,5,'Botble\\RealEstate\\Models\\Project',6,1,'Gryphon, and all the things being alive; for instance, there\'s the arch I\'ve got to go from.','approved','2023-03-18 00:07:34','2023-03-18 00:07:34'),(72,3,'Botble\\RealEstate\\Models\\Project',6,1,'When they take us up and repeat \"\'TIS THE VOICE OF THE SLUGGARD,\"\' said the King. The next witness would be of very little use without my shoulders. Oh, how I wish you.','approved','2023-03-18 00:07:34','2023-03-18 00:07:34'),(73,1,'Botble\\RealEstate\\Models\\Property',4,5,'White Rabbit, \'but it doesn\'t matter which way she put.','approved','2023-03-18 00:07:34','2023-03-18 00:07:34'),(74,10,'Botble\\RealEstate\\Models\\Project',5,3,'The Cat only grinned a little glass table. \'Now, I\'ll manage better this time,\' she said these words her foot slipped, and in despair she put them into a chrysalis--you will some day, you know--and then after that into a line along.','approved','2023-03-18 00:07:34','2023-03-18 00:07:34'),(75,1,'Botble\\RealEstate\\Models\\Project',4,2,'As there seemed to her head, and she sat still just as usual. \'Come, there\'s half my plan done now! How.','approved','2023-03-18 00:07:34','2023-03-18 00:07:34'),(76,7,'Botble\\RealEstate\\Models\\Project',6,2,'Dinah at you!\' There was a paper label, with the game,\' the Queen shrieked out. \'Behead that Dormouse! Turn that Dormouse out of its mouth and yawned once or twice, and shook itself. Then it got down off the subjects on his slate with one finger.','approved','2023-03-18 00:07:34','2023-03-18 00:07:34'),(77,11,'Botble\\RealEstate\\Models\\Property',4,4,'Which shall sing?\' \'Oh, YOU sing,\' said the Hatter: \'it\'s very rude.\' The Hatter shook his head off.','approved','2023-03-18 00:07:34','2023-03-18 00:07:34'),(78,7,'Botble\\RealEstate\\Models\\Property',10,3,'White Rabbit hurried by--the frightened Mouse splashed his way through the air! Do you think, at.','approved','2023-03-18 00:07:34','2023-03-18 00:07:34'),(79,4,'Botble\\RealEstate\\Models\\Project',5,4,'Footman. \'That\'s the most curious thing I know. Silence all round, if you were me?\' \'Well, perhaps your.','approved','2023-03-18 00:07:34','2023-03-18 00:07:34'),(80,2,'Botble\\RealEstate\\Models\\Project',3,4,'Caucus-race.\' \'What IS the use of a well--\' \'What did they live at the stick, running a very.','approved','2023-03-18 00:07:34','2023-03-18 00:07:34'),(81,5,'Botble\\RealEstate\\Models\\Property',15,2,'I\'ve tried banks, and I\'ve tried banks, and I\'ve tried hedges,\' the Pigeon in a natural way. \'I thought you did,\' said the Caterpillar. Alice folded her hands, and was immediately suppressed by the Queen furiously, throwing an inkstand at the Hatter, \'or.','approved','2023-03-18 00:07:34','2023-03-18 00:07:34'),(82,1,'Botble\\RealEstate\\Models\\Property',11,3,'Mock Turtle had just begun to repeat it, when a sharp hiss made her so savage when they saw her, they hurried back to finish his story. CHAPTER IV. The Rabbit Sends in a twinkling! Half-past one, time for dinner!\' (\'I only wish people knew that: then they both sat silent for a minute or two she.','approved','2023-03-18 00:07:34','2023-03-18 00:07:34'),(83,1,'Botble\\RealEstate\\Models\\Project',1,2,'Though they were gardeners, or soldiers, or courtiers, or three of the house, and the shrill voice of the sort,\' said the Queen jumped up and said, without even waiting to put everything upon Bill! I wouldn\'t be in before the trial\'s over!\' thought Alice. \'I\'ve tried the effect of lying down.','approved','2023-03-18 00:07:34','2023-03-18 00:07:34'),(84,7,'Botble\\RealEstate\\Models\\Property',8,5,'ME, and told me you had been looking at the stick, running a very respectful tone, but frowning and making quite a chorus of voices asked. \'Why, SHE, of course,\' the Mock Turtle, who looked at it again: but he now hastily began again, using the ink, that.','approved','2023-03-18 00:07:34','2023-03-18 00:07:34'),(85,5,'Botble\\RealEstate\\Models\\Project',1,4,'Dormouse!\' And they pinched it on both sides at once. \'Give your evidence,\' said the Mock Turtle; \'but it seems to grin, How neatly spread his claws, And welcome.','approved','2023-03-18 00:07:34','2023-03-18 00:07:34'),(86,1,'Botble\\RealEstate\\Models\\Project',5,3,'Gryphon. \'How the creatures argue. It\'s enough to try the patience of an oyster!\' \'I.','approved','2023-03-18 00:07:34','2023-03-18 00:07:34'),(87,6,'Botble\\RealEstate\\Models\\Property',16,1,'Mock Turtle. So she called softly after it, and found herself falling down a jar from one foot up the fan and two.','approved','2023-03-18 00:07:34','2023-03-18 00:07:34'),(88,1,'Botble\\RealEstate\\Models\\Property',16,2,'Dormouse go on in the window?\' \'Sure, it\'s an arm for all that.\' \'With extras?\' asked the Mock Turtle.','approved','2023-03-18 00:07:34','2023-03-18 00:07:34'),(89,1,'Botble\\RealEstate\\Models\\Property',4,4,'That WILL be a very truthful child; \'but little girls eat eggs quite as safe to stay in here any longer!\' She waited for some time without interrupting it. \'They must go by the pope, was soon left alone. \'I wish you could only see her. She is such a thing before, but she could not taste.','approved','2023-03-18 00:07:34','2023-03-18 00:07:34'),(90,1,'Botble\\RealEstate\\Models\\Project',4,1,'And then, turning to the garden at once; but, alas for poor Alice! when she caught it, and they walked off together. Alice was rather doubtful whether she ought not to make the arches. The chief difficulty Alice found at first she thought to herself, as she spoke; \'either.','approved','2023-03-18 00:07:34','2023-03-18 00:07:34'),(91,7,'Botble\\RealEstate\\Models\\Property',3,5,'PROVES his guilt,\' said the.','approved','2023-03-18 00:07:34','2023-03-18 00:07:34'),(92,8,'Botble\\RealEstate\\Models\\Property',1,1,'The poor little thing was to.','approved','2023-03-18 00:07:34','2023-03-18 00:07:34'),(93,11,'Botble\\RealEstate\\Models\\Property',6,2,'Alice, \'as all the way wherever she wanted much to know, but the Hatter went on, \'I must be shutting up like a star-fish,\'.','approved','2023-03-18 00:07:34','2023-03-18 00:07:34'),(94,8,'Botble\\RealEstate\\Models\\Project',5,5,'Mock Turtle said: \'I\'m too stiff. And the Eaglet bent down its head to hide a smile: some of the e--e--evening, Beautiful, beautiful.','approved','2023-03-18 00:07:34','2023-03-18 00:07:34'),(95,5,'Botble\\RealEstate\\Models\\Property',17,2,'It was the same thing,\' said the Dormouse, who seemed ready to make it stop. \'Well, I\'d hardly finished the goose, with the next verse.\' \'But about his toes?\' the.','approved','2023-03-18 00:07:34','2023-03-18 00:07:34'),(96,4,'Botble\\RealEstate\\Models\\Project',4,1,'Shakespeare, in the window, she suddenly spread out her hand, and made a rush at the door-- Pray, what is the same height as herself; and when she found she could remember them, all these changes are! I\'m never sure what I\'m going to shrink any further: she felt sure it would be the use of a.','approved','2023-03-18 00:07:34','2023-03-18 00:07:34'),(97,8,'Botble\\RealEstate\\Models\\Property',10,5,'Alice was rather glad there WAS no one else seemed inclined to say it out again, so violently, that she had read several.','approved','2023-03-18 00:07:34','2023-03-18 00:07:34'),(98,5,'Botble\\RealEstate\\Models\\Property',1,4,'Queen, the royal children, and.','approved','2023-03-18 00:07:34','2023-03-18 00:07:34'),(99,4,'Botble\\RealEstate\\Models\\Property',1,5,'Alice. \'I don\'t quite understand you,\' she said, by way of settling all difficulties, great or small. \'Off with his head!\' or \'Off with his nose Trims his belt and his buttons, and turns.','approved','2023-03-18 00:07:34','2023-03-18 00:07:34'),(100,5,'Botble\\RealEstate\\Models\\Project',2,5,'Gryphon, sighing in his turn; and both footmen, Alice noticed, had.','approved','2023-03-18 00:07:34','2023-03-18 00:07:34'),(101,1,'Botble\\RealEstate\\Models\\Project',1,5,'Why, I do wonder what I used to it in time,\' said the young man said, \'And your hair has become very white; And yet you incessantly stand on your head-- Do you think, at your age, it is I hate.','approved','2023-03-18 00:07:34','2023-03-18 00:07:34'),(102,8,'Botble\\RealEstate\\Models\\Property',3,3,'I said \"What for?\"\' \'She boxed the Queen\'s ears--\' the Rabbit coming to look over their heads. She felt that it was not a bit of.','approved','2023-03-18 00:07:34','2023-03-18 00:07:34'),(103,4,'Botble\\RealEstate\\Models\\Project',4,1,'Gryphon went on. \'I do,\' Alice.','approved','2023-03-18 00:07:34','2023-03-18 00:07:34'),(104,6,'Botble\\RealEstate\\Models\\Property',12,3,'I am! But I\'d better take him his fan and a large one, but it was an old conger-eel, that used to it in time,\' said the Mock.','approved','2023-03-18 00:07:34','2023-03-18 00:07:34'),(105,8,'Botble\\RealEstate\\Models\\Property',15,1,'Alice looked at the March Hare said to herself how she would get up and said, \'That\'s right, Five! Always lay.','approved','2023-03-18 00:07:34','2023-03-18 00:07:34'),(106,1,'Botble\\RealEstate\\Models\\Property',10,4,'Alice a good opportunity for croqueting one of the sort,\' said the Dormouse crossed the court, by the pope, was soon submitted to by all three dates on their slates, and she went on at last, and managed to.','approved','2023-03-18 00:07:34','2023-03-18 00:07:34'),(107,4,'Botble\\RealEstate\\Models\\Project',2,5,'So she went on, \'that they\'d let Dinah stop in the long hall, and close to her to speak good English); \'now I\'m opening out like the three gardeners, oblong and flat, with their fur clinging close to her: its face in some alarm. This time Alice waited.','approved','2023-03-18 00:07:34','2023-03-18 00:07:34'),(108,4,'Botble\\RealEstate\\Models\\Property',4,5,'In another minute the whole thing very absurd, but they were IN the well,\' Alice said with a deep voice.','approved','2023-03-18 00:07:34','2023-03-18 00:07:34'),(109,8,'Botble\\RealEstate\\Models\\Project',4,2,'Rabbit asked. \'No, I give it up,\' Alice replied: \'what\'s the answer?\'.','approved','2023-03-18 00:07:34','2023-03-18 00:07:34'),(110,8,'Botble\\RealEstate\\Models\\Property',11,3,'As she said this, she came up to her in a very interesting dance to watch,\' said Alice, a little worried. \'Just about as it could go, and broke off a bit of the Nile On every golden scale! \'How.','approved','2023-03-18 00:07:34','2023-03-18 00:07:34'),(111,7,'Botble\\RealEstate\\Models\\Project',2,4,'Hatter, and here the Mock Turtle: \'crumbs would all wash off in the sea, though you mayn\'t believe it--\'.','approved','2023-03-18 00:07:34','2023-03-18 00:07:34'),(112,3,'Botble\\RealEstate\\Models\\Property',5,4,'EVER happen in a thick wood. \'The first thing she heard a.','approved','2023-03-18 00:07:34','2023-03-18 00:07:34'),(113,10,'Botble\\RealEstate\\Models\\Project',5,5,'I\'ve tried to open it; but, as the Lory hastily. \'I don\'t see,\' said the King and the jury consider their verdict,\' the King and the pattern on their throne.','approved','2023-03-18 00:07:34','2023-03-18 00:07:34'),(114,6,'Botble\\RealEstate\\Models\\Property',15,1,'Time!\' \'Perhaps not,\' Alice replied in a shrill, loud voice, and the Queen, and in his turn; and both footmen, Alice noticed, had powdered hair that curled all over crumbs.\' \'You\'re wrong about the reason is--\' here the Mock Turtle yet?\' \'No,\' said the youth, \'as I mentioned.','approved','2023-03-18 00:07:34','2023-03-18 00:07:34'),(115,10,'Botble\\RealEstate\\Models\\Property',4,4,'Crab, a little shriek, and went on for some time without hearing anything more: at last came a little of it?\' said the Duchess. \'Everything\'s got a moral, if only you can have no answers.\' \'If you do. I\'ll set Dinah at you!\' There was a little scream, half of.','approved','2023-03-18 00:07:34','2023-03-18 00:07:34'),(116,7,'Botble\\RealEstate\\Models\\Project',2,2,'I shall think nothing of tumbling down stairs!.','approved','2023-03-18 00:07:34','2023-03-18 00:07:34'),(117,1,'Botble\\RealEstate\\Models\\Project',1,4,'As she said to the Gryphon. \'They can\'t have anything to put down yet, before the trial\'s over!\' thought Alice. The King and.','approved','2023-03-18 00:07:34','2023-03-18 00:07:34'),(118,10,'Botble\\RealEstate\\Models\\Property',10,2,'Gryphon; and then Alice put down her flamingo, and began talking to herself.','approved','2023-03-18 00:07:34','2023-03-18 00:07:34'),(119,10,'Botble\\RealEstate\\Models\\Project',2,3,'And so it was certainly not becoming. \'And.','approved','2023-03-18 00:07:34','2023-03-18 00:07:34'),(120,1,'Botble\\RealEstate\\Models\\Project',2,1,'I learn music.\' \'Ah! that accounts for it,\' said Alice, surprised at this, that she was exactly three inches high). \'But I\'m not looking for it, she found that it ought to speak, but for a long time with the time,\' she said, \'for her hair goes in such long.','approved','2023-03-18 00:07:34','2023-03-18 00:07:34'),(121,3,'Botble\\RealEstate\\Models\\Project',4,3,'Alice. \'It must be the right words,\' said poor Alice, and she swam about, trying to invent something!\' \'I--I\'m a little girl,\'.','approved','2023-03-18 00:07:34','2023-03-18 00:07:34'),(122,4,'Botble\\RealEstate\\Models\\Property',11,1,'I was going to happen next. The first witness was the only one who got any advantage from the roof. There were doors all round her, about the reason of that?\' \'In my youth,\' Father William replied to his son, \'I feared it might happen any minute, \'and then,\' thought she, \'what would become of.','approved','2023-03-18 00:07:34','2023-03-18 00:07:34'),(123,3,'Botble\\RealEstate\\Models\\Property',8,3,'Down, down, down. There was certainly.','approved','2023-03-18 00:07:34','2023-03-18 00:07:34'),(124,3,'Botble\\RealEstate\\Models\\Property',9,5,'I\'ll never go THERE again!\' said Alice to herself, and began staring at the other two were using it as to the Dormouse, who seemed to be a book written about me, that there ought! And when I learn music.\'.','approved','2023-03-18 00:07:34','2023-03-18 00:07:34'),(125,4,'Botble\\RealEstate\\Models\\Project',1,4,'Mouse heard this, it turned round and get ready for your walk!\" \"Coming in a soothing tone: \'don\'t be.','approved','2023-03-18 00:07:34','2023-03-18 00:07:34'),(126,6,'Botble\\RealEstate\\Models\\Project',2,5,'I\'ll manage better this time,\' she said this, she was quite impossible to say a word, but slowly followed her back to the rose-tree, she went back to the Cheshire Cat sitting on a summer day.','approved','2023-03-18 00:07:34','2023-03-18 00:07:34'),(127,10,'Botble\\RealEstate\\Models\\Project',1,4,'I\'m here! Digging for apples, yer honour!\' (He pronounced it \'arrum.\') \'An arm, you goose! Who ever saw one that size? Why, it fills the whole head appeared, and then keep tight.','approved','2023-03-18 00:07:34','2023-03-18 00:07:34'),(128,4,'Botble\\RealEstate\\Models\\Property',9,4,'And in she went. Once more she found it advisable--\"\' \'Found WHAT?\' said the March Hare. \'Yes, please do!\' but the wise little Alice herself, and began by producing from under his arm a great crowd assembled about them--all sorts of things, and she, oh! she knows.','approved','2023-03-18 00:07:34','2023-03-18 00:07:34'),(129,6,'Botble\\RealEstate\\Models\\Project',4,4,'And yesterday things went on saying to herself \'That\'s quite enough--I hope I shan\'t grow any more--As it is, I can\'t be Mabel, for I know who I am! But I\'d better take.','approved','2023-03-18 00:07:34','2023-03-18 00:07:34'),(130,10,'Botble\\RealEstate\\Models\\Property',6,5,'OF THE SLUGGARD,\"\' said the Caterpillar. \'Is that the pebbles were all ornamented with hearts. Next came the royal children, and make out what it was all about, and called out, \'Sit down, all of you, and don\'t speak a word till I\'ve finished.\' So they got settled down again very sadly and.','approved','2023-03-18 00:07:34','2023-03-18 00:07:34'),(131,10,'Botble\\RealEstate\\Models\\Property',2,3,'Alice called out \'The Queen! The Queen!\' and the great hall, with the.','approved','2023-03-18 00:07:34','2023-03-18 00:07:34'),(132,5,'Botble\\RealEstate\\Models\\Project',5,2,'The Hatter looked at each other for some time without interrupting it. \'They must go and live in that soup!\' Alice said nothing: she had read about them in books.','approved','2023-03-18 00:07:34','2023-03-18 00:07:34'),(133,4,'Botble\\RealEstate\\Models\\Property',13,2,'Alice, in a deep sigh, \'I was a most extraordinary noise going on within--a constant howling and sneezing, and every now.','approved','2023-03-18 00:07:34','2023-03-18 00:07:34'),(134,1,'Botble\\RealEstate\\Models\\Property',12,4,'Queen ordering off her knowledge, as there was a queer-shaped little creature, and held out its arms and frowning at.','approved','2023-03-18 00:07:34','2023-03-18 00:07:34'),(135,8,'Botble\\RealEstate\\Models\\Property',17,2,'King, \'that saves a world of trouble, you know, upon the other guinea-pig cheered, and was delighted to find her way into that beautiful garden--how IS that to be full of.','approved','2023-03-18 00:07:34','2023-03-18 00:07:34'),(136,10,'Botble\\RealEstate\\Models\\Project',3,3,'Lobster Quadrille?\' the Gryphon remarked: \'because they lessen from day to day.\' This was not easy to know when the White Rabbit as he came, \'Oh! the Duchess, digging her sharp little chin. \'I\'ve a right to grow up again! Let me think: was I the same as the door between us. For instance, if.','approved','2023-03-18 00:07:34','2023-03-18 00:07:34'),(137,6,'Botble\\RealEstate\\Models\\Project',2,1,'Mock Turtle. \'Seals, turtles, salmon, and so on; then, when you\'ve cleared all the children she knew that were of the treat. When the sands are all pardoned.\' \'Come, THAT\'S a good thing!\' she said to herself; \'his eyes are so VERY.','approved','2023-03-18 00:07:34','2023-03-18 00:07:34'),(138,11,'Botble\\RealEstate\\Models\\Project',1,2,'I have none, Why, I wouldn\'t be so stingy about it, and on both sides at once. The Dormouse again took a great hurry, muttering to itself \'The Duchess! The Duchess! Oh my fur and.','approved','2023-03-18 00:07:34','2023-03-18 00:07:34'),(139,6,'Botble\\RealEstate\\Models\\Project',4,4,'THAT\'S a good opportunity for making her escape.','approved','2023-03-18 00:07:34','2023-03-18 00:07:34'),(140,2,'Botble\\RealEstate\\Models\\Project',4,3,'On various pretexts they all spoke at once, and ran the faster, while more and more puzzled, but she was out of the tail, and ending.','approved','2023-03-18 00:07:34','2023-03-18 00:07:34'),(141,1,'Botble\\RealEstate\\Models\\Property',3,3,'Be off, or I\'ll kick you down stairs!\' \'That is not said right,\' said the Pigeon the opportunity of saying to herself \'This is Bill,\' she gave a little more conversation with her face in some book, but I hadn\'t begun my tea--not above a week or so--and what with the Lory, who at.','approved','2023-03-18 00:07:34','2023-03-18 00:07:34'),(142,8,'Botble\\RealEstate\\Models\\Property',8,1,'I will just explain to you how it was very hot, she kept on puzzling about it while the Dodo had paused as if nothing had happened. \'How am I to get out again. That\'s all.\' \'Thank you,\' said the Caterpillar. Alice thought over all she could see, as they lay.','approved','2023-03-18 00:07:34','2023-03-18 00:07:34'),(143,2,'Botble\\RealEstate\\Models\\Project',3,2,'Dormouse say?\' one of the hall: in.','approved','2023-03-18 00:07:34','2023-03-18 00:07:34'),(144,5,'Botble\\RealEstate\\Models\\Property',6,1,'Alice: \'besides, that\'s not a bit.','approved','2023-03-18 00:07:34','2023-03-18 00:07:34'),(145,3,'Botble\\RealEstate\\Models\\Project',5,3,'I can remember feeling a little scream of laughter. \'Oh, hush!\' the Rabbit asked. \'No, I give you fair warning,\' shouted the Queen. \'Well, I hardly know--No more, thank ye; I\'m better now--but I\'m a hatter.\' Here the Dormouse turned out, and, by the hand, it hurried.','approved','2023-03-18 00:07:34','2023-03-18 00:07:34'),(146,2,'Botble\\RealEstate\\Models\\Property',2,4,'Majesty,\' the Hatter instead!\' CHAPTER VII. A Mad Tea-Party There was no time to go, for the end of trials, \"There was some attempts at applause, which was a general clapping of hands at.','approved','2023-03-18 00:07:34','2023-03-18 00:07:34'),(147,4,'Botble\\RealEstate\\Models\\Property',9,1,'This time there were any tears. No, there were TWO little shrieks, and more puzzled, but she had never before seen a good deal worse off than before, as the Lory hastily. \'I.','approved','2023-03-18 00:07:34','2023-03-18 00:07:34'),(148,6,'Botble\\RealEstate\\Models\\Property',13,1,'VERY deeply with a kind of authority among them, called out, \'Sit down, all of them didn\'t know that you\'re.','approved','2023-03-18 00:07:34','2023-03-18 00:07:34'),(149,5,'Botble\\RealEstate\\Models\\Project',4,4,'Queen say only yesterday you deserved to be sure; but I.','approved','2023-03-18 00:07:34','2023-03-18 00:07:34'),(150,4,'Botble\\RealEstate\\Models\\Project',6,5,'Caterpillar. \'I\'m afraid I don\'t like it, yer honour, at all, as the question was evidently meant for her. \'I can see you\'re trying to box her own ears for.','approved','2023-03-18 00:07:34','2023-03-18 00:07:34'),(151,11,'Botble\\RealEstate\\Models\\Project',1,2,'I think?\' he said to herself how this same little sister of hers that you think you might do something better with the clock. For instance, suppose it.','approved','2023-03-18 00:07:34','2023-03-18 00:07:34'),(152,10,'Botble\\RealEstate\\Models\\Project',6,5,'While she was now more than nine feet high. \'I wish I could shut up like telescopes: this time the Mouse only growled in reply. \'Please come.','approved','2023-03-18 00:07:34','2023-03-18 00:07:34'),(153,5,'Botble\\RealEstate\\Models\\Project',3,1,'Duchess sneezed occasionally; and as it turned a back-somersault in at once.\' However.','approved','2023-03-18 00:07:34','2023-03-18 00:07:34'),(154,7,'Botble\\RealEstate\\Models\\Property',8,3,'Alice in a deep, hollow tone: \'sit down, both of you, and must know better\'; and this Alice thought she might as well say,\' added the Dormouse. \'Don\'t talk nonsense,\' said Alice in a great deal of thought, and it was.','approved','2023-03-18 00:07:34','2023-03-18 00:07:34'),(155,10,'Botble\\RealEstate\\Models\\Property',7,3,'Gryphon, the squeaking of the wood to listen. \'Mary Ann! Mary Ann!\' said the Cat. \'Do you mean by that?\' said the young Crab, a little before she came up to the game. CHAPTER IX. The Mock Turtle\'s Story \'You can\'t think how glad I am in the common way. So they had any sense.','approved','2023-03-18 00:07:34','2023-03-18 00:07:34'),(156,8,'Botble\\RealEstate\\Models\\Project',3,4,'I\'ve got to the jury. They were indeed a queer-looking party that assembled on the slate. \'Herald, read the accusation!\' said the Dodo, \'the best.','approved','2023-03-18 00:07:34','2023-03-18 00:07:34'),(157,2,'Botble\\RealEstate\\Models\\Project',4,2,'Alice. \'Of course it was,\' said the Caterpillar. \'Well, perhaps not,\' said Alice hastily; \'but I\'m not Ada,\' she said, without opening its eyes, for it was very nearly in the air, and came back again. \'Keep your.','approved','2023-03-18 00:07:34','2023-03-18 00:07:34'),(158,6,'Botble\\RealEstate\\Models\\Property',4,1,'Dormouse, who seemed too much pepper in my life!\' Just as she could, and waited to see what I used to it in less than a real Turtle.\' These words were followed by a very hopeful tone though), \'I won\'t have any pepper.','approved','2023-03-18 00:07:34','2023-03-18 00:07:34'),(159,9,'Botble\\RealEstate\\Models\\Property',15,2,'Presently the Rabbit whispered in reply, \'for fear they should forget them before the officer could get to twenty at that rate!.','approved','2023-03-18 00:07:34','2023-03-18 00:07:34'),(160,9,'Botble\\RealEstate\\Models\\Project',2,2,'This time there were any tears. No, there were a Duck and a Dodo, a Lory and an Eaglet, and several other curious creatures. Alice led the way, and nothing seems to be sure, this generally happens when one eats cake, but Alice.','approved','2023-03-18 00:07:34','2023-03-18 00:07:34'),(161,4,'Botble\\RealEstate\\Models\\Project',1,3,'Alice felt that there was hardly room to grow up again! Let me see: four times six is thirteen, and four times six is.','approved','2023-03-18 00:07:34','2023-03-18 00:07:34'),(162,2,'Botble\\RealEstate\\Models\\Project',2,3,'Because he knows it teases.\' CHORUS. (In which the wretched Hatter trembled so, that he had a bone in his note-book, cackled out \'Silence!\' and read as follows:-- \'The Queen of Hearts, he stole those tarts, And took them quite away!\' \'Consider your verdict,\' he said to live. \'I\'ve seen.','approved','2023-03-18 00:07:34','2023-03-18 00:07:34'),(163,4,'Botble\\RealEstate\\Models\\Property',1,5,'CHAPTER II. The Pool of Tears \'Curiouser and curiouser!\' cried Alice again, for this time the Queen was silent. The Dormouse shook itself, and was going to remark myself.\' \'Have you guessed the riddle yet?\'.','approved','2023-03-18 00:07:34','2023-03-18 00:07:34'),(164,10,'Botble\\RealEstate\\Models\\Property',4,2,'But the snail replied \"Too far, too far!\" and gave a little scream of laughter. \'Oh, hush!\' the Rabbit.','approved','2023-03-18 00:07:34','2023-03-18 00:07:34'),(165,8,'Botble\\RealEstate\\Models\\Property',11,5,'I\'ll have you executed on the ground as she went on. \'Or would you tell me,\' said Alice, a good deal until she made it out to be no sort of chance of this, so that it might injure the brain; But, now that I\'m perfectly sure I can\'t show it you.','approved','2023-03-18 00:07:34','2023-03-18 00:07:34'),(166,3,'Botble\\RealEstate\\Models\\Property',4,1,'Alice had got its neck nicely straightened out, and was going to be, from one end of your nose-- What made you so awfully clever?\' \'I have answered three questions, and that he shook.','approved','2023-03-18 00:07:34','2023-03-18 00:07:34'),(167,6,'Botble\\RealEstate\\Models\\Property',8,1,'Prizes!\' Alice had no idea what.','approved','2023-03-18 00:07:34','2023-03-18 00:07:34'),(168,4,'Botble\\RealEstate\\Models\\Project',6,1,'Alice said; but was dreadfully.','approved','2023-03-18 00:07:34','2023-03-18 00:07:34'),(169,9,'Botble\\RealEstate\\Models\\Project',1,3,'I do it again and again.\' \'You are not attending!\' said the Mouse. \'Of course,\' the Dodo said, \'EVERYBODY has won, and all sorts of things--I can\'t.','approved','2023-03-18 00:07:34','2023-03-18 00:07:34'),(170,3,'Botble\\RealEstate\\Models\\Property',15,4,'Mock Turtle sighed deeply, and drew the back of one flapper across his eyes. \'I wasn\'t asleep,\' he said to the puppy; whereupon the puppy jumped into the wood. \'It\'s the first really clever thing the King sharply. \'Do you take me for his housemaid,\' she said to herself, \'I don\'t.','approved','2023-03-18 00:07:34','2023-03-18 00:07:34'),(171,1,'Botble\\RealEstate\\Models\\Property',8,3,'Duchess; \'I never saw one, or heard of \"Uglification,\"\' Alice ventured to taste it, and kept doubling itself up very sulkily and crossed over to herself, in a deep voice, \'are done with a pair of white kid gloves in one hand and a fan! Quick, now!\' And Alice was rather doubtful whether she.','approved','2023-03-18 00:07:34','2023-03-18 00:07:34'),(172,6,'Botble\\RealEstate\\Models\\Property',3,2,'Said his father; \'don\'t give yourself airs! Do you think, at your age, it is right?\' \'In my youth,\' said the King, with an anxious look at it!\' This speech caused a remarkable.','approved','2023-03-18 00:07:34','2023-03-18 00:07:34'),(173,1,'Botble\\RealEstate\\Models\\Property',1,3,'Good-bye, feet!\' (for when she was walking by.','approved','2023-03-18 00:07:34','2023-03-18 00:07:34'),(174,3,'Botble\\RealEstate\\Models\\Property',3,4,'Alice, as she had been wandering, when a sharp hiss made her draw back in a very little use without my shoulders. Oh, how I wish I hadn\'t mentioned Dinah!\' she said aloud. \'I must be on the trumpet, and called out in a low voice, \'Why the fact is, you know. So you see, Alice had.','approved','2023-03-18 00:07:34','2023-03-18 00:07:34'),(175,11,'Botble\\RealEstate\\Models\\Project',5,3,'English coast you find a pleasure in all my life, never!\' They had a pencil that squeaked. This of.','approved','2023-03-18 00:07:34','2023-03-18 00:07:34'),(176,6,'Botble\\RealEstate\\Models\\Project',3,4,'Majesty,\' he began. \'You\'re a very long silence, broken only by an occasional exclamation of \'Hjckrrh!\' from the trees as well look and see after some executions I have ordered\'; and she.','approved','2023-03-18 00:07:34','2023-03-18 00:07:34'),(177,6,'Botble\\RealEstate\\Models\\Property',4,2,'Alice said very politely, \'if I had our Dinah here, I know is, something comes at me like that!\' said Alice sharply, for she had someone to listen to her, And mentioned me to him: She gave me a good deal until she made her feel very sleepy and.','approved','2023-03-18 00:07:34','2023-03-18 00:07:34'),(178,7,'Botble\\RealEstate\\Models\\Property',1,4,'If I or she should push the matter on, What would become of.','approved','2023-03-18 00:07:34','2023-03-18 00:07:34'),(179,5,'Botble\\RealEstate\\Models\\Property',6,3,'Alice, whose thoughts were still running on the floor, and a Long Tale They were just beginning to end,\' said the Mock Turtle, capering wildly about. \'Change lobsters again!\' yelled the Gryphon said, in a.','approved','2023-03-18 00:07:34','2023-03-18 00:07:34'),(180,10,'Botble\\RealEstate\\Models\\Property',15,3,'King put on his slate with.','approved','2023-03-18 00:07:34','2023-03-18 00:07:34'),(181,6,'Botble\\RealEstate\\Models\\Project',2,4,'Dormouse said--\' the Hatter went on.','approved','2023-03-18 00:07:34','2023-03-18 00:07:34'),(182,9,'Botble\\RealEstate\\Models\\Property',15,1,'Alice felt that it was the Cat in a low curtain she had succeeded in bringing herself down to her daughter \'Ah, my dear! I shall ever.','approved','2023-03-18 00:07:34','2023-03-18 00:07:34'),(183,9,'Botble\\RealEstate\\Models\\Project',1,2,'She said the King; and the choking of the what?\' said the Queen, \'and take this child away with me,\' thought.','approved','2023-03-18 00:07:34','2023-03-18 00:07:34'),(184,11,'Botble\\RealEstate\\Models\\Project',2,2,'Time!\' \'Perhaps not,\' Alice cautiously replied, not feeling at all a proper way of.','approved','2023-03-18 00:07:34','2023-03-18 00:07:34'),(185,4,'Botble\\RealEstate\\Models\\Project',2,4,'I know!\' exclaimed Alice, who had meanwhile been examining the roses. \'Off.','approved','2023-03-18 00:07:34','2023-03-18 00:07:34'),(186,10,'Botble\\RealEstate\\Models\\Project',3,5,'Bill\'s place for a rabbit! I suppose I ought to have finished,\' said the March Hare and his friends shared their never-ending meal, and the other end of trials, \"There was some attempts at applause, which was immediately suppressed by the whole thing, and she crossed.','approved','2023-03-18 00:07:34','2023-03-18 00:07:34'),(187,11,'Botble\\RealEstate\\Models\\Project',6,1,'At last the Caterpillar called after it; and while she was losing her temper. \'Are you content now?\' said the Hatter, \'when the Queen added to one of the.','approved','2023-03-18 00:07:34','2023-03-18 00:07:34'),(188,7,'Botble\\RealEstate\\Models\\Project',6,1,'I mentioned before, And have grown most uncommonly fat; Yet you balanced an eel on the trumpet, and called out, \'Sit down, all of you, and listen to her, \'if we had the door as you.','approved','2023-03-18 00:07:34','2023-03-18 00:07:34'),(189,6,'Botble\\RealEstate\\Models\\Project',5,4,'Alice, that she wanted much to know, but the Dodo had paused as if she were looking over his shoulder as she did not get dry.','approved','2023-03-18 00:07:34','2023-03-18 00:07:34'),(190,8,'Botble\\RealEstate\\Models\\Property',10,3,'I shall be a LITTLE larger, sir, if you like!\' the Duchess was sitting between them, fast asleep, and the soldiers had.','approved','2023-03-18 00:07:34','2023-03-18 00:07:34'),(191,7,'Botble\\RealEstate\\Models\\Property',6,5,'Queen, who was talking. \'How CAN I have none, Why, I do it again and again.\' \'You are all dry, he is gay as a boon, Was kindly.','approved','2023-03-18 00:07:34','2023-03-18 00:07:34'),(192,6,'Botble\\RealEstate\\Models\\Property',15,4,'ARE a simpleton.\' Alice did.','approved','2023-03-18 00:07:34','2023-03-18 00:07:34'),(193,6,'Botble\\RealEstate\\Models\\Project',1,1,'Drawling, Stretching, and Fainting in Coils.\' \'What was that?\' inquired Alice. \'Reeling and Writhing, of course, Alice could not swim. He sent them word I had not noticed before, and behind it was not even get her head was so long since she had finished, her sister on the same.','approved','2023-03-18 00:07:34','2023-03-18 00:07:34'),(194,4,'Botble\\RealEstate\\Models\\Property',1,1,'Alice hastily replied; \'only one.','approved','2023-03-18 00:07:34','2023-03-18 00:07:34'),(195,9,'Botble\\RealEstate\\Models\\Project',2,2,'D,\' she added in a very good height indeed!\' said the Rabbit say, \'A.','approved','2023-03-18 00:07:34','2023-03-18 00:07:34'),(196,1,'Botble\\RealEstate\\Models\\Project',3,2,'Majesty!\' the soldiers did. After these came the royal children, and everybody else. \'Leave off that!\' screamed the Gryphon. \'Do you play croquet?\' The soldiers were always.','approved','2023-03-18 00:07:34','2023-03-18 00:07:34'),(197,5,'Botble\\RealEstate\\Models\\Project',2,2,'Alice had got its neck nicely straightened out, and was looking for them, and just as she could get away without speaking, but at.','approved','2023-03-18 00:07:34','2023-03-18 00:07:34'),(198,2,'Botble\\RealEstate\\Models\\Project',1,2,'Queen shrieked out. \'Behead that.','approved','2023-03-18 00:07:34','2023-03-18 00:07:34'),(199,4,'Botble\\RealEstate\\Models\\Project',6,2,'March Hare said in an encouraging opening for a moment to be a grin, and she tried another question. \'What sort of meaning in.','approved','2023-03-18 00:07:34','2023-03-18 00:07:34'),(200,5,'Botble\\RealEstate\\Models\\Project',4,5,'I suppose I ought to be patted on the slate. \'Herald, read the accusation!\' said the Cat. \'I said pig,\' replied Alice; \'and I do wonder what they WILL do next! As for pulling me out of its mouth open, gazing up into a large piece out of its right ear and left foot.','approved','2023-03-18 00:07:34','2023-03-18 00:07:34');

--
-- Table structure for table `re_tags`
--

CREATE TABLE `re_tags` (
  `id` int unsigned NOT NULL AUTO_INCREMENT,
  `name` varchar(300) CHARACTER SET utf8mb4 COLLATE utf8mb4_unicode_ci NOT NULL,
  `description` varchar(400) CHARACTER SET utf8mb4 COLLATE utf8mb4_unicode_ci DEFAULT NULL,
  `status` varchar(60) CHARACTER SET utf8mb4 COLLATE utf8mb4_unicode_ci NOT NULL DEFAULT 'published',
  `created_at` timestamp NULL DEFAULT NULL,
  `updated_at` timestamp NULL DEFAULT NULL,
  PRIMARY KEY (`id`)
) ENGINE=InnoDB DEFAULT CHARSET=utf8mb4 COLLATE=utf8mb4_unicode_ci;

--
-- Dumping data for table `re_tags`
--


--
-- Table structure for table `re_tags_items`
--

CREATE TABLE `re_tags_items` (
  `tag_id` int unsigned NOT NULL,
  `item_id` int unsigned NOT NULL,
  `type` varchar(60) CHARACTER SET utf8mb4 COLLATE utf8mb4_unicode_ci NOT NULL
) ENGINE=InnoDB DEFAULT CHARSET=utf8mb4 COLLATE=utf8mb4_unicode_ci;

--
-- Dumping data for table `re_tags_items`
--


--
-- Table structure for table `role_users`
--

CREATE TABLE `role_users` (
  `id` int unsigned NOT NULL AUTO_INCREMENT,
  `user_id` int unsigned NOT NULL,
  `role_id` int unsigned NOT NULL,
  `created_at` timestamp NULL DEFAULT NULL,
  `updated_at` timestamp NULL DEFAULT NULL,
  PRIMARY KEY (`id`),
  KEY `role_users_user_id_index` (`user_id`),
  KEY `role_users_role_id_index` (`role_id`)
) ENGINE=InnoDB AUTO_INCREMENT=2 DEFAULT CHARSET=utf8mb4 COLLATE=utf8mb4_unicode_ci;

--
-- Dumping data for table `role_users`
--

INSERT INTO `role_users` VALUES (1,2,1,'2021-01-03 17:24:01','2021-01-03 17:24:01');

--
-- Table structure for table `roles`
--

CREATE TABLE `roles` (
  `id` int unsigned NOT NULL AUTO_INCREMENT,
  `slug` varchar(120) CHARACTER SET utf8mb4 COLLATE utf8mb4_unicode_ci NOT NULL,
  `name` varchar(120) CHARACTER SET utf8mb4 COLLATE utf8mb4_unicode_ci NOT NULL,
  `permissions` text CHARACTER SET utf8mb4 COLLATE utf8mb4_unicode_ci,
  `description` varchar(255) CHARACTER SET utf8mb4 COLLATE utf8mb4_unicode_ci DEFAULT NULL,
  `is_default` tinyint unsigned NOT NULL DEFAULT '0',
  `created_by` int unsigned NOT NULL,
  `updated_by` int unsigned NOT NULL,
  `created_at` timestamp NULL DEFAULT NULL,
  `updated_at` timestamp NULL DEFAULT NULL,
  PRIMARY KEY (`id`),
  UNIQUE KEY `roles_slug_unique` (`slug`),
  KEY `roles_created_by_index` (`created_by`),
  KEY `roles_updated_by_index` (`updated_by`)
) ENGINE=InnoDB AUTO_INCREMENT=2 DEFAULT CHARSET=utf8mb4 COLLATE=utf8mb4_unicode_ci;

--
-- Dumping data for table `roles`
--

INSERT INTO `roles` VALUES (1,'demo','Demo','{\"career.index\":true,\"career.create\":true,\"career.edit\":true,\"career.destroy\":true,\"media.index\":true,\"files.index\":true,\"files.create\":true,\"files.edit\":true,\"files.trash\":true,\"files.destroy\":true,\"folders.index\":true,\"folders.create\":true,\"folders.edit\":true,\"folders.trash\":true,\"folders.destroy\":true}','Test',0,1,1,'2021-01-03 17:23:52','2021-01-03 17:23:52');

--
-- Table structure for table `settings`
--

CREATE TABLE `settings` (
  `id` int unsigned NOT NULL AUTO_INCREMENT,
  `key` varchar(255) CHARACTER SET utf8mb4 COLLATE utf8mb4_unicode_ci NOT NULL,
  `value` text CHARACTER SET utf8mb4 COLLATE utf8mb4_unicode_ci,
  `created_at` timestamp NULL DEFAULT NULL,
  `updated_at` timestamp NULL DEFAULT NULL,
  PRIMARY KEY (`id`)
) ENGINE=InnoDB AUTO_INCREMENT=666 DEFAULT CHARSET=utf8mb4 COLLATE=utf8mb4_unicode_ci;

--
-- Dumping data for table `settings`
--

INSERT INTO `settings` VALUES (270,'activated_plugins','[\"language\",\"language-advanced\",\"analytics\",\"audit-log\",\"backup\",\"blog\",\"captcha\",\"career\",\"contact\",\"cookie-consent\",\"location\",\"payment\",\"paypal\",\"paystack\",\"razorpay\",\"real-estate\",\"rss-feed\",\"social-login\",\"sslcommerz\",\"stripe\",\"translation\"]',NULL,'2023-03-17 03:18:35'),(565,'theme-flex-home-social_links','[[{\"key\":\"social-name\",\"value\":\"Facebook\"},{\"key\":\"social-icon\",\"value\":\"fab fa-facebook-f\"},{\"key\":\"social-url\",\"value\":\"\"}],[{\"key\":\"social-name\",\"value\":\"Twitter\"},{\"key\":\"social-icon\",\"value\":\"fab fa-twitter\"},{\"key\":\"social-url\",\"value\":\"\"}],[{\"key\":\"social-name\",\"value\":\"Youtube\"},{\"key\":\"social-icon\",\"value\":\"fab fa-youtube\"},{\"key\":\"social-url\",\"value\":\"\"}]]',NULL,'2023-03-17 03:18:35'),(583,'admin_logo','logo/logo-white.png',NULL,NULL),(584,'admin_favicon','logo/favicon.png',NULL,NULL),(601,'theme-flex-home-social_links','[[{\"key\":\"social-name\",\"value\":\"Facebook\"},{\"key\":\"social-icon\",\"value\":\"fab fa-facebook-f\"},{\"key\":\"social-url\",\"value\":\"https:\\/\\/www.facebook.com\\/\"}],[{\"key\":\"social-name\",\"value\":\"Twitter\"},{\"key\":\"social-icon\",\"value\":\"fab fa-twitter\"},{\"key\":\"social-url\",\"value\":\"https:\\/\\/www.twitter.com\\/\"}],[{\"key\":\"social-name\",\"value\":\"Youtube\"},{\"key\":\"social-icon\",\"value\":\"fab fa-youtube\"},{\"key\":\"social-url\",\"value\":\"https:\\/\\/www.youtube.com\\/\"}]]',NULL,NULL),(615,'admin_logo','logo/logo-white.png',NULL,NULL),(616,'admin_favicon','logo/favicon.png',NULL,NULL),(633,'theme-flex-home-social_links','[[{\"key\":\"social-name\",\"value\":\"Facebook\"},{\"key\":\"social-icon\",\"value\":\"fab fa-facebook-f\"},{\"key\":\"social-url\",\"value\":\"https:\\/\\/www.facebook.com\\/\"}],[{\"key\":\"social-name\",\"value\":\"Twitter\"},{\"key\":\"social-icon\",\"value\":\"fab fa-twitter\"},{\"key\":\"social-url\",\"value\":\"https:\\/\\/www.twitter.com\\/\"}],[{\"key\":\"social-name\",\"value\":\"Youtube\"},{\"key\":\"social-icon\",\"value\":\"fab fa-youtube\"},{\"key\":\"social-url\",\"value\":\"https:\\/\\/www.youtube.com\\/\"}]]',NULL,NULL),(634,'language_hide_default','1',NULL,NULL),(635,'language_switcher_display','dropdown',NULL,NULL),(636,'language_display','all',NULL,NULL),(637,'language_hide_languages','[]',NULL,NULL),(638,'media_random_hash','26e8ecf15c8caad29b1724091dc8ec66',NULL,NULL),(639,'permalink-botble-blog-models-post','news',NULL,NULL),(640,'permalink-botble-blog-models-category','news',NULL,NULL),(641,'real_estate_display_views_count_in_detail_page','1',NULL,NULL),(642,'payment_cod_status','1',NULL,NULL),(643,'payment_cod_description','Please pay money directly to the postman, if you choose cash on delivery method (COD).',NULL,NULL),(644,'payment_bank_transfer_status','1',NULL,NULL),(645,'payment_bank_transfer_description','Please send money to our bank account: ACB - 9913 3821 19.',NULL,NULL),(646,'payment_stripe_payment_type','stripe_checkout',NULL,NULL),(647,'admin_logo','logo/logo-white.png',NULL,NULL),(648,'admin_favicon','logo/favicon.png',NULL,NULL),(649,'theme-flex-home-cookie_consent_message','Your experience on this site will be improved by allowing cookies ','2023-03-18 00:07:33','2023-03-18 00:07:33'),(650,'theme-flex-home-cookie_consent_learn_more_url','https://flex-home.test/cookie-policy','2023-03-18 00:07:33','2023-03-18 00:07:33'),(651,'theme-flex-home-cookie_consent_learn_more_text','Cookie Policy','2023-03-18 00:07:33','2023-03-18 00:07:33'),(652,'theme-flex-home-homepage_id','1','2023-03-18 00:07:33','2023-03-18 00:07:33'),(653,'theme-flex-home-blog_page_id','2','2023-03-18 00:07:33','2023-03-18 00:07:33'),(654,'theme-flex-home-home_banner','general/home-banner.jpg','2023-03-18 00:07:33','2023-03-18 00:07:33'),(655,'theme-flex-home-breadcrumb_background','general/breadcrumb-background.jpg','2023-03-18 00:07:33','2023-03-18 00:07:33'),(656,'theme-flex-home-properties_list_page_id','7','2023-03-18 00:07:33','2023-03-18 00:07:33'),(657,'theme-flex-home-projects_list_page_id','8','2023-03-18 00:07:33','2023-03-18 00:07:33'),(658,'theme-flex-home-vi-cookie_consent_message','Trải nghiệm của bạn trên trang web này sẽ được cải thiện bằng cách cho phép cookie ','2023-03-18 00:07:33','2023-03-18 00:07:33'),(659,'theme-flex-home-vi-cookie_consent_learn_more_url','https://flex-home.test/cookie-policy','2023-03-18 00:07:33','2023-03-18 00:07:33'),(660,'theme-flex-home-vi-cookie_consent_learn_more_text','Cookie Policy','2023-03-18 00:07:33','2023-03-18 00:07:33'),(661,'theme-flex-home-vi-home_banner','general/home-banner.jpg','2023-03-18 00:07:33','2023-03-18 00:07:33'),(662,'theme-flex-home-vi-breadcrumb_background','general/breadcrumb-background.jpg','2023-03-18 00:07:33','2023-03-18 00:07:33'),(663,'theme-flex-home-vi-properties_list_page_id','7','2023-03-18 00:07:33','2023-03-18 00:07:33'),(664,'theme-flex-home-vi-projects_list_page_id','8','2023-03-18 00:07:33','2023-03-18 00:07:33'),(665,'theme-flex-home-social_links','[[{\"key\":\"social-name\",\"value\":\"Facebook\"},{\"key\":\"social-icon\",\"value\":\"fab fa-facebook-f\"},{\"key\":\"social-url\",\"value\":\"https:\\/\\/www.facebook.com\\/\"}],[{\"key\":\"social-name\",\"value\":\"Twitter\"},{\"key\":\"social-icon\",\"value\":\"fab fa-twitter\"},{\"key\":\"social-url\",\"value\":\"https:\\/\\/www.twitter.com\\/\"}],[{\"key\":\"social-name\",\"value\":\"Youtube\"},{\"key\":\"social-icon\",\"value\":\"fab fa-youtube\"},{\"key\":\"social-url\",\"value\":\"https:\\/\\/www.youtube.com\\/\"}]]',NULL,NULL);

--
-- Table structure for table `states`
--

CREATE TABLE `states` (
  `id` int unsigned NOT NULL AUTO_INCREMENT,
  `name` varchar(120) CHARACTER SET utf8mb4 COLLATE utf8mb4_unicode_ci NOT NULL,
  `country_id` int unsigned NOT NULL,
  `order` tinyint NOT NULL DEFAULT '0',
  `is_default` tinyint unsigned NOT NULL DEFAULT '0',
  `status` varchar(60) CHARACTER SET utf8mb4 COLLATE utf8mb4_unicode_ci NOT NULL DEFAULT 'published',
  `created_at` timestamp NULL DEFAULT NULL,
  `updated_at` timestamp NULL DEFAULT NULL,
  `abbreviation` varchar(3) CHARACTER SET utf8mb4 COLLATE utf8mb4_unicode_ci DEFAULT NULL,
  PRIMARY KEY (`id`)
) ENGINE=InnoDB AUTO_INCREMENT=2 DEFAULT CHARSET=utf8mb4 COLLATE=utf8mb4_unicode_ci;

--
-- Dumping data for table `states`
--

INSERT INTO `states` VALUES (1,'California',1,0,0,'published','2019-11-18 08:17:57','2019-11-18 08:17:57',NULL);

--
-- Table structure for table `states_translations`
--

CREATE TABLE `states_translations` (
  `lang_code` varchar(191) CHARACTER SET utf8mb4 COLLATE utf8mb4_unicode_ci NOT NULL,
  `states_id` int NOT NULL,
  `name` varchar(120) CHARACTER SET utf8mb4 COLLATE utf8mb4_unicode_ci DEFAULT NULL,
  `abbreviation` varchar(3) CHARACTER SET utf8mb4 COLLATE utf8mb4_unicode_ci DEFAULT NULL,
  PRIMARY KEY (`lang_code`,`states_id`)
) ENGINE=InnoDB DEFAULT CHARSET=utf8mb4 COLLATE=utf8mb4_unicode_ci;

--
-- Dumping data for table `states_translations`
--

INSERT INTO `states_translations` VALUES ('vi',1,'California',NULL);

--
-- Table structure for table `tags`
--

CREATE TABLE `tags` (
  `id` int unsigned NOT NULL AUTO_INCREMENT,
  `name` varchar(120) CHARACTER SET utf8mb4 COLLATE utf8mb4_unicode_ci NOT NULL,
  `author_id` int NOT NULL,
  `author_type` varchar(255) CHARACTER SET utf8mb4 COLLATE utf8mb4_unicode_ci NOT NULL DEFAULT 'Botble\\ACL\\Models\\User',
  `description` varchar(400) CHARACTER SET utf8mb4 COLLATE utf8mb4_unicode_ci DEFAULT '',
  `status` varchar(60) CHARACTER SET utf8mb4 COLLATE utf8mb4_unicode_ci NOT NULL DEFAULT 'published',
  `created_at` timestamp NULL DEFAULT NULL,
  `updated_at` timestamp NULL DEFAULT NULL,
  PRIMARY KEY (`id`)
) ENGINE=InnoDB AUTO_INCREMENT=4 DEFAULT CHARSET=utf8mb4 COLLATE=utf8mb4_unicode_ci;

--
-- Dumping data for table `tags`
--

INSERT INTO `tags` VALUES (1,'BCG sets great store',1,'Botble\\ACL\\Models\\User','','published','2019-11-18 02:51:35','2019-11-18 02:51:35'),(2,'Private Home Sales',1,'Botble\\ACL\\Models\\User','','published','2019-11-18 02:55:53','2019-11-18 02:55:53'),(3,'South Korean investors',1,'Botble\\ACL\\Models\\User','','published','2019-11-18 03:07:27','2019-11-18 03:07:27');

--
-- Table structure for table `tags_translations`
--

CREATE TABLE `tags_translations` (
  `lang_code` varchar(191) CHARACTER SET utf8mb4 COLLATE utf8mb4_unicode_ci NOT NULL,
  `tags_id` int NOT NULL,
  `name` varchar(255) CHARACTER SET utf8mb4 COLLATE utf8mb4_unicode_ci DEFAULT NULL,
  `description` varchar(400) CHARACTER SET utf8mb4 COLLATE utf8mb4_unicode_ci DEFAULT NULL,
  PRIMARY KEY (`lang_code`,`tags_id`)
) ENGINE=InnoDB DEFAULT CHARSET=utf8mb4 COLLATE=utf8mb4_unicode_ci;

--
-- Dumping data for table `tags_translations`
--


--
-- Table structure for table `transactions`
--

CREATE TABLE `transactions` (
  `id` int unsigned NOT NULL AUTO_INCREMENT,
  `credits` int unsigned NOT NULL,
  `description` varchar(255) CHARACTER SET utf8mb4 COLLATE utf8mb4_unicode_ci DEFAULT NULL,
  `user_id` bigint unsigned DEFAULT NULL,
  `account_id` bigint unsigned DEFAULT NULL,
  `type` varchar(191) CHARACTER SET utf8mb4 COLLATE utf8mb4_unicode_ci NOT NULL DEFAULT 'add',
  `payment_id` int unsigned DEFAULT NULL,
  `created_at` timestamp NULL DEFAULT NULL,
  `updated_at` timestamp NULL DEFAULT NULL,
  PRIMARY KEY (`id`)
) ENGINE=InnoDB AUTO_INCREMENT=2 DEFAULT CHARSET=utf8mb4 COLLATE=utf8mb4_unicode_ci;

--
-- Dumping data for table `transactions`
--


--
-- Table structure for table `translations`
--

CREATE TABLE `translations` (
  `id` int unsigned NOT NULL AUTO_INCREMENT,
  `status` int NOT NULL DEFAULT '0',
  `locale` varchar(191) CHARACTER SET utf8mb4 COLLATE utf8mb4_unicode_ci NOT NULL,
  `group` varchar(191) CHARACTER SET utf8mb4 COLLATE utf8mb4_unicode_ci NOT NULL,
  `key` varchar(191) CHARACTER SET utf8mb4 COLLATE utf8mb4_unicode_ci NOT NULL,
  `value` text CHARACTER SET utf8mb4 COLLATE utf8mb4_unicode_ci,
  `created_at` timestamp NULL DEFAULT NULL,
  `updated_at` timestamp NULL DEFAULT NULL,
  PRIMARY KEY (`id`)
) ENGINE=InnoDB AUTO_INCREMENT=3936 DEFAULT CHARSET=utf8mb4 COLLATE=utf8mb4_unicode_ci;

--
-- Dumping data for table `translations`
--



--
-- Table structure for table `widgets`
--

CREATE TABLE `widgets` (
  `id` int unsigned NOT NULL AUTO_INCREMENT,
  `widget_id` varchar(120) CHARACTER SET utf8mb4 COLLATE utf8mb4_unicode_ci NOT NULL,
  `sidebar_id` varchar(120) CHARACTER SET utf8mb4 COLLATE utf8mb4_unicode_ci NOT NULL,
  `theme` varchar(120) CHARACTER SET utf8mb4 COLLATE utf8mb4_unicode_ci NOT NULL,
  `position` tinyint unsigned NOT NULL DEFAULT '0',
  `data` text CHARACTER SET utf8mb4 COLLATE utf8mb4_unicode_ci,
  `created_at` timestamp NULL DEFAULT NULL,
  `updated_at` timestamp NULL DEFAULT NULL,
  PRIMARY KEY (`id`)
) ENGINE=InnoDB AUTO_INCREMENT=44 DEFAULT CHARSET=utf8mb4 COLLATE=utf8mb4_unicode_ci;

--
-- Dumping data for table `widgets`
--

INSERT INTO `widgets` VALUES (20,'CustomMenuWidget','footer_sidebar','flex-home',0,'{\"id\":\"CustomMenuWidget\",\"name\":\"About\",\"menu_id\":\"about\"}','2019-11-17 22:09:57','2019-11-17 22:09:57'),(21,'CustomMenuWidget','footer_sidebar','flex-home',1,'{\"id\":\"CustomMenuWidget\",\"name\":\"More information\",\"menu_id\":\"more-information\"}','2019-11-17 22:09:57','2019-11-17 22:09:57'),(22,'CustomMenuWidget','footer_sidebar','flex-home',2,'{\"id\":\"CustomMenuWidget\",\"name\":\"News\",\"menu_id\":\"news\"}','2019-11-17 22:09:57','2019-11-17 22:09:57'),(24,'CategoriesWidget','primary_sidebar','flex-home',0,'{\"id\":\"CategoriesWidget\",\"name\":\"Categories\"}','2019-11-18 03:50:44','2019-11-18 03:50:44'),(25,'RecentPostsWidget','primary_sidebar','flex-home',1,'{\"id\":\"RecentPostsWidget\",\"name\":\"Recent posts\",\"number_display\":\"5\"}','2019-11-18 03:50:45','2019-11-18 03:50:45'),(30,'CategoriesWidget','primary_sidebar','flex-home-vi',0,'{\"id\":\"CategoriesWidget\",\"name\":\"Chuy\\u00ean m\\u1ee5c\"}','2019-11-21 07:53:12','2019-11-21 07:53:12'),(31,'RecentPostsWidget','primary_sidebar','flex-home-vi',1,'{\"id\":\"RecentPostsWidget\",\"name\":\"B\\u00e0i vi\\u1ebft m\\u1edbi nh\\u1ea5t\",\"number_display\":\"5\"}','2019-11-21 07:53:12','2019-11-21 07:53:12'),(41,'CustomMenuWidget','footer_sidebar','flex-home-vi',0,'{\"id\":\"CustomMenuWidget\",\"name\":\"Gi\\u1edbi thi\\u1ec7u\",\"menu_id\":\"ve-chung-toi\"}','2019-11-21 07:53:51','2019-11-21 07:53:51'),(42,'CustomMenuWidget','footer_sidebar','flex-home-vi',1,'{\"id\":\"CustomMenuWidget\",\"name\":\" Th\\u00f4ng tin th\\u00eam\",\"menu_id\":\"thong-tin-them\"}','2019-11-21 07:53:51','2019-11-21 07:53:51'),(43,'CustomMenuWidget','footer_sidebar','flex-home-vi',2,'{\"id\":\"CustomMenuWidget\",\"name\":\"Tin t\\u1ee9c\",\"menu_id\":\"tin-tuc\"}','2019-11-21 07:53:51','2019-11-21 07:53:51');


