-- Table structure for table `jb_jobs_categories`
--

CREATE TABLE `jb_jobs_categories` (
  `job_id` bigint unsigned NOT NULL,
  `category_id` bigint unsigned NOT NULL
) ENGINE=InnoDB DEFAULT CHARSET=utf8mb4 COLLATE=utf8mb4_unicode_ci;

--
-- Dumping data for table `jb_jobs_categories`
--

INSERT INTO `jb_jobs_categories` VALUES (1,1),(1,3),(1,10),(2,1),(2,4),(2,9),(3,1),(3,5),(3,8),(4,1),(4,1),(4,9),(5,1),(5,4),(5,10),(6,1),(6,4),(6,10),(7,1),(7,3),(7,7),(8,1),(8,4),(8,7),(9,1),(9,1),(9,8),(10,1),(10,3),(10,9),(11,1),(11,2),(11,6),(12,1),(12,5),(12,8),(13,1),(13,2),(13,6),(14,1),(14,4),(14,9),(15,1),(15,4),(15,9),(16,1),(16,1),(16,8),(17,1),(17,1),(17,10),(18,1),(18,1),(18,7),(19,1),(19,3),(19,9),(20,1),(20,5),(20,6),(21,1),(21,3),(21,8),(22,1),(22,2),(22,10),(23,1),(23,4),(23,7),(24,1),(24,5),(24,9),(25,1),(25,3),(25,9),(26,1),(26,3),(26,7),(27,1),(27,3),(27,9),(28,1),(28,2),(28,8),(29,1),(29,5),(29,7),(30,1),(30,1),(30,10),(31,1),(31,4),(31,10),(32,1),(32,2),(32,6),(33,1),(33,2),(33,9),(34,1),(34,4),(34,10),(35,1),(35,2),(35,7),(36,1),(36,1),(36,6),(37,1),(37,4),(37,9),(38,1),(38,2),(38,9),(39,1),(39,3),(39,7),(40,1),(40,2),(40,8),(41,1),(41,3),(41,8),(42,1),(42,3),(42,9),(43,1),(43,1),(43,10),(44,1),(44,4),(44,6),(45,1),(45,3),(45,7),(46,1),(46,5),(46,8),(47,1),(47,4),(47,7),(48,1),(48,1),(48,7),(49,1),(49,4),(49,6),(50,1),(50,5),(50,7),(51,1),(51,4),(51,7);

--
-- Table structure for table `jb_jobs_skills`
--

CREATE TABLE `jb_jobs_skills` (
  `job_id` bigint unsigned NOT NULL,
  `job_skill_id` bigint unsigned NOT NULL
) ENGINE=InnoDB DEFAULT CHARSET=utf8mb4 COLLATE=utf8mb4_unicode_ci;

--
-- Dumping data for table `jb_jobs_skills`
--

INSERT INTO `jb_jobs_skills` VALUES (1,2),(2,2),(3,2),(4,3),(5,5),(6,1),(7,1),(8,2),(9,6),(10,5),(11,3),(12,3),(13,4),(14,1),(15,3),(16,3),(17,5),(18,2),(19,6),(20,2),(21,4),(22,5),(23,1),(24,5),(25,3),(26,3),(27,6),(28,3),(29,2),(30,4),(31,1),(32,5),(33,6),(34,6),(35,1),(36,4),(37,4),(38,4),(39,4),(40,4),(41,4),(42,2),(43,6),(44,1),(45,1),(46,3),(47,2),(48,3),(49,5),(50,6),(51,2);

--
-- Table structure for table `jb_jobs_tags`
--

CREATE TABLE `jb_jobs_tags` (
  `job_id` bigint unsigned NOT NULL,
  `tag_id` bigint unsigned NOT NULL,
  PRIMARY KEY (`job_id`,`tag_id`),
  KEY `jb_jobs_tags_job_id_index` (`job_id`),
  KEY `jb_jobs_tags_tag_id_index` (`tag_id`)
) ENGINE=InnoDB DEFAULT CHARSET=utf8mb4 COLLATE=utf8mb4_unicode_ci;

--
-- Dumping data for table `jb_jobs_tags`
--

INSERT INTO `jb_jobs_tags` VALUES (1,4),(1,6),(2,3),(2,5),(3,2),(3,5),(4,3),(4,8),(5,4),(5,5),(6,4),(6,8),(7,4),(7,8),(8,1),(8,7),(9,1),(9,5),(10,2),(10,5),(11,3),(11,7),(12,1),(12,5),(13,4),(13,6),(14,4),(14,6),(15,1),(15,7),(16,3),(16,7),(17,3),(17,7),(18,4),(18,5),(19,1),(19,5),(20,4),(20,8),(21,2),(21,8),(22,3),(22,6),(23,1),(23,6),(24,4),(24,7),(25,4),(25,8),(26,3),(26,7),(27,3),(27,5),(28,1),(28,6),(29,1),(29,6),(30,4),(30,5),(31,1),(31,8),(32,4),(32,6),(33,1),(33,7),(34,3),(34,7),(35,2),(35,8),(36,3),(36,6),(37,2),(37,5),(38,1),(38,8),(39,1),(39,8),(40,1),(40,6),(41,1),(41,6),(42,3),(42,5),(43,4),(43,5),(44,3),(44,5),(45,3),(45,5),(46,3),(46,5),(47,3),(47,6),(48,2),(48,7),(49,4),(49,7),(50,1),(50,8),(51,1),(51,8);

--
-- Table structure for table `jb_jobs_translations`
--

CREATE TABLE `jb_jobs_translations` (
  `lang_code` varchar(191) COLLATE utf8mb4_unicode_ci NOT NULL,
  `jb_jobs_id` bigint unsigned NOT NULL,
  `name` varchar(255) COLLATE utf8mb4_unicode_ci DEFAULT NULL,
  `description` varchar(400) COLLATE utf8mb4_unicode_ci DEFAULT NULL,
  `content` longtext COLLATE utf8mb4_unicode_ci,
  PRIMARY KEY (`lang_code`,`jb_jobs_id`)
) ENGINE=InnoDB DEFAULT CHARSET=utf8mb4 COLLATE=utf8mb4_unicode_ci;

--
-- Dumping data for table `jb_jobs_translations`
--

INSERT INTO `jb_jobs_translations` VALUES ('vi',1,'Thiết kế UI / UX','Eum et aut non nostrum error. Aliquid repellat minus voluptatem. Velit sed est tenetur laudantium similique repellendus doloremque. Dolore repellat occaecati illum quis nemo est.','<h5> Trách nhiệm </h5>\n            <div>\n                <p>Với tư cách là Nhà thiết kế sản phẩm, bạn sẽ làm việc trong Nhóm phân phối sản phẩm kết hợp với UX, kỹ thuật, sản phẩm và tài năng dữ liệu. </p>\n                <ul>\n                    <li>Có kiến thức vững chắc về các hoạt động thương mại. </li>\n                    <li>Xây dựng các ứng dụng web thế hệ tiếp theo tập trung vào phía khách hàng </li>\n                    <li>Làm việc trên nhiều dự án cùng một lúc và luôn đáp ứng các thời hạn dự thảo </li>\n                    <li>Đã tốt nghiệp hoặc đang trong bất kỳ năm học nào </li>\n                    <li>Chỉnh sửa công việc của các nhà thiết kế trước để tạo ra một thẩm mỹ thống nhất cho các vật liệu thương hiệu của chúng tôi </li>\n                </ul>\n            </div>\n            <h5> Chứng chỉ </h5>\n            <div>\n                <ul>\n                    <li>B.C.A / M.C.A trong khoá học của Đại học Quốc gia đã hoàn thành. </li>\n                    <li>3 năm kinh nghiệm thiết kế chuyên nghiệp trở lên </li>\n                    <li>Đã tốt nghiệp hoặc đang trong bất kỳ năm học nào </li>\n                    <li>Bằng cấp cao hoặc kinh nghiệm tương đương trong thiết kế đồ họa và web </li>\n                </ul>\n            </div>'),('vi',2,'Lập trình viên full stack','Quaerat eius sit architecto quia suscipit quia porro accusantium. Ipsam odio voluptatibus necessitatibus sit sunt consectetur rem.','<h5> Trách nhiệm </h5>\n            <div>\n                <p>Với tư cách là Nhà thiết kế sản phẩm, bạn sẽ làm việc trong Nhóm phân phối sản phẩm kết hợp với UX, kỹ thuật, sản phẩm và tài năng dữ liệu. </p>\n                <ul>\n                    <li>Có kiến thức vững chắc về các hoạt động thương mại. </li>\n                    <li>Xây dựng các ứng dụng web thế hệ tiếp theo tập trung vào phía khách hàng </li>\n                    <li>Làm việc trên nhiều dự án cùng một lúc và luôn đáp ứng các thời hạn dự thảo </li>\n                    <li>Đã tốt nghiệp hoặc đang trong bất kỳ năm học nào </li>\n                    <li>Chỉnh sửa công việc của các nhà thiết kế trước để tạo ra một thẩm mỹ thống nhất cho các vật liệu thương hiệu của chúng tôi </li>\n                </ul>\n            </div>\n            <h5> Chứng chỉ </h5>\n            <div>\n                <ul>\n                    <li>B.C.A / M.C.A trong khoá học của Đại học Quốc gia đã hoàn thành. </li>\n                    <li>3 năm kinh nghiệm thiết kế chuyên nghiệp trở lên </li>\n                    <li>Đã tốt nghiệp hoặc đang trong bất kỳ năm học nào </li>\n                    <li>Bằng cấp cao hoặc kinh nghiệm tương đương trong thiết kế đồ họa và web </li>\n                </ul>\n            </div>'),('vi',3,'Lập trình viên Java','Est sunt quaerat dolore. Dolore tempora sit sunt. Vitae expedita eligendi totam ad. Voluptas occaecati sit eligendi voluptas error magnam.','<h5> Trách nhiệm </h5>\n            <div>\n                <p>Với tư cách là Nhà thiết kế sản phẩm, bạn sẽ làm việc trong Nhóm phân phối sản phẩm kết hợp với UX, kỹ thuật, sản phẩm và tài năng dữ liệu. </p>\n                <ul>\n                    <li>Có kiến thức vững chắc về các hoạt động thương mại. </li>\n                    <li>Xây dựng các ứng dụng web thế hệ tiếp theo tập trung vào phía khách hàng </li>\n                    <li>Làm việc trên nhiều dự án cùng một lúc và luôn đáp ứng các thời hạn dự thảo </li>\n                    <li>Đã tốt nghiệp hoặc đang trong bất kỳ năm học nào </li>\n                    <li>Chỉnh sửa công việc của các nhà thiết kế trước để tạo ra một thẩm mỹ thống nhất cho các vật liệu thương hiệu của chúng tôi </li>\n                </ul>\n            </div>\n            <h5> Chứng chỉ </h5>\n            <div>\n                <ul>\n                    <li>B.C.A / M.C.A trong khoá học của Đại học Quốc gia đã hoàn thành. </li>\n                    <li>3 năm kinh nghiệm thiết kế chuyên nghiệp trở lên </li>\n                    <li>Đã tốt nghiệp hoặc đang trong bất kỳ năm học nào </li>\n                    <li>Bằng cấp cao hoặc kinh nghiệm tương đương trong thiết kế đồ họa và web </li>\n                </ul>\n            </div>'),('vi',4,'Quản lý tiếp thị online','Rerum aut voluptatem vel similique. In ipsum excepturi quis possimus. Officiis perferendis aut dignissimos aspernatur porro voluptas ducimus tempore.','<h5> Trách nhiệm </h5>\n            <div>\n                <p>Với tư cách là Nhà thiết kế sản phẩm, bạn sẽ làm việc trong Nhóm phân phối sản phẩm kết hợp với UX, kỹ thuật, sản phẩm và tài năng dữ liệu. </p>\n                <ul>\n                    <li>Có kiến thức vững chắc về các hoạt động thương mại. </li>\n                    <li>Xây dựng các ứng dụng web thế hệ tiếp theo tập trung vào phía khách hàng </li>\n                    <li>Làm việc trên nhiều dự án cùng một lúc và luôn đáp ứng các thời hạn dự thảo </li>\n                    <li>Đã tốt nghiệp hoặc đang trong bất kỳ năm học nào </li>\n                    <li>Chỉnh sửa công việc của các nhà thiết kế trước để tạo ra một thẩm mỹ thống nhất cho các vật liệu thương hiệu của chúng tôi </li>\n                </ul>\n            </div>\n            <h5> Chứng chỉ </h5>\n            <div>\n                <ul>\n                    <li>B.C.A / M.C.A trong khoá học của Đại học Quốc gia đã hoàn thành. </li>\n                    <li>3 năm kinh nghiệm thiết kế chuyên nghiệp trở lên </li>\n                    <li>Đã tốt nghiệp hoặc đang trong bất kỳ năm học nào </li>\n                    <li>Bằng cấp cao hoặc kinh nghiệm tương đương trong thiết kế đồ họa và web </li>\n                </ul>\n            </div>'),('vi',5,'Lập trình viên frontend','Rerum et labore tenetur nobis quas. Expedita in quae perferendis qui amet est quam nesciunt. Ratione aut eligendi omnis.','<h5> Trách nhiệm </h5>\n            <div>\n                <p>Với tư cách là Nhà thiết kế sản phẩm, bạn sẽ làm việc trong Nhóm phân phối sản phẩm kết hợp với UX, kỹ thuật, sản phẩm và tài năng dữ liệu. </p>\n                <ul>\n                    <li>Có kiến thức vững chắc về các hoạt động thương mại. </li>\n                    <li>Xây dựng các ứng dụng web thế hệ tiếp theo tập trung vào phía khách hàng </li>\n                    <li>Làm việc trên nhiều dự án cùng một lúc và luôn đáp ứng các thời hạn dự thảo </li>\n                    <li>Đã tốt nghiệp hoặc đang trong bất kỳ năm học nào </li>\n                    <li>Chỉnh sửa công việc của các nhà thiết kế trước để tạo ra một thẩm mỹ thống nhất cho các vật liệu thương hiệu của chúng tôi </li>\n                </ul>\n            </div>\n            <h5> Chứng chỉ </h5>\n            <div>\n                <ul>\n                    <li>B.C.A / M.C.A trong khoá học của Đại học Quốc gia đã hoàn thành. </li>\n                    <li>3 năm kinh nghiệm thiết kế chuyên nghiệp trở lên </li>\n                    <li>Đã tốt nghiệp hoặc đang trong bất kỳ năm học nào </li>\n                    <li>Bằng cấp cao hoặc kinh nghiệm tương đương trong thiết kế đồ họa và web </li>\n                </ul>\n            </div>'),('vi',6,'Lập trình viên React Native','Nostrum eos aut molestias id molestiae eius. Necessitatibus fuga aliquid sint.','<h5> Trách nhiệm </h5>\n            <div>\n                <p>Với tư cách là Nhà thiết kế sản phẩm, bạn sẽ làm việc trong Nhóm phân phối sản phẩm kết hợp với UX, kỹ thuật, sản phẩm và tài năng dữ liệu. </p>\n                <ul>\n                    <li>Có kiến thức vững chắc về các hoạt động thương mại. </li>\n                    <li>Xây dựng các ứng dụng web thế hệ tiếp theo tập trung vào phía khách hàng </li>\n                    <li>Làm việc trên nhiều dự án cùng một lúc và luôn đáp ứng các thời hạn dự thảo </li>\n                    <li>Đã tốt nghiệp hoặc đang trong bất kỳ năm học nào </li>\n                    <li>Chỉnh sửa công việc của các nhà thiết kế trước để tạo ra một thẩm mỹ thống nhất cho các vật liệu thương hiệu của chúng tôi </li>\n                </ul>\n            </div>\n            <h5> Chứng chỉ </h5>\n            <div>\n                <ul>\n                    <li>B.C.A / M.C.A trong khoá học của Đại học Quốc gia đã hoàn thành. </li>\n                    <li>3 năm kinh nghiệm thiết kế chuyên nghiệp trở lên </li>\n                    <li>Đã tốt nghiệp hoặc đang trong bất kỳ năm học nào </li>\n                    <li>Bằng cấp cao hoặc kinh nghiệm tương đương trong thiết kế đồ họa và web </li>\n                </ul>\n            </div>'),('vi',7,'Senior kỹ sư hệ thống','Labore eveniet nam aut id. Vero tempora debitis qui aut qui rerum praesentium. Iusto commodi est exercitationem et.','<h5> Trách nhiệm </h5>\n            <div>\n                <p>Với tư cách là Nhà thiết kế sản phẩm, bạn sẽ làm việc trong Nhóm phân phối sản phẩm kết hợp với UX, kỹ thuật, sản phẩm và tài năng dữ liệu. </p>\n                <ul>\n                    <li>Có kiến thức vững chắc về các hoạt động thương mại. </li>\n                    <li>Xây dựng các ứng dụng web thế hệ tiếp theo tập trung vào phía khách hàng </li>\n                    <li>Làm việc trên nhiều dự án cùng một lúc và luôn đáp ứng các thời hạn dự thảo </li>\n                    <li>Đã tốt nghiệp hoặc đang trong bất kỳ năm học nào </li>\n                    <li>Chỉnh sửa công việc của các nhà thiết kế trước để tạo ra một thẩm mỹ thống nhất cho các vật liệu thương hiệu của chúng tôi </li>\n                </ul>\n            </div>\n            <h5> Chứng chỉ </h5>\n            <div>\n                <ul>\n                    <li>B.C.A / M.C.A trong khoá học của Đại học Quốc gia đã hoàn thành. </li>\n                    <li>3 năm kinh nghiệm thiết kế chuyên nghiệp trở lên </li>\n                    <li>Đã tốt nghiệp hoặc đang trong bất kỳ năm học nào </li>\n                    <li>Bằng cấp cao hoặc kinh nghiệm tương đương trong thiết kế đồ họa và web </li>\n                </ul>\n            </div>'),('vi',8,'Quản lý sản phẩm','Minus molestiae vel ut dolorem. Reprehenderit sed sunt amet molestiae et et ut. Ut rerum tempore corrupti eligendi molestiae unde fugiat veniam. Autem harum et omnis totam perspiciatis.','<h5> Trách nhiệm </h5>\n            <div>\n                <p>Với tư cách là Nhà thiết kế sản phẩm, bạn sẽ làm việc trong Nhóm phân phối sản phẩm kết hợp với UX, kỹ thuật, sản phẩm và tài năng dữ liệu. </p>\n                <ul>\n                    <li>Có kiến thức vững chắc về các hoạt động thương mại. </li>\n                    <li>Xây dựng các ứng dụng web thế hệ tiếp theo tập trung vào phía khách hàng </li>\n                    <li>Làm việc trên nhiều dự án cùng một lúc và luôn đáp ứng các thời hạn dự thảo </li>\n                    <li>Đã tốt nghiệp hoặc đang trong bất kỳ năm học nào </li>\n                    <li>Chỉnh sửa công việc của các nhà thiết kế trước để tạo ra một thẩm mỹ thống nhất cho các vật liệu thương hiệu của chúng tôi </li>\n                </ul>\n            </div>\n            <h5> Chứng chỉ </h5>\n            <div>\n                <ul>\n                    <li>B.C.A / M.C.A trong khoá học của Đại học Quốc gia đã hoàn thành. </li>\n                    <li>3 năm kinh nghiệm thiết kế chuyên nghiệp trở lên </li>\n                    <li>Đã tốt nghiệp hoặc đang trong bất kỳ năm học nào </li>\n                    <li>Bằng cấp cao hoặc kinh nghiệm tương đương trong thiết kế đồ họa và web </li>\n                </ul>\n            </div>'),('vi',9,'Nhà thiết kế hệ thống','Eos aut labore hic sint qui accusamus maiores. Maxime provident sapiente animi ea. Quia voluptatum consectetur saepe officia sit. Et et hic natus.','<h5> Trách nhiệm </h5>\n            <div>\n                <p>Với tư cách là Nhà thiết kế sản phẩm, bạn sẽ làm việc trong Nhóm phân phối sản phẩm kết hợp với UX, kỹ thuật, sản phẩm và tài năng dữ liệu. </p>\n                <ul>\n                    <li>Có kiến thức vững chắc về các hoạt động thương mại. </li>\n                    <li>Xây dựng các ứng dụng web thế hệ tiếp theo tập trung vào phía khách hàng </li>\n                    <li>Làm việc trên nhiều dự án cùng một lúc và luôn đáp ứng các thời hạn dự thảo </li>\n                    <li>Đã tốt nghiệp hoặc đang trong bất kỳ năm học nào </li>\n                    <li>Chỉnh sửa công việc của các nhà thiết kế trước để tạo ra một thẩm mỹ thống nhất cho các vật liệu thương hiệu của chúng tôi </li>\n                </ul>\n            </div>\n            <h5> Chứng chỉ </h5>\n            <div>\n                <ul>\n                    <li>B.C.A / M.C.A trong khoá học của Đại học Quốc gia đã hoàn thành. </li>\n                    <li>3 năm kinh nghiệm thiết kế chuyên nghiệp trở lên </li>\n                    <li>Đã tốt nghiệp hoặc đang trong bất kỳ năm học nào </li>\n                    <li>Bằng cấp cao hoặc kinh nghiệm tương đương trong thiết kế đồ họa và web </li>\n                </ul>\n            </div>'),('vi',10,'Kiến trúc sư DevOps','Molestias neque alias eos sapiente atque. Voluptatem quo molestias qui cupiditate explicabo. Facere dolor voluptate unde. Possimus asperiores velit rem et.','<h5> Trách nhiệm </h5>\n            <div>\n                <p>Với tư cách là Nhà thiết kế sản phẩm, bạn sẽ làm việc trong Nhóm phân phối sản phẩm kết hợp với UX, kỹ thuật, sản phẩm và tài năng dữ liệu. </p>\n                <ul>\n                    <li>Có kiến thức vững chắc về các hoạt động thương mại. </li>\n                    <li>Xây dựng các ứng dụng web thế hệ tiếp theo tập trung vào phía khách hàng </li>\n                    <li>Làm việc trên nhiều dự án cùng một lúc và luôn đáp ứng các thời hạn dự thảo </li>\n                    <li>Đã tốt nghiệp hoặc đang trong bất kỳ năm học nào </li>\n                    <li>Chỉnh sửa công việc của các nhà thiết kế trước để tạo ra một thẩm mỹ thống nhất cho các vật liệu thương hiệu của chúng tôi </li>\n                </ul>\n            </div>\n            <h5> Chứng chỉ </h5>\n            <div>\n                <ul>\n                    <li>B.C.A / M.C.A trong khoá học của Đại học Quốc gia đã hoàn thành. </li>\n                    <li>3 năm kinh nghiệm thiết kế chuyên nghiệp trở lên </li>\n                    <li>Đã tốt nghiệp hoặc đang trong bất kỳ năm học nào </li>\n                    <li>Bằng cấp cao hoặc kinh nghiệm tương đương trong thiết kế đồ họa và web </li>\n                </ul>\n            </div>'),('vi',11,'Kỹ sư phần mềm cao cấp, npm CLI','Debitis amet est distinctio porro qui sit. Et doloremque eius voluptatibus unde. Et laboriosam quod ducimus nobis necessitatibus iste est. Est reiciendis at corporis inventore labore.','<h5> Trách nhiệm </h5>\n            <div>\n                <p>Với tư cách là Nhà thiết kế sản phẩm, bạn sẽ làm việc trong Nhóm phân phối sản phẩm kết hợp với UX, kỹ thuật, sản phẩm và tài năng dữ liệu. </p>\n                <ul>\n                    <li>Có kiến thức vững chắc về các hoạt động thương mại. </li>\n                    <li>Xây dựng các ứng dụng web thế hệ tiếp theo tập trung vào phía khách hàng </li>\n                    <li>Làm việc trên nhiều dự án cùng một lúc và luôn đáp ứng các thời hạn dự thảo </li>\n                    <li>Đã tốt nghiệp hoặc đang trong bất kỳ năm học nào </li>\n                    <li>Chỉnh sửa công việc của các nhà thiết kế trước để tạo ra một thẩm mỹ thống nhất cho các vật liệu thương hiệu của chúng tôi </li>\n                </ul>\n            </div>\n            <h5> Chứng chỉ </h5>\n            <div>\n                <ul>\n                    <li>B.C.A / M.C.A trong khoá học của Đại học Quốc gia đã hoàn thành. </li>\n                    <li>3 năm kinh nghiệm thiết kế chuyên nghiệp trở lên </li>\n                    <li>Đã tốt nghiệp hoặc đang trong bất kỳ năm học nào </li>\n                    <li>Bằng cấp cao hoặc kinh nghiệm tương đương trong thiết kế đồ họa và web </li>\n                </ul>\n            </div>'),('vi',12,'Kỹ sư hệ thống cao cấp','Quam est odit nemo qui. Voluptatem repudiandae sapiente sapiente ut similique. Placeat maiores quis quas sint.','<h5> Trách nhiệm </h5>\n            <div>\n                <p>Với tư cách là Nhà thiết kế sản phẩm, bạn sẽ làm việc trong Nhóm phân phối sản phẩm kết hợp với UX, kỹ thuật, sản phẩm và tài năng dữ liệu. </p>\n                <ul>\n                    <li>Có kiến thức vững chắc về các hoạt động thương mại. </li>\n                    <li>Xây dựng các ứng dụng web thế hệ tiếp theo tập trung vào phía khách hàng </li>\n                    <li>Làm việc trên nhiều dự án cùng một lúc và luôn đáp ứng các thời hạn dự thảo </li>\n                    <li>Đã tốt nghiệp hoặc đang trong bất kỳ năm học nào </li>\n                    <li>Chỉnh sửa công việc của các nhà thiết kế trước để tạo ra một thẩm mỹ thống nhất cho các vật liệu thương hiệu của chúng tôi </li>\n                </ul>\n            </div>\n            <h5> Chứng chỉ </h5>\n            <div>\n                <ul>\n                    <li>B.C.A / M.C.A trong khoá học của Đại học Quốc gia đã hoàn thành. </li>\n                    <li>3 năm kinh nghiệm thiết kế chuyên nghiệp trở lên </li>\n                    <li>Đã tốt nghiệp hoặc đang trong bất kỳ năm học nào </li>\n                    <li>Bằng cấp cao hoặc kinh nghiệm tương đương trong thiết kế đồ họa và web </li>\n                </ul>\n            </div>'),('vi',13,'Kỹ sư phần mềm nền tảng hành động','Id molestiae occaecati velit dolor rerum itaque deserunt. Sunt dolores est neque delectus reiciendis necessitatibus. Aut id perferendis ullam.','<h5> Trách nhiệm </h5>\n            <div>\n                <p>Với tư cách là Nhà thiết kế sản phẩm, bạn sẽ làm việc trong Nhóm phân phối sản phẩm kết hợp với UX, kỹ thuật, sản phẩm và tài năng dữ liệu. </p>\n                <ul>\n                    <li>Có kiến thức vững chắc về các hoạt động thương mại. </li>\n                    <li>Xây dựng các ứng dụng web thế hệ tiếp theo tập trung vào phía khách hàng </li>\n                    <li>Làm việc trên nhiều dự án cùng một lúc và luôn đáp ứng các thời hạn dự thảo </li>\n                    <li>Đã tốt nghiệp hoặc đang trong bất kỳ năm học nào </li>\n                    <li>Chỉnh sửa công việc của các nhà thiết kế trước để tạo ra một thẩm mỹ thống nhất cho các vật liệu thương hiệu của chúng tôi </li>\n                </ul>\n            </div>\n            <h5> Chứng chỉ </h5>\n            <div>\n                <ul>\n                    <li>B.C.A / M.C.A trong khoá học của Đại học Quốc gia đã hoàn thành. </li>\n                    <li>3 năm kinh nghiệm thiết kế chuyên nghiệp trở lên </li>\n                    <li>Đã tốt nghiệp hoặc đang trong bất kỳ năm học nào </li>\n                    <li>Bằng cấp cao hoặc kinh nghiệm tương đương trong thiết kế đồ họa và web </li>\n                </ul>\n            </div>'),('vi',14,'Nhân viên Quản lý Kỹ thuật, Actions','Delectus laboriosam sequi possimus accusamus. Quidem tempora sint voluptatum debitis accusantium et quos. Asperiores dignissimos suscipit quia ex quos.','<h5> Trách nhiệm </h5>\n            <div>\n                <p>Với tư cách là Nhà thiết kế sản phẩm, bạn sẽ làm việc trong Nhóm phân phối sản phẩm kết hợp với UX, kỹ thuật, sản phẩm và tài năng dữ liệu. </p>\n                <ul>\n                    <li>Có kiến thức vững chắc về các hoạt động thương mại. </li>\n                    <li>Xây dựng các ứng dụng web thế hệ tiếp theo tập trung vào phía khách hàng </li>\n                    <li>Làm việc trên nhiều dự án cùng một lúc và luôn đáp ứng các thời hạn dự thảo </li>\n                    <li>Đã tốt nghiệp hoặc đang trong bất kỳ năm học nào </li>\n                    <li>Chỉnh sửa công việc của các nhà thiết kế trước để tạo ra một thẩm mỹ thống nhất cho các vật liệu thương hiệu của chúng tôi </li>\n                </ul>\n            </div>\n            <h5> Chứng chỉ </h5>\n            <div>\n                <ul>\n                    <li>B.C.A / M.C.A trong khoá học của Đại học Quốc gia đã hoàn thành. </li>\n                    <li>3 năm kinh nghiệm thiết kế chuyên nghiệp trở lên </li>\n                    <li>Đã tốt nghiệp hoặc đang trong bất kỳ năm học nào </li>\n                    <li>Bằng cấp cao hoặc kinh nghiệm tương đương trong thiết kế đồ họa và web </li>\n                </ul>\n            </div>'),('vi',15,'Nhân viên Quản lý Kỹ thuật: Actions Runtime','Neque voluptates nam nisi vel. Ea quas ipsa nisi aut consequatur est. Nemo animi est eligendi excepturi.','<h5> Trách nhiệm </h5>\n            <div>\n                <p>Với tư cách là Nhà thiết kế sản phẩm, bạn sẽ làm việc trong Nhóm phân phối sản phẩm kết hợp với UX, kỹ thuật, sản phẩm và tài năng dữ liệu. </p>\n                <ul>\n                    <li>Có kiến thức vững chắc về các hoạt động thương mại. </li>\n                    <li>Xây dựng các ứng dụng web thế hệ tiếp theo tập trung vào phía khách hàng </li>\n                    <li>Làm việc trên nhiều dự án cùng một lúc và luôn đáp ứng các thời hạn dự thảo </li>\n                    <li>Đã tốt nghiệp hoặc đang trong bất kỳ năm học nào </li>\n                    <li>Chỉnh sửa công việc của các nhà thiết kế trước để tạo ra một thẩm mỹ thống nhất cho các vật liệu thương hiệu của chúng tôi </li>\n                </ul>\n            </div>\n            <h5> Chứng chỉ </h5>\n            <div>\n                <ul>\n                    <li>B.C.A / M.C.A trong khoá học của Đại học Quốc gia đã hoàn thành. </li>\n                    <li>3 năm kinh nghiệm thiết kế chuyên nghiệp trở lên </li>\n                    <li>Đã tốt nghiệp hoặc đang trong bất kỳ năm học nào </li>\n                    <li>Bằng cấp cao hoặc kinh nghiệm tương đương trong thiết kế đồ họa và web </li>\n                </ul>\n            </div>'),('vi',16,'Nhân viên Trưởng phòng Kỹ thuật, Packages','Molestiae omnis eaque officia alias cumque. Quae aliquam eos sint officiis. Maxime cum molestiae exercitationem quisquam sit quae.','<h5> Trách nhiệm </h5>\n            <div>\n                <p>Với tư cách là Nhà thiết kế sản phẩm, bạn sẽ làm việc trong Nhóm phân phối sản phẩm kết hợp với UX, kỹ thuật, sản phẩm và tài năng dữ liệu. </p>\n                <ul>\n                    <li>Có kiến thức vững chắc về các hoạt động thương mại. </li>\n                    <li>Xây dựng các ứng dụng web thế hệ tiếp theo tập trung vào phía khách hàng </li>\n                    <li>Làm việc trên nhiều dự án cùng một lúc và luôn đáp ứng các thời hạn dự thảo </li>\n                    <li>Đã tốt nghiệp hoặc đang trong bất kỳ năm học nào </li>\n                    <li>Chỉnh sửa công việc của các nhà thiết kế trước để tạo ra một thẩm mỹ thống nhất cho các vật liệu thương hiệu của chúng tôi </li>\n                </ul>\n            </div>\n            <h5> Chứng chỉ </h5>\n            <div>\n                <ul>\n                    <li>B.C.A / M.C.A trong khoá học của Đại học Quốc gia đã hoàn thành. </li>\n                    <li>3 năm kinh nghiệm thiết kế chuyên nghiệp trở lên </li>\n                    <li>Đã tốt nghiệp hoặc đang trong bất kỳ năm học nào </li>\n                    <li>Bằng cấp cao hoặc kinh nghiệm tương đương trong thiết kế đồ họa và web </li>\n                </ul>\n            </div>'),('vi',17,'Nhân viên Kỹ sư phần mềm','Placeat molestiae voluptate tempora adipisci nesciunt quis. Natus veniam vel velit deleniti. Mollitia quia sed molestiae harum occaecati mollitia delectus.','<h5> Trách nhiệm </h5>\n            <div>\n                <p>Với tư cách là Nhà thiết kế sản phẩm, bạn sẽ làm việc trong Nhóm phân phối sản phẩm kết hợp với UX, kỹ thuật, sản phẩm và tài năng dữ liệu. </p>\n                <ul>\n                    <li>Có kiến thức vững chắc về các hoạt động thương mại. </li>\n                    <li>Xây dựng các ứng dụng web thế hệ tiếp theo tập trung vào phía khách hàng </li>\n                    <li>Làm việc trên nhiều dự án cùng một lúc và luôn đáp ứng các thời hạn dự thảo </li>\n                    <li>Đã tốt nghiệp hoặc đang trong bất kỳ năm học nào </li>\n                    <li>Chỉnh sửa công việc của các nhà thiết kế trước để tạo ra một thẩm mỹ thống nhất cho các vật liệu thương hiệu của chúng tôi </li>\n                </ul>\n            </div>\n            <h5> Chứng chỉ </h5>\n            <div>\n                <ul>\n                    <li>B.C.A / M.C.A trong khoá học của Đại học Quốc gia đã hoàn thành. </li>\n                    <li>3 năm kinh nghiệm thiết kế chuyên nghiệp trở lên </li>\n                    <li>Đã tốt nghiệp hoặc đang trong bất kỳ năm học nào </li>\n                    <li>Bằng cấp cao hoặc kinh nghiệm tương đương trong thiết kế đồ họa và web </li>\n                </ul>\n            </div>'),('vi',18,'Kỹ sư phần mềm hệ thống','Illum at omnis perferendis non. Est sint ea culpa. Velit qui inventore animi. Expedita maiores cupiditate est rerum qui veritatis.','<h5> Trách nhiệm </h5>\n            <div>\n                <p>Với tư cách là Nhà thiết kế sản phẩm, bạn sẽ làm việc trong Nhóm phân phối sản phẩm kết hợp với UX, kỹ thuật, sản phẩm và tài năng dữ liệu. </p>\n                <ul>\n                    <li>Có kiến thức vững chắc về các hoạt động thương mại. </li>\n                    <li>Xây dựng các ứng dụng web thế hệ tiếp theo tập trung vào phía khách hàng </li>\n                    <li>Làm việc trên nhiều dự án cùng một lúc và luôn đáp ứng các thời hạn dự thảo </li>\n                    <li>Đã tốt nghiệp hoặc đang trong bất kỳ năm học nào </li>\n                    <li>Chỉnh sửa công việc của các nhà thiết kế trước để tạo ra một thẩm mỹ thống nhất cho các vật liệu thương hiệu của chúng tôi </li>\n                </ul>\n            </div>\n            <h5> Chứng chỉ </h5>\n            <div>\n                <ul>\n                    <li>B.C.A / M.C.A trong khoá học của Đại học Quốc gia đã hoàn thành. </li>\n                    <li>3 năm kinh nghiệm thiết kế chuyên nghiệp trở lên </li>\n                    <li>Đã tốt nghiệp hoặc đang trong bất kỳ năm học nào </li>\n                    <li>Bằng cấp cao hoặc kinh nghiệm tương đương trong thiết kế đồ họa và web </li>\n                </ul>\n            </div>'),('vi',19,'Chuyên viên phân tích bồi thường cao cấp','Quia provident neque delectus rerum. A numquam sint autem. Et eum aspernatur totam mollitia. Architecto sunt consequatur veritatis eum.','<h5> Trách nhiệm </h5>\n            <div>\n                <p>Với tư cách là Nhà thiết kế sản phẩm, bạn sẽ làm việc trong Nhóm phân phối sản phẩm kết hợp với UX, kỹ thuật, sản phẩm và tài năng dữ liệu. </p>\n                <ul>\n                    <li>Có kiến thức vững chắc về các hoạt động thương mại. </li>\n                    <li>Xây dựng các ứng dụng web thế hệ tiếp theo tập trung vào phía khách hàng </li>\n                    <li>Làm việc trên nhiều dự án cùng một lúc và luôn đáp ứng các thời hạn dự thảo </li>\n                    <li>Đã tốt nghiệp hoặc đang trong bất kỳ năm học nào </li>\n                    <li>Chỉnh sửa công việc của các nhà thiết kế trước để tạo ra một thẩm mỹ thống nhất cho các vật liệu thương hiệu của chúng tôi </li>\n                </ul>\n            </div>\n            <h5> Chứng chỉ </h5>\n            <div>\n                <ul>\n                    <li>B.C.A / M.C.A trong khoá học của Đại học Quốc gia đã hoàn thành. </li>\n                    <li>3 năm kinh nghiệm thiết kế chuyên nghiệp trở lên </li>\n                    <li>Đã tốt nghiệp hoặc đang trong bất kỳ năm học nào </li>\n                    <li>Bằng cấp cao hoặc kinh nghiệm tương đương trong thiết kế đồ họa và web </li>\n                </ul>\n            </div>'),('vi',20,'Người quản lý chương trình Accessibility cấp cao','Quam inventore ratione rerum possimus ab. Omnis optio tempora repellat suscipit quia quos. Debitis quia error quo enim molestiae.','<h5> Trách nhiệm </h5>\n            <div>\n                <p>Với tư cách là Nhà thiết kế sản phẩm, bạn sẽ làm việc trong Nhóm phân phối sản phẩm kết hợp với UX, kỹ thuật, sản phẩm và tài năng dữ liệu. </p>\n                <ul>\n                    <li>Có kiến thức vững chắc về các hoạt động thương mại. </li>\n                    <li>Xây dựng các ứng dụng web thế hệ tiếp theo tập trung vào phía khách hàng </li>\n                    <li>Làm việc trên nhiều dự án cùng một lúc và luôn đáp ứng các thời hạn dự thảo </li>\n                    <li>Đã tốt nghiệp hoặc đang trong bất kỳ năm học nào </li>\n                    <li>Chỉnh sửa công việc của các nhà thiết kế trước để tạo ra một thẩm mỹ thống nhất cho các vật liệu thương hiệu của chúng tôi </li>\n                </ul>\n            </div>\n            <h5> Chứng chỉ </h5>\n            <div>\n                <ul>\n                    <li>B.C.A / M.C.A trong khoá học của Đại học Quốc gia đã hoàn thành. </li>\n                    <li>3 năm kinh nghiệm thiết kế chuyên nghiệp trở lên </li>\n                    <li>Đã tốt nghiệp hoặc đang trong bất kỳ năm học nào </li>\n                    <li>Bằng cấp cao hoặc kinh nghiệm tương đương trong thiết kế đồ họa và web </li>\n                </ul>\n            </div>'),('vi',21,'Giám đốc quan hệ phân tích, Bảo mật ứng dụng','Laudantium sit ducimus fuga quasi ut cumque. Molestiae nihil cumque tempore ab illo rerum. Facere voluptatibus et tempora magnam. Sit quis minima porro itaque est.','<h5> Trách nhiệm </h5>\n            <div>\n                <p>Với tư cách là Nhà thiết kế sản phẩm, bạn sẽ làm việc trong Nhóm phân phối sản phẩm kết hợp với UX, kỹ thuật, sản phẩm và tài năng dữ liệu. </p>\n                <ul>\n                    <li>Có kiến thức vững chắc về các hoạt động thương mại. </li>\n                    <li>Xây dựng các ứng dụng web thế hệ tiếp theo tập trung vào phía khách hàng </li>\n                    <li>Làm việc trên nhiều dự án cùng một lúc và luôn đáp ứng các thời hạn dự thảo </li>\n                    <li>Đã tốt nghiệp hoặc đang trong bất kỳ năm học nào </li>\n                    <li>Chỉnh sửa công việc của các nhà thiết kế trước để tạo ra một thẩm mỹ thống nhất cho các vật liệu thương hiệu của chúng tôi </li>\n                </ul>\n            </div>\n            <h5> Chứng chỉ </h5>\n            <div>\n                <ul>\n                    <li>B.C.A / M.C.A trong khoá học của Đại học Quốc gia đã hoàn thành. </li>\n                    <li>3 năm kinh nghiệm thiết kế chuyên nghiệp trở lên </li>\n                    <li>Đã tốt nghiệp hoặc đang trong bất kỳ năm học nào </li>\n                    <li>Bằng cấp cao hoặc kinh nghiệm tương đương trong thiết kế đồ họa và web </li>\n                </ul>\n            </div>'),('vi',22,'Advocate doanh nghiệp cấp cao, EMEA','Error ea nisi rerum debitis dolorum incidunt. Omnis ut assumenda rerum illo omnis. Aut reiciendis ex est pariatur aut dignissimos et.','<h5> Trách nhiệm </h5>\n            <div>\n                <p>Với tư cách là Nhà thiết kế sản phẩm, bạn sẽ làm việc trong Nhóm phân phối sản phẩm kết hợp với UX, kỹ thuật, sản phẩm và tài năng dữ liệu. </p>\n                <ul>\n                    <li>Có kiến thức vững chắc về các hoạt động thương mại. </li>\n                    <li>Xây dựng các ứng dụng web thế hệ tiếp theo tập trung vào phía khách hàng </li>\n                    <li>Làm việc trên nhiều dự án cùng một lúc và luôn đáp ứng các thời hạn dự thảo </li>\n                    <li>Đã tốt nghiệp hoặc đang trong bất kỳ năm học nào </li>\n                    <li>Chỉnh sửa công việc của các nhà thiết kế trước để tạo ra một thẩm mỹ thống nhất cho các vật liệu thương hiệu của chúng tôi </li>\n                </ul>\n            </div>\n            <h5> Chứng chỉ </h5>\n            <div>\n                <ul>\n                    <li>B.C.A / M.C.A trong khoá học của Đại học Quốc gia đã hoàn thành. </li>\n                    <li>3 năm kinh nghiệm thiết kế chuyên nghiệp trở lên </li>\n                    <li>Đã tốt nghiệp hoặc đang trong bất kỳ năm học nào </li>\n                    <li>Bằng cấp cao hoặc kinh nghiệm tương đương trong thiết kế đồ họa và web </li>\n                </ul>\n            </div>'),('vi',23,'Quản lý bàn giao dịch','Asperiores repellendus illum similique placeat. Provident sit dolores debitis ducimus. Ipsum laborum inventore velit sapiente quibusdam.','<h5> Trách nhiệm </h5>\n            <div>\n                <p>Với tư cách là Nhà thiết kế sản phẩm, bạn sẽ làm việc trong Nhóm phân phối sản phẩm kết hợp với UX, kỹ thuật, sản phẩm và tài năng dữ liệu. </p>\n                <ul>\n                    <li>Có kiến thức vững chắc về các hoạt động thương mại. </li>\n                    <li>Xây dựng các ứng dụng web thế hệ tiếp theo tập trung vào phía khách hàng </li>\n                    <li>Làm việc trên nhiều dự án cùng một lúc và luôn đáp ứng các thời hạn dự thảo </li>\n                    <li>Đã tốt nghiệp hoặc đang trong bất kỳ năm học nào </li>\n                    <li>Chỉnh sửa công việc của các nhà thiết kế trước để tạo ra một thẩm mỹ thống nhất cho các vật liệu thương hiệu của chúng tôi </li>\n                </ul>\n            </div>\n            <h5> Chứng chỉ </h5>\n            <div>\n                <ul>\n                    <li>B.C.A / M.C.A trong khoá học của Đại học Quốc gia đã hoàn thành. </li>\n                    <li>3 năm kinh nghiệm thiết kế chuyên nghiệp trở lên </li>\n                    <li>Đã tốt nghiệp hoặc đang trong bất kỳ năm học nào </li>\n                    <li>Bằng cấp cao hoặc kinh nghiệm tương đương trong thiết kế đồ họa và web </li>\n                </ul>\n            </div>'),('vi',24,'Giám đốc, Bồi thường doanh thu','Aut voluptas eius laboriosam aliquam et beatae omnis. Ratione aliquid repudiandae voluptatem rem qui nobis. Tempora corporis ea quos necessitatibus aut.','<h5> Trách nhiệm </h5>\n            <div>\n                <p>Với tư cách là Nhà thiết kế sản phẩm, bạn sẽ làm việc trong Nhóm phân phối sản phẩm kết hợp với UX, kỹ thuật, sản phẩm và tài năng dữ liệu. </p>\n                <ul>\n                    <li>Có kiến thức vững chắc về các hoạt động thương mại. </li>\n                    <li>Xây dựng các ứng dụng web thế hệ tiếp theo tập trung vào phía khách hàng </li>\n                    <li>Làm việc trên nhiều dự án cùng một lúc và luôn đáp ứng các thời hạn dự thảo </li>\n                    <li>Đã tốt nghiệp hoặc đang trong bất kỳ năm học nào </li>\n                    <li>Chỉnh sửa công việc của các nhà thiết kế trước để tạo ra một thẩm mỹ thống nhất cho các vật liệu thương hiệu của chúng tôi </li>\n                </ul>\n            </div>\n            <h5> Chứng chỉ </h5>\n            <div>\n                <ul>\n                    <li>B.C.A / M.C.A trong khoá học của Đại học Quốc gia đã hoàn thành. </li>\n                    <li>3 năm kinh nghiệm thiết kế chuyên nghiệp trở lên </li>\n                    <li>Đã tốt nghiệp hoặc đang trong bất kỳ năm học nào </li>\n                    <li>Bằng cấp cao hoặc kinh nghiệm tương đương trong thiết kế đồ họa và web </li>\n                </ul>\n            </div>'),('vi',25,'Quản lý chương trình','Non sunt ut eius aperiam quia. Itaque aut corporis voluptas et labore. Animi similique et molestias.','<h5> Trách nhiệm </h5>\n            <div>\n                <p>Với tư cách là Nhà thiết kế sản phẩm, bạn sẽ làm việc trong Nhóm phân phối sản phẩm kết hợp với UX, kỹ thuật, sản phẩm và tài năng dữ liệu. </p>\n                <ul>\n                    <li>Có kiến thức vững chắc về các hoạt động thương mại. </li>\n                    <li>Xây dựng các ứng dụng web thế hệ tiếp theo tập trung vào phía khách hàng </li>\n                    <li>Làm việc trên nhiều dự án cùng một lúc và luôn đáp ứng các thời hạn dự thảo </li>\n                    <li>Đã tốt nghiệp hoặc đang trong bất kỳ năm học nào </li>\n                    <li>Chỉnh sửa công việc của các nhà thiết kế trước để tạo ra một thẩm mỹ thống nhất cho các vật liệu thương hiệu của chúng tôi </li>\n                </ul>\n            </div>\n            <h5> Chứng chỉ </h5>\n            <div>\n                <ul>\n                    <li>B.C.A / M.C.A trong khoá học của Đại học Quốc gia đã hoàn thành. </li>\n                    <li>3 năm kinh nghiệm thiết kế chuyên nghiệp trở lên </li>\n                    <li>Đã tốt nghiệp hoặc đang trong bất kỳ năm học nào </li>\n                    <li>Bằng cấp cao hoặc kinh nghiệm tương đương trong thiết kế đồ họa và web </li>\n                </ul>\n            </div>'),('vi',26,'Sr. Manager, Deal Desk - INTL','Repudiandae neque et tenetur eius non minus voluptates sint. Ut dolores iste modi aut et nulla aut sed. Est et dolor enim voluptate. Tenetur quasi non id unde. Ratione cum laborum aut sit.','<h5> Trách nhiệm </h5>\n            <div>\n                <p>Với tư cách là Nhà thiết kế sản phẩm, bạn sẽ làm việc trong Nhóm phân phối sản phẩm kết hợp với UX, kỹ thuật, sản phẩm và tài năng dữ liệu. </p>\n                <ul>\n                    <li>Có kiến thức vững chắc về các hoạt động thương mại. </li>\n                    <li>Xây dựng các ứng dụng web thế hệ tiếp theo tập trung vào phía khách hàng </li>\n                    <li>Làm việc trên nhiều dự án cùng một lúc và luôn đáp ứng các thời hạn dự thảo </li>\n                    <li>Đã tốt nghiệp hoặc đang trong bất kỳ năm học nào </li>\n                    <li>Chỉnh sửa công việc của các nhà thiết kế trước để tạo ra một thẩm mỹ thống nhất cho các vật liệu thương hiệu của chúng tôi </li>\n                </ul>\n            </div>\n            <h5> Chứng chỉ </h5>\n            <div>\n                <ul>\n                    <li>B.C.A / M.C.A trong khoá học của Đại học Quốc gia đã hoàn thành. </li>\n                    <li>3 năm kinh nghiệm thiết kế chuyên nghiệp trở lên </li>\n                    <li>Đã tốt nghiệp hoặc đang trong bất kỳ năm học nào </li>\n                    <li>Bằng cấp cao hoặc kinh nghiệm tương đương trong thiết kế đồ họa và web </li>\n                </ul>\n            </div>'),('vi',27,'Giám đốc cấp cao, Quản lý sản phẩm và Dịch vụ điện toán','Rerum minus eaque laudantium atque. Expedita quas tenetur natus illo perspiciatis quaerat quod. Id doloremque asperiores nobis tenetur quidem et. Quos rem rerum temporibus temporibus alias rerum in.','<h5> Trách nhiệm </h5>\n            <div>\n                <p>Với tư cách là Nhà thiết kế sản phẩm, bạn sẽ làm việc trong Nhóm phân phối sản phẩm kết hợp với UX, kỹ thuật, sản phẩm và tài năng dữ liệu. </p>\n                <ul>\n                    <li>Có kiến thức vững chắc về các hoạt động thương mại. </li>\n                    <li>Xây dựng các ứng dụng web thế hệ tiếp theo tập trung vào phía khách hàng </li>\n                    <li>Làm việc trên nhiều dự án cùng một lúc và luôn đáp ứng các thời hạn dự thảo </li>\n                    <li>Đã tốt nghiệp hoặc đang trong bất kỳ năm học nào </li>\n                    <li>Chỉnh sửa công việc của các nhà thiết kế trước để tạo ra một thẩm mỹ thống nhất cho các vật liệu thương hiệu của chúng tôi </li>\n                </ul>\n            </div>\n            <h5> Chứng chỉ </h5>\n            <div>\n                <ul>\n                    <li>B.C.A / M.C.A trong khoá học của Đại học Quốc gia đã hoàn thành. </li>\n                    <li>3 năm kinh nghiệm thiết kế chuyên nghiệp trở lên </li>\n                    <li>Đã tốt nghiệp hoặc đang trong bất kỳ năm học nào </li>\n                    <li>Bằng cấp cao hoặc kinh nghiệm tương đương trong thiết kế đồ họa và web </li>\n                </ul>\n            </div>'),('vi',28,'Giám đốc Alliances','Officiis tempore sequi quia hic reiciendis expedita error. Accusamus tenetur alias nostrum. Omnis ut dolor velit enim pariatur aut quo.','<h5> Trách nhiệm </h5>\n            <div>\n                <p>Với tư cách là Nhà thiết kế sản phẩm, bạn sẽ làm việc trong Nhóm phân phối sản phẩm kết hợp với UX, kỹ thuật, sản phẩm và tài năng dữ liệu. </p>\n                <ul>\n                    <li>Có kiến thức vững chắc về các hoạt động thương mại. </li>\n                    <li>Xây dựng các ứng dụng web thế hệ tiếp theo tập trung vào phía khách hàng </li>\n                    <li>Làm việc trên nhiều dự án cùng một lúc và luôn đáp ứng các thời hạn dự thảo </li>\n                    <li>Đã tốt nghiệp hoặc đang trong bất kỳ năm học nào </li>\n                    <li>Chỉnh sửa công việc của các nhà thiết kế trước để tạo ra một thẩm mỹ thống nhất cho các vật liệu thương hiệu của chúng tôi </li>\n                </ul>\n            </div>\n            <h5> Chứng chỉ </h5>\n            <div>\n                <ul>\n                    <li>B.C.A / M.C.A trong khoá học của Đại học Quốc gia đã hoàn thành. </li>\n                    <li>3 năm kinh nghiệm thiết kế chuyên nghiệp trở lên </li>\n                    <li>Đã tốt nghiệp hoặc đang trong bất kỳ năm học nào </li>\n                    <li>Bằng cấp cao hoặc kinh nghiệm tương đương trong thiết kế đồ họa và web </li>\n                </ul>\n            </div>'),('vi',29,'Đại diện bán hàng của công ty','Saepe sunt sint praesentium nostrum aperiam natus. Omnis magnam non reprehenderit velit nemo qui cumque similique. Eligendi quisquam sapiente quis magni voluptate.','<h5> Trách nhiệm </h5>\n            <div>\n                <p>Với tư cách là Nhà thiết kế sản phẩm, bạn sẽ làm việc trong Nhóm phân phối sản phẩm kết hợp với UX, kỹ thuật, sản phẩm và tài năng dữ liệu. </p>\n                <ul>\n                    <li>Có kiến thức vững chắc về các hoạt động thương mại. </li>\n                    <li>Xây dựng các ứng dụng web thế hệ tiếp theo tập trung vào phía khách hàng </li>\n                    <li>Làm việc trên nhiều dự án cùng một lúc và luôn đáp ứng các thời hạn dự thảo </li>\n                    <li>Đã tốt nghiệp hoặc đang trong bất kỳ năm học nào </li>\n                    <li>Chỉnh sửa công việc của các nhà thiết kế trước để tạo ra một thẩm mỹ thống nhất cho các vật liệu thương hiệu của chúng tôi </li>\n                </ul>\n            </div>\n            <h5> Chứng chỉ </h5>\n            <div>\n                <ul>\n                    <li>B.C.A / M.C.A trong khoá học của Đại học Quốc gia đã hoàn thành. </li>\n                    <li>3 năm kinh nghiệm thiết kế chuyên nghiệp trở lên </li>\n                    <li>Đã tốt nghiệp hoặc đang trong bất kỳ năm học nào </li>\n                    <li>Bằng cấp cao hoặc kinh nghiệm tương đương trong thiết kế đồ họa và web </li>\n                </ul>\n            </div>'),('vi',30,'Lãnh đạo đất nước','Provident sed molestias officia molestiae laboriosam quasi odio fugiat. Quis dolorem ut totam. Et quasi rerum veritatis rerum quisquam sequi. Velit harum ipsam velit illo eius quas.','<h5> Trách nhiệm </h5>\n            <div>\n                <p>Với tư cách là Nhà thiết kế sản phẩm, bạn sẽ làm việc trong Nhóm phân phối sản phẩm kết hợp với UX, kỹ thuật, sản phẩm và tài năng dữ liệu. </p>\n                <ul>\n                    <li>Có kiến thức vững chắc về các hoạt động thương mại. </li>\n                    <li>Xây dựng các ứng dụng web thế hệ tiếp theo tập trung vào phía khách hàng </li>\n                    <li>Làm việc trên nhiều dự án cùng một lúc và luôn đáp ứng các thời hạn dự thảo </li>\n                    <li>Đã tốt nghiệp hoặc đang trong bất kỳ năm học nào </li>\n                    <li>Chỉnh sửa công việc của các nhà thiết kế trước để tạo ra một thẩm mỹ thống nhất cho các vật liệu thương hiệu của chúng tôi </li>\n                </ul>\n            </div>\n            <h5> Chứng chỉ </h5>\n            <div>\n                <ul>\n                    <li>B.C.A / M.C.A trong khoá học của Đại học Quốc gia đã hoàn thành. </li>\n                    <li>3 năm kinh nghiệm thiết kế chuyên nghiệp trở lên </li>\n                    <li>Đã tốt nghiệp hoặc đang trong bất kỳ năm học nào </li>\n                    <li>Bằng cấp cao hoặc kinh nghiệm tương đương trong thiết kế đồ họa và web </li>\n                </ul>\n            </div>'),('vi',31,'Kiến trúc sư khách hàng','Error quasi optio quia ipsum sit et. Ut porro expedita rerum hic velit atque nam iusto. Dignissimos est iusto occaecati voluptatem eos quia aut.','<h5> Trách nhiệm </h5>\n            <div>\n                <p>Với tư cách là Nhà thiết kế sản phẩm, bạn sẽ làm việc trong Nhóm phân phối sản phẩm kết hợp với UX, kỹ thuật, sản phẩm và tài năng dữ liệu. </p>\n                <ul>\n                    <li>Có kiến thức vững chắc về các hoạt động thương mại. </li>\n                    <li>Xây dựng các ứng dụng web thế hệ tiếp theo tập trung vào phía khách hàng </li>\n                    <li>Làm việc trên nhiều dự án cùng một lúc và luôn đáp ứng các thời hạn dự thảo </li>\n                    <li>Đã tốt nghiệp hoặc đang trong bất kỳ năm học nào </li>\n                    <li>Chỉnh sửa công việc của các nhà thiết kế trước để tạo ra một thẩm mỹ thống nhất cho các vật liệu thương hiệu của chúng tôi </li>\n                </ul>\n            </div>\n            <h5> Chứng chỉ </h5>\n            <div>\n                <ul>\n                    <li>B.C.A / M.C.A trong khoá học của Đại học Quốc gia đã hoàn thành. </li>\n                    <li>3 năm kinh nghiệm thiết kế chuyên nghiệp trở lên </li>\n                    <li>Đã tốt nghiệp hoặc đang trong bất kỳ năm học nào </li>\n                    <li>Bằng cấp cao hoặc kinh nghiệm tương đương trong thiết kế đồ họa và web </li>\n                </ul>\n            </div>'),('vi',32,'Nhân viên điều hành tài khoản DevOps','Modi et sed possimus quis sunt. Consequuntur et commodi illo accusamus vitae itaque. Laborum quo commodi pariatur alias nisi quod doloribus et.','<h5> Trách nhiệm </h5>\n            <div>\n                <p>Với tư cách là Nhà thiết kế sản phẩm, bạn sẽ làm việc trong Nhóm phân phối sản phẩm kết hợp với UX, kỹ thuật, sản phẩm và tài năng dữ liệu. </p>\n                <ul>\n                    <li>Có kiến thức vững chắc về các hoạt động thương mại. </li>\n                    <li>Xây dựng các ứng dụng web thế hệ tiếp theo tập trung vào phía khách hàng </li>\n                    <li>Làm việc trên nhiều dự án cùng một lúc và luôn đáp ứng các thời hạn dự thảo </li>\n                    <li>Đã tốt nghiệp hoặc đang trong bất kỳ năm học nào </li>\n                    <li>Chỉnh sửa công việc của các nhà thiết kế trước để tạo ra một thẩm mỹ thống nhất cho các vật liệu thương hiệu của chúng tôi </li>\n                </ul>\n            </div>\n            <h5> Chứng chỉ </h5>\n            <div>\n                <ul>\n                    <li>B.C.A / M.C.A trong khoá học của Đại học Quốc gia đã hoàn thành. </li>\n                    <li>3 năm kinh nghiệm thiết kế chuyên nghiệp trở lên </li>\n                    <li>Đã tốt nghiệp hoặc đang trong bất kỳ năm học nào </li>\n                    <li>Bằng cấp cao hoặc kinh nghiệm tương đương trong thiết kế đồ họa và web </li>\n                </ul>\n            </div>'),('vi',33,'Kế toán doanh nghiệp','Rerum et voluptatum ut ut. Distinctio velit vero modi excepturi labore voluptas officiis nihil. Consectetur non et et eos. Amet non illo nesciunt.','<h5> Trách nhiệm </h5>\n            <div>\n                <p>Với tư cách là Nhà thiết kế sản phẩm, bạn sẽ làm việc trong Nhóm phân phối sản phẩm kết hợp với UX, kỹ thuật, sản phẩm và tài năng dữ liệu. </p>\n                <ul>\n                    <li>Có kiến thức vững chắc về các hoạt động thương mại. </li>\n                    <li>Xây dựng các ứng dụng web thế hệ tiếp theo tập trung vào phía khách hàng </li>\n                    <li>Làm việc trên nhiều dự án cùng một lúc và luôn đáp ứng các thời hạn dự thảo </li>\n                    <li>Đã tốt nghiệp hoặc đang trong bất kỳ năm học nào </li>\n                    <li>Chỉnh sửa công việc của các nhà thiết kế trước để tạo ra một thẩm mỹ thống nhất cho các vật liệu thương hiệu của chúng tôi </li>\n                </ul>\n            </div>\n            <h5> Chứng chỉ </h5>\n            <div>\n                <ul>\n                    <li>B.C.A / M.C.A trong khoá học của Đại học Quốc gia đã hoàn thành. </li>\n                    <li>3 năm kinh nghiệm thiết kế chuyên nghiệp trở lên </li>\n                    <li>Đã tốt nghiệp hoặc đang trong bất kỳ năm học nào </li>\n                    <li>Bằng cấp cao hoặc kinh nghiệm tương đương trong thiết kế đồ họa và web </li>\n                </ul>\n            </div>'),('vi',34,'Giám đốc kỹ thuật cấp cao, Kỹ thuật bảo mật sản phẩm','Aut ut enim rerum adipisci. Dicta sit id quia voluptas itaque et. Cupiditate qui est vero cupiditate voluptatem nulla.','<h5> Trách nhiệm </h5>\n            <div>\n                <p>Với tư cách là Nhà thiết kế sản phẩm, bạn sẽ làm việc trong Nhóm phân phối sản phẩm kết hợp với UX, kỹ thuật, sản phẩm và tài năng dữ liệu. </p>\n                <ul>\n                    <li>Có kiến thức vững chắc về các hoạt động thương mại. </li>\n                    <li>Xây dựng các ứng dụng web thế hệ tiếp theo tập trung vào phía khách hàng </li>\n                    <li>Làm việc trên nhiều dự án cùng một lúc và luôn đáp ứng các thời hạn dự thảo </li>\n                    <li>Đã tốt nghiệp hoặc đang trong bất kỳ năm học nào </li>\n                    <li>Chỉnh sửa công việc của các nhà thiết kế trước để tạo ra một thẩm mỹ thống nhất cho các vật liệu thương hiệu của chúng tôi </li>\n                </ul>\n            </div>\n            <h5> Chứng chỉ </h5>\n            <div>\n                <ul>\n                    <li>B.C.A / M.C.A trong khoá học của Đại học Quốc gia đã hoàn thành. </li>\n                    <li>3 năm kinh nghiệm thiết kế chuyên nghiệp trở lên </li>\n                    <li>Đã tốt nghiệp hoặc đang trong bất kỳ năm học nào </li>\n                    <li>Bằng cấp cao hoặc kinh nghiệm tương đương trong thiết kế đồ họa và web </li>\n                </ul>\n            </div>'),('vi',35,'Kỹ sư độ tin cậy của khách hàng III','A aperiam neque vitae totam pariatur et. Doloremque qui itaque repellat autem unde suscipit. Voluptatem aliquam quia eos harum nihil sit.','<h5> Trách nhiệm </h5>\n            <div>\n                <p>Với tư cách là Nhà thiết kế sản phẩm, bạn sẽ làm việc trong Nhóm phân phối sản phẩm kết hợp với UX, kỹ thuật, sản phẩm và tài năng dữ liệu. </p>\n                <ul>\n                    <li>Có kiến thức vững chắc về các hoạt động thương mại. </li>\n                    <li>Xây dựng các ứng dụng web thế hệ tiếp theo tập trung vào phía khách hàng </li>\n                    <li>Làm việc trên nhiều dự án cùng một lúc và luôn đáp ứng các thời hạn dự thảo </li>\n                    <li>Đã tốt nghiệp hoặc đang trong bất kỳ năm học nào </li>\n                    <li>Chỉnh sửa công việc của các nhà thiết kế trước để tạo ra một thẩm mỹ thống nhất cho các vật liệu thương hiệu của chúng tôi </li>\n                </ul>\n            </div>\n            <h5> Chứng chỉ </h5>\n            <div>\n                <ul>\n                    <li>B.C.A / M.C.A trong khoá học của Đại học Quốc gia đã hoàn thành. </li>\n                    <li>3 năm kinh nghiệm thiết kế chuyên nghiệp trở lên </li>\n                    <li>Đã tốt nghiệp hoặc đang trong bất kỳ năm học nào </li>\n                    <li>Bằng cấp cao hoặc kinh nghiệm tương đương trong thiết kế đồ họa và web </li>\n                </ul>\n            </div>'),('vi',36,'Kỹ sư hỗ trợ (Tiếng Nhật hỗ trợ doanh nghiệp)','Repudiandae culpa maxime ut possimus commodi ea. Pariatur adipisci tempora eius voluptatem vel maxime. Porro est beatae debitis eum consequuntur.','<h5> Trách nhiệm </h5>\n            <div>\n                <p>Với tư cách là Nhà thiết kế sản phẩm, bạn sẽ làm việc trong Nhóm phân phối sản phẩm kết hợp với UX, kỹ thuật, sản phẩm và tài năng dữ liệu. </p>\n                <ul>\n                    <li>Có kiến thức vững chắc về các hoạt động thương mại. </li>\n                    <li>Xây dựng các ứng dụng web thế hệ tiếp theo tập trung vào phía khách hàng </li>\n                    <li>Làm việc trên nhiều dự án cùng một lúc và luôn đáp ứng các thời hạn dự thảo </li>\n                    <li>Đã tốt nghiệp hoặc đang trong bất kỳ năm học nào </li>\n                    <li>Chỉnh sửa công việc của các nhà thiết kế trước để tạo ra một thẩm mỹ thống nhất cho các vật liệu thương hiệu của chúng tôi </li>\n                </ul>\n            </div>\n            <h5> Chứng chỉ </h5>\n            <div>\n                <ul>\n                    <li>B.C.A / M.C.A trong khoá học của Đại học Quốc gia đã hoàn thành. </li>\n                    <li>3 năm kinh nghiệm thiết kế chuyên nghiệp trở lên </li>\n                    <li>Đã tốt nghiệp hoặc đang trong bất kỳ năm học nào </li>\n                    <li>Bằng cấp cao hoặc kinh nghiệm tương đương trong thiết kế đồ họa và web </li>\n                </ul>\n            </div>'),('vi',37,'Giám đốc đối tác kỹ thuật','Alias facilis perferendis non at vel consequatur. Harum facere corrupti quasi aut dicta deserunt natus. Culpa earum sit debitis at at quo. Sunt eum dicta similique labore maxime ad.','<h5> Trách nhiệm </h5>\n            <div>\n                <p>Với tư cách là Nhà thiết kế sản phẩm, bạn sẽ làm việc trong Nhóm phân phối sản phẩm kết hợp với UX, kỹ thuật, sản phẩm và tài năng dữ liệu. </p>\n                <ul>\n                    <li>Có kiến thức vững chắc về các hoạt động thương mại. </li>\n                    <li>Xây dựng các ứng dụng web thế hệ tiếp theo tập trung vào phía khách hàng </li>\n                    <li>Làm việc trên nhiều dự án cùng một lúc và luôn đáp ứng các thời hạn dự thảo </li>\n                    <li>Đã tốt nghiệp hoặc đang trong bất kỳ năm học nào </li>\n                    <li>Chỉnh sửa công việc của các nhà thiết kế trước để tạo ra một thẩm mỹ thống nhất cho các vật liệu thương hiệu của chúng tôi </li>\n                </ul>\n            </div>\n            <h5> Chứng chỉ </h5>\n            <div>\n                <ul>\n                    <li>B.C.A / M.C.A trong khoá học của Đại học Quốc gia đã hoàn thành. </li>\n                    <li>3 năm kinh nghiệm thiết kế chuyên nghiệp trở lên </li>\n                    <li>Đã tốt nghiệp hoặc đang trong bất kỳ năm học nào </li>\n                    <li>Bằng cấp cao hoặc kinh nghiệm tương đương trong thiết kế đồ họa và web </li>\n                </ul>\n            </div>'),('vi',38,'Quản lý tài khoản nội bộ','Vel voluptatibus saepe totam. Et qui sed expedita ipsum qui eligendi tenetur. Commodi architecto id exercitationem tempora ea odit.','<h5> Trách nhiệm </h5>\n            <div>\n                <p>Với tư cách là Nhà thiết kế sản phẩm, bạn sẽ làm việc trong Nhóm phân phối sản phẩm kết hợp với UX, kỹ thuật, sản phẩm và tài năng dữ liệu. </p>\n                <ul>\n                    <li>Có kiến thức vững chắc về các hoạt động thương mại. </li>\n                    <li>Xây dựng các ứng dụng web thế hệ tiếp theo tập trung vào phía khách hàng </li>\n                    <li>Làm việc trên nhiều dự án cùng một lúc và luôn đáp ứng các thời hạn dự thảo </li>\n                    <li>Đã tốt nghiệp hoặc đang trong bất kỳ năm học nào </li>\n                    <li>Chỉnh sửa công việc của các nhà thiết kế trước để tạo ra một thẩm mỹ thống nhất cho các vật liệu thương hiệu của chúng tôi </li>\n                </ul>\n            </div>\n            <h5> Chứng chỉ </h5>\n            <div>\n                <ul>\n                    <li>B.C.A / M.C.A trong khoá học của Đại học Quốc gia đã hoàn thành. </li>\n                    <li>3 năm kinh nghiệm thiết kế chuyên nghiệp trở lên </li>\n                    <li>Đã tốt nghiệp hoặc đang trong bất kỳ năm học nào </li>\n                    <li>Bằng cấp cao hoặc kinh nghiệm tương đương trong thiết kế đồ họa và web </li>\n                </ul>\n            </div>'),('vi',39,'Đại diện kinh doanh dịch vụ','Doloremque dolorem velit facilis exercitationem. Nulla sit vel deserunt possimus saepe quae saepe. Quod non autem atque molestiae.','<h5> Trách nhiệm </h5>\n            <div>\n                <p>Với tư cách là Nhà thiết kế sản phẩm, bạn sẽ làm việc trong Nhóm phân phối sản phẩm kết hợp với UX, kỹ thuật, sản phẩm và tài năng dữ liệu. </p>\n                <ul>\n                    <li>Có kiến thức vững chắc về các hoạt động thương mại. </li>\n                    <li>Xây dựng các ứng dụng web thế hệ tiếp theo tập trung vào phía khách hàng </li>\n                    <li>Làm việc trên nhiều dự án cùng một lúc và luôn đáp ứng các thời hạn dự thảo </li>\n                    <li>Đã tốt nghiệp hoặc đang trong bất kỳ năm học nào </li>\n                    <li>Chỉnh sửa công việc của các nhà thiết kế trước để tạo ra một thẩm mỹ thống nhất cho các vật liệu thương hiệu của chúng tôi </li>\n                </ul>\n            </div>\n            <h5> Chứng chỉ </h5>\n            <div>\n                <ul>\n                    <li>B.C.A / M.C.A trong khoá học của Đại học Quốc gia đã hoàn thành. </li>\n                    <li>3 năm kinh nghiệm thiết kế chuyên nghiệp trở lên </li>\n                    <li>Đã tốt nghiệp hoặc đang trong bất kỳ năm học nào </li>\n                    <li>Bằng cấp cao hoặc kinh nghiệm tương đương trong thiết kế đồ họa và web </li>\n                </ul>\n            </div>'),('vi',40,'Giám đốc cung cấp dịch vụ','Ipsam ut esse ut ut sed possimus nesciunt. Deserunt et consequatur nemo delectus. Qui est ipsum cumque voluptatum placeat. Deserunt pariatur dolore temporibus earum consectetur.','<h5> Trách nhiệm </h5>\n            <div>\n                <p>Với tư cách là Nhà thiết kế sản phẩm, bạn sẽ làm việc trong Nhóm phân phối sản phẩm kết hợp với UX, kỹ thuật, sản phẩm và tài năng dữ liệu. </p>\n                <ul>\n                    <li>Có kiến thức vững chắc về các hoạt động thương mại. </li>\n                    <li>Xây dựng các ứng dụng web thế hệ tiếp theo tập trung vào phía khách hàng </li>\n                    <li>Làm việc trên nhiều dự án cùng một lúc và luôn đáp ứng các thời hạn dự thảo </li>\n                    <li>Đã tốt nghiệp hoặc đang trong bất kỳ năm học nào </li>\n                    <li>Chỉnh sửa công việc của các nhà thiết kế trước để tạo ra một thẩm mỹ thống nhất cho các vật liệu thương hiệu của chúng tôi </li>\n                </ul>\n            </div>\n            <h5> Chứng chỉ </h5>\n            <div>\n                <ul>\n                    <li>B.C.A / M.C.A trong khoá học của Đại học Quốc gia đã hoàn thành. </li>\n                    <li>3 năm kinh nghiệm thiết kế chuyên nghiệp trở lên </li>\n                    <li>Đã tốt nghiệp hoặc đang trong bất kỳ năm học nào </li>\n                    <li>Bằng cấp cao hoặc kinh nghiệm tương đương trong thiết kế đồ họa và web </li>\n                </ul>\n            </div>'),('vi',41,'Kỹ sư giải pháp cao cấp','Laudantium beatae ad doloribus adipisci. Aut harum omnis soluta officiis ipsum. Consequuntur sunt iste aliquid autem sunt sed. Ut commodi repellendus reiciendis explicabo molestias mollitia.','<h5> Trách nhiệm </h5>\n            <div>\n                <p>Với tư cách là Nhà thiết kế sản phẩm, bạn sẽ làm việc trong Nhóm phân phối sản phẩm kết hợp với UX, kỹ thuật, sản phẩm và tài năng dữ liệu. </p>\n                <ul>\n                    <li>Có kiến thức vững chắc về các hoạt động thương mại. </li>\n                    <li>Xây dựng các ứng dụng web thế hệ tiếp theo tập trung vào phía khách hàng </li>\n                    <li>Làm việc trên nhiều dự án cùng một lúc và luôn đáp ứng các thời hạn dự thảo </li>\n                    <li>Đã tốt nghiệp hoặc đang trong bất kỳ năm học nào </li>\n                    <li>Chỉnh sửa công việc của các nhà thiết kế trước để tạo ra một thẩm mỹ thống nhất cho các vật liệu thương hiệu của chúng tôi </li>\n                </ul>\n            </div>\n            <h5> Chứng chỉ </h5>\n            <div>\n                <ul>\n                    <li>B.C.A / M.C.A trong khoá học của Đại học Quốc gia đã hoàn thành. </li>\n                    <li>3 năm kinh nghiệm thiết kế chuyên nghiệp trở lên </li>\n                    <li>Đã tốt nghiệp hoặc đang trong bất kỳ năm học nào </li>\n                    <li>Bằng cấp cao hoặc kinh nghiệm tương đương trong thiết kế đồ họa và web </li>\n                </ul>\n            </div>'),('vi',42,'Kỹ sư cung cấp dịch vụ cao cấp','Quaerat pariatur dolor id voluptas voluptate. Inventore quod rerum dignissimos impedit. Aut vero in aut et et laborum. Animi exercitationem consequatur saepe sit.','<h5> Trách nhiệm </h5>\n            <div>\n                <p>Với tư cách là Nhà thiết kế sản phẩm, bạn sẽ làm việc trong Nhóm phân phối sản phẩm kết hợp với UX, kỹ thuật, sản phẩm và tài năng dữ liệu. </p>\n                <ul>\n                    <li>Có kiến thức vững chắc về các hoạt động thương mại. </li>\n                    <li>Xây dựng các ứng dụng web thế hệ tiếp theo tập trung vào phía khách hàng </li>\n                    <li>Làm việc trên nhiều dự án cùng một lúc và luôn đáp ứng các thời hạn dự thảo </li>\n                    <li>Đã tốt nghiệp hoặc đang trong bất kỳ năm học nào </li>\n                    <li>Chỉnh sửa công việc của các nhà thiết kế trước để tạo ra một thẩm mỹ thống nhất cho các vật liệu thương hiệu của chúng tôi </li>\n                </ul>\n            </div>\n            <h5> Chứng chỉ </h5>\n            <div>\n                <ul>\n                    <li>B.C.A / M.C.A trong khoá học của Đại học Quốc gia đã hoàn thành. </li>\n                    <li>3 năm kinh nghiệm thiết kế chuyên nghiệp trở lên </li>\n                    <li>Đã tốt nghiệp hoặc đang trong bất kỳ năm học nào </li>\n                    <li>Bằng cấp cao hoặc kinh nghiệm tương đương trong thiết kế đồ họa và web </li>\n                </ul>\n            </div>'),('vi',43,'Giám đốc cấp cao, Phát triển kinh doanh toàn cầu','Repellat illo asperiores nostrum. Voluptatem aut eum et dolorem suscipit illo. Maiores deleniti natus dolor qui aut cupiditate quia fugiat.','<h5> Trách nhiệm </h5>\n            <div>\n                <p>Với tư cách là Nhà thiết kế sản phẩm, bạn sẽ làm việc trong Nhóm phân phối sản phẩm kết hợp với UX, kỹ thuật, sản phẩm và tài năng dữ liệu. </p>\n                <ul>\n                    <li>Có kiến thức vững chắc về các hoạt động thương mại. </li>\n                    <li>Xây dựng các ứng dụng web thế hệ tiếp theo tập trung vào phía khách hàng </li>\n                    <li>Làm việc trên nhiều dự án cùng một lúc và luôn đáp ứng các thời hạn dự thảo </li>\n                    <li>Đã tốt nghiệp hoặc đang trong bất kỳ năm học nào </li>\n                    <li>Chỉnh sửa công việc của các nhà thiết kế trước để tạo ra một thẩm mỹ thống nhất cho các vật liệu thương hiệu của chúng tôi </li>\n                </ul>\n            </div>\n            <h5> Chứng chỉ </h5>\n            <div>\n                <ul>\n                    <li>B.C.A / M.C.A trong khoá học của Đại học Quốc gia đã hoàn thành. </li>\n                    <li>3 năm kinh nghiệm thiết kế chuyên nghiệp trở lên </li>\n                    <li>Đã tốt nghiệp hoặc đang trong bất kỳ năm học nào </li>\n                    <li>Bằng cấp cao hoặc kinh nghiệm tương đương trong thiết kế đồ họa và web </li>\n                </ul>\n            </div>'),('vi',44,'Giám đốc chương trình đối tác','Aut recusandae qui ea libero. Ab minus cum qui laborum. Nostrum placeat cupiditate et et officia omnis ad nihil.','<h5> Trách nhiệm </h5>\n            <div>\n                <p>Với tư cách là Nhà thiết kế sản phẩm, bạn sẽ làm việc trong Nhóm phân phối sản phẩm kết hợp với UX, kỹ thuật, sản phẩm và tài năng dữ liệu. </p>\n                <ul>\n                    <li>Có kiến thức vững chắc về các hoạt động thương mại. </li>\n                    <li>Xây dựng các ứng dụng web thế hệ tiếp theo tập trung vào phía khách hàng </li>\n                    <li>Làm việc trên nhiều dự án cùng một lúc và luôn đáp ứng các thời hạn dự thảo </li>\n                    <li>Đã tốt nghiệp hoặc đang trong bất kỳ năm học nào </li>\n                    <li>Chỉnh sửa công việc của các nhà thiết kế trước để tạo ra một thẩm mỹ thống nhất cho các vật liệu thương hiệu của chúng tôi </li>\n                </ul>\n            </div>\n            <h5> Chứng chỉ </h5>\n            <div>\n                <ul>\n                    <li>B.C.A / M.C.A trong khoá học của Đại học Quốc gia đã hoàn thành. </li>\n                    <li>3 năm kinh nghiệm thiết kế chuyên nghiệp trở lên </li>\n                    <li>Đã tốt nghiệp hoặc đang trong bất kỳ năm học nào </li>\n                    <li>Bằng cấp cao hoặc kinh nghiệm tương đương trong thiết kế đồ họa và web </li>\n                </ul>\n            </div>'),('vi',45,'Kỹ sư giải pháp đám mây chính','Et voluptas voluptatum eum et cupiditate. Ut ea voluptatum sed. Enim non vel et occaecati sed.','<h5> Trách nhiệm </h5>\n            <div>\n                <p>Với tư cách là Nhà thiết kế sản phẩm, bạn sẽ làm việc trong Nhóm phân phối sản phẩm kết hợp với UX, kỹ thuật, sản phẩm và tài năng dữ liệu. </p>\n                <ul>\n                    <li>Có kiến thức vững chắc về các hoạt động thương mại. </li>\n                    <li>Xây dựng các ứng dụng web thế hệ tiếp theo tập trung vào phía khách hàng </li>\n                    <li>Làm việc trên nhiều dự án cùng một lúc và luôn đáp ứng các thời hạn dự thảo </li>\n                    <li>Đã tốt nghiệp hoặc đang trong bất kỳ năm học nào </li>\n                    <li>Chỉnh sửa công việc của các nhà thiết kế trước để tạo ra một thẩm mỹ thống nhất cho các vật liệu thương hiệu của chúng tôi </li>\n                </ul>\n            </div>\n            <h5> Chứng chỉ </h5>\n            <div>\n                <ul>\n                    <li>B.C.A / M.C.A trong khoá học của Đại học Quốc gia đã hoàn thành. </li>\n                    <li>3 năm kinh nghiệm thiết kế chuyên nghiệp trở lên </li>\n                    <li>Đã tốt nghiệp hoặc đang trong bất kỳ năm học nào </li>\n                    <li>Bằng cấp cao hoặc kinh nghiệm tương đương trong thiết kế đồ họa và web </li>\n                </ul>\n            </div>'),('vi',46,'Kỹ sư giải pháp đám mây cao cấp','Nihil dolores harum voluptas vel quam accusamus. Provident tenetur ipsa dolore fugiat minus qui. Harum mollitia quam voluptas possimus corrupti. Distinctio nihil neque aut voluptatem.','<h5> Trách nhiệm </h5>\n            <div>\n                <p>Với tư cách là Nhà thiết kế sản phẩm, bạn sẽ làm việc trong Nhóm phân phối sản phẩm kết hợp với UX, kỹ thuật, sản phẩm và tài năng dữ liệu. </p>\n                <ul>\n                    <li>Có kiến thức vững chắc về các hoạt động thương mại. </li>\n                    <li>Xây dựng các ứng dụng web thế hệ tiếp theo tập trung vào phía khách hàng </li>\n                    <li>Làm việc trên nhiều dự án cùng một lúc và luôn đáp ứng các thời hạn dự thảo </li>\n                    <li>Đã tốt nghiệp hoặc đang trong bất kỳ năm học nào </li>\n                    <li>Chỉnh sửa công việc của các nhà thiết kế trước để tạo ra một thẩm mỹ thống nhất cho các vật liệu thương hiệu của chúng tôi </li>\n                </ul>\n            </div>\n            <h5> Chứng chỉ </h5>\n            <div>\n                <ul>\n                    <li>B.C.A / M.C.A trong khoá học của Đại học Quốc gia đã hoàn thành. </li>\n                    <li>3 năm kinh nghiệm thiết kế chuyên nghiệp trở lên </li>\n                    <li>Đã tốt nghiệp hoặc đang trong bất kỳ năm học nào </li>\n                    <li>Bằng cấp cao hoặc kinh nghiệm tương đương trong thiết kế đồ họa và web </li>\n                </ul>\n            </div>'),('vi',47,'Giám đốc khách hàng cao cấp','Vero aut est beatae cumque aliquam aliquam. Voluptas consequatur voluptates aut recusandae perferendis deleniti. Cumque quod accusantium ab laborum qui qui facilis et.','<h5> Trách nhiệm </h5>\n            <div>\n                <p>Với tư cách là Nhà thiết kế sản phẩm, bạn sẽ làm việc trong Nhóm phân phối sản phẩm kết hợp với UX, kỹ thuật, sản phẩm và tài năng dữ liệu. </p>\n                <ul>\n                    <li>Có kiến thức vững chắc về các hoạt động thương mại. </li>\n                    <li>Xây dựng các ứng dụng web thế hệ tiếp theo tập trung vào phía khách hàng </li>\n                    <li>Làm việc trên nhiều dự án cùng một lúc và luôn đáp ứng các thời hạn dự thảo </li>\n                    <li>Đã tốt nghiệp hoặc đang trong bất kỳ năm học nào </li>\n                    <li>Chỉnh sửa công việc của các nhà thiết kế trước để tạo ra một thẩm mỹ thống nhất cho các vật liệu thương hiệu của chúng tôi </li>\n                </ul>\n            </div>\n            <h5> Chứng chỉ </h5>\n            <div>\n                <ul>\n                    <li>B.C.A / M.C.A trong khoá học của Đại học Quốc gia đã hoàn thành. </li>\n                    <li>3 năm kinh nghiệm thiết kế chuyên nghiệp trở lên </li>\n                    <li>Đã tốt nghiệp hoặc đang trong bất kỳ năm học nào </li>\n                    <li>Bằng cấp cao hoặc kinh nghiệm tương đương trong thiết kế đồ họa và web </li>\n                </ul>\n            </div>'),('vi',48,'Quản lý tài khoản insider','Culpa magni omnis voluptate consequatur. Quod expedita et natus. Et consectetur dignissimos accusamus ipsa ut sed laudantium. Corporis sequi sunt laboriosam et.','<h5> Trách nhiệm </h5>\n            <div>\n                <p>Với tư cách là Nhà thiết kế sản phẩm, bạn sẽ làm việc trong Nhóm phân phối sản phẩm kết hợp với UX, kỹ thuật, sản phẩm và tài năng dữ liệu. </p>\n                <ul>\n                    <li>Có kiến thức vững chắc về các hoạt động thương mại. </li>\n                    <li>Xây dựng các ứng dụng web thế hệ tiếp theo tập trung vào phía khách hàng </li>\n                    <li>Làm việc trên nhiều dự án cùng một lúc và luôn đáp ứng các thời hạn dự thảo </li>\n                    <li>Đã tốt nghiệp hoặc đang trong bất kỳ năm học nào </li>\n                    <li>Chỉnh sửa công việc của các nhà thiết kế trước để tạo ra một thẩm mỹ thống nhất cho các vật liệu thương hiệu của chúng tôi </li>\n                </ul>\n            </div>\n            <h5> Chứng chỉ </h5>\n            <div>\n                <ul>\n                    <li>B.C.A / M.C.A trong khoá học của Đại học Quốc gia đã hoàn thành. </li>\n                    <li>3 năm kinh nghiệm thiết kế chuyên nghiệp trở lên </li>\n                    <li>Đã tốt nghiệp hoặc đang trong bất kỳ năm học nào </li>\n                    <li>Bằng cấp cao hoặc kinh nghiệm tương đương trong thiết kế đồ họa và web </li>\n                </ul>\n            </div>'),('vi',49,'UX Jobs Board','Eum dolore molestias in omnis enim excepturi tempore. Aut qui quidem ut dolores culpa rerum. Et aut at id soluta. Saepe vel voluptatibus non.','<h5> Trách nhiệm </h5>\n            <div>\n                <p>Với tư cách là Nhà thiết kế sản phẩm, bạn sẽ làm việc trong Nhóm phân phối sản phẩm kết hợp với UX, kỹ thuật, sản phẩm và tài năng dữ liệu. </p>\n                <ul>\n                    <li>Có kiến thức vững chắc về các hoạt động thương mại. </li>\n                    <li>Xây dựng các ứng dụng web thế hệ tiếp theo tập trung vào phía khách hàng </li>\n                    <li>Làm việc trên nhiều dự án cùng một lúc và luôn đáp ứng các thời hạn dự thảo </li>\n                    <li>Đã tốt nghiệp hoặc đang trong bất kỳ năm học nào </li>\n                    <li>Chỉnh sửa công việc của các nhà thiết kế trước để tạo ra một thẩm mỹ thống nhất cho các vật liệu thương hiệu của chúng tôi </li>\n                </ul>\n            </div>\n            <h5> Chứng chỉ </h5>\n            <div>\n                <ul>\n                    <li>B.C.A / M.C.A trong khoá học của Đại học Quốc gia đã hoàn thành. </li>\n                    <li>3 năm kinh nghiệm thiết kế chuyên nghiệp trở lên </li>\n                    <li>Đã tốt nghiệp hoặc đang trong bất kỳ năm học nào </li>\n                    <li>Bằng cấp cao hoặc kinh nghiệm tương đương trong thiết kế đồ họa và web </li>\n                </ul>\n            </div>'),('vi',50,'Lập trình viên Laravel Senior (TALL Stack)','Iste architecto tempora et nihil nemo aliquam. Et non rerum ducimus recusandae. Eos eos delectus et provident.','<h5> Trách nhiệm </h5>\n            <div>\n                <p>Với tư cách là Nhà thiết kế sản phẩm, bạn sẽ làm việc trong Nhóm phân phối sản phẩm kết hợp với UX, kỹ thuật, sản phẩm và tài năng dữ liệu. </p>\n                <ul>\n                    <li>Có kiến thức vững chắc về các hoạt động thương mại. </li>\n                    <li>Xây dựng các ứng dụng web thế hệ tiếp theo tập trung vào phía khách hàng </li>\n                    <li>Làm việc trên nhiều dự án cùng một lúc và luôn đáp ứng các thời hạn dự thảo </li>\n                    <li>Đã tốt nghiệp hoặc đang trong bất kỳ năm học nào </li>\n                    <li>Chỉnh sửa công việc của các nhà thiết kế trước để tạo ra một thẩm mỹ thống nhất cho các vật liệu thương hiệu của chúng tôi </li>\n                </ul>\n            </div>\n            <h5> Chứng chỉ </h5>\n            <div>\n                <ul>\n                    <li>B.C.A / M.C.A trong khoá học của Đại học Quốc gia đã hoàn thành. </li>\n                    <li>3 năm kinh nghiệm thiết kế chuyên nghiệp trở lên </li>\n                    <li>Đã tốt nghiệp hoặc đang trong bất kỳ năm học nào </li>\n                    <li>Bằng cấp cao hoặc kinh nghiệm tương đương trong thiết kế đồ họa và web </li>\n                </ul>\n            </div>');

--
-- Table structure for table `jb_jobs_types`
--

CREATE TABLE `jb_jobs_types` (
  `job_id` bigint unsigned NOT NULL,
  `job_type_id` bigint unsigned NOT NULL
) ENGINE=InnoDB DEFAULT CHARSET=utf8mb4 COLLATE=utf8mb4_unicode_ci;

--
-- Dumping data for table `jb_jobs_types`
--

INSERT INTO `jb_jobs_types` VALUES (1,4),(2,4),(3,1),(4,5),(5,1),(6,1),(7,4),(8,5),(9,2),(10,2),(11,4),(12,5),(13,1),(14,4),(15,2),(16,2),(17,3),(18,2),(19,2),(20,5),(21,3),(22,2),(23,2),(24,5),(25,2),(26,2),(27,5),(28,5),(29,2),(30,3),(31,2),(32,1),(33,2),(34,1),(35,2),(36,1),(37,2),(38,2),(39,4),(40,4),(41,3),(42,2),(43,5),(44,2),(45,1),(46,1),(47,2),(48,2),(49,3),(50,2),(51,3);

--
-- Table structure for table `jb_language_levels`
--

CREATE TABLE `jb_language_levels` (
  `id` bigint unsigned NOT NULL AUTO_INCREMENT,
  `name` varchar(120) COLLATE utf8mb4_unicode_ci NOT NULL,
  `order` tinyint NOT NULL DEFAULT '0',
  `is_default` tinyint unsigned NOT NULL DEFAULT '0',
  `status` varchar(60) COLLATE utf8mb4_unicode_ci NOT NULL DEFAULT 'published',
  `created_at` timestamp NULL DEFAULT NULL,
  `updated_at` timestamp NULL DEFAULT NULL,
  PRIMARY KEY (`id`)
) ENGINE=InnoDB AUTO_INCREMENT=4 DEFAULT CHARSET=utf8mb4 COLLATE=utf8mb4_unicode_ci;

--
-- Dumping data for table `jb_language_levels`
--

INSERT INTO `jb_language_levels` VALUES (1,'Expert',0,0,'published','2023-03-18 01:06:50','2023-03-18 01:06:50'),(2,'Intermediate',0,0,'published','2023-03-18 01:06:50','2023-03-18 01:06:50'),(3,'Beginner',0,0,'published','2023-03-18 01:06:50','2023-03-18 01:06:50');

--
-- Table structure for table `jb_language_levels_translations`
--

CREATE TABLE `jb_language_levels_translations` (
  `lang_code` varchar(191) COLLATE utf8mb4_unicode_ci NOT NULL,
  `jb_language_levels_id` bigint unsigned NOT NULL,
  `name` varchar(255) COLLATE utf8mb4_unicode_ci DEFAULT NULL,
  PRIMARY KEY (`lang_code`,`jb_language_levels_id`)
) ENGINE=InnoDB DEFAULT CHARSET=utf8mb4 COLLATE=utf8mb4_unicode_ci;

--
-- Dumping data for table `jb_language_levels_translations`
--


--
-- Table structure for table `jb_major_subjects`
--

CREATE TABLE `jb_major_subjects` (
  `id` bigint unsigned NOT NULL AUTO_INCREMENT,
  `name` varchar(120) COLLATE utf8mb4_unicode_ci NOT NULL,
  `order` tinyint NOT NULL DEFAULT '0',
  `is_default` tinyint unsigned NOT NULL DEFAULT '0',
  `status` varchar(60) COLLATE utf8mb4_unicode_ci NOT NULL DEFAULT 'published',
  `created_at` timestamp NULL DEFAULT NULL,
  `updated_at` timestamp NULL DEFAULT NULL,
  PRIMARY KEY (`id`)
) ENGINE=InnoDB DEFAULT CHARSET=utf8mb4 COLLATE=utf8mb4_unicode_ci;

--
-- Dumping data for table `jb_major_subjects`
--


--
-- Table structure for table `jb_packages`
--

CREATE TABLE `jb_packages` (
  `id` bigint unsigned NOT NULL AUTO_INCREMENT,
  `name` varchar(120) COLLATE utf8mb4_unicode_ci NOT NULL,
  `price` double(15,2) unsigned NOT NULL,
  `currency_id` bigint unsigned NOT NULL,
  `percent_save` int unsigned DEFAULT '0',
  `number_of_listings` int unsigned NOT NULL,
  `order` tinyint NOT NULL DEFAULT '0',
  `account_limit` int unsigned DEFAULT NULL,
  `is_default` tinyint unsigned NOT NULL DEFAULT '0',
  `status` varchar(60) COLLATE utf8mb4_unicode_ci NOT NULL DEFAULT 'published',
  `created_at` timestamp NULL DEFAULT NULL,
  `updated_at` timestamp NULL DEFAULT NULL,
  PRIMARY KEY (`id`)
) ENGINE=InnoDB AUTO_INCREMENT=4 DEFAULT CHARSET=utf8mb4 COLLATE=utf8mb4_unicode_ci;

--
-- Dumping data for table `jb_packages`
--

INSERT INTO `jb_packages` VALUES (1,'Free First Post',0.00,1,0,1,0,1,0,'published','2023-03-18 01:06:58','2023-03-18 01:06:58'),(2,'Single Post',250.00,1,0,1,0,NULL,1,'published','2023-03-18 01:06:58','2023-03-18 01:06:58'),(3,'5 Posts',1000.00,1,20,5,0,NULL,0,'published','2023-03-18 01:06:58','2023-03-18 01:06:58');

--
-- Table structure for table `jb_packages_translations`
--

CREATE TABLE `jb_packages_translations` (
  `lang_code` varchar(191) COLLATE utf8mb4_unicode_ci NOT NULL,
  `jb_packages_id` bigint unsigned NOT NULL,
  `name` varchar(255) COLLATE utf8mb4_unicode_ci DEFAULT NULL,
  PRIMARY KEY (`lang_code`,`jb_packages_id`)
) ENGINE=InnoDB DEFAULT CHARSET=utf8mb4 COLLATE=utf8mb4_unicode_ci;

--
-- Dumping data for table `jb_packages_translations`
--

INSERT INTO `jb_packages_translations` VALUES ('vi',1,'Miễn phí đăng bài đầu tiên'),('vi',2,'Bài đăng đơn'),('vi',3,'5 bài đăng');

--
-- Table structure for table `jb_reviews`
--

CREATE TABLE `jb_reviews` (
  `id` bigint unsigned NOT NULL AUTO_INCREMENT,
  `account_id` bigint unsigned NOT NULL,
  `company_id` bigint unsigned NOT NULL,
  `star` double(8,2) NOT NULL,
  `review` text COLLATE utf8mb4_unicode_ci NOT NULL,
  `status` varchar(60) COLLATE utf8mb4_unicode_ci NOT NULL DEFAULT 'published',
  `created_at` timestamp NULL DEFAULT NULL,
  `updated_at` timestamp NULL DEFAULT NULL,
  PRIMARY KEY (`id`),
  KEY `jb_reviews_account_id_company_id_status_created_at_index` (`account_id`,`company_id`,`status`,`created_at`)
) ENGINE=InnoDB AUTO_INCREMENT=101 DEFAULT CHARSET=utf8mb4 COLLATE=utf8mb4_unicode_ci;

--
-- Dumping data for table `jb_reviews`
--

INSERT INTO `jb_reviews` VALUES (1,3,3,1.00,'The script is the best of its class, fast, easy to implement and work with , and the most important thing is the great support team , Recommend with no doubt.','published','2023-03-18 01:06:58','2023-03-18 01:06:58'),(2,31,6,5.00,'Perfect +++++++++ i love it really also i get to fast ticket answers... Thanks Lot BOTBLE Teams','published','2023-03-18 01:06:58','2023-03-18 01:06:58'),(3,27,13,2.00,'It\'s not my first experience here on Codecanyon and I can honestly tell you all that Botble puts a LOT of effort into the support. They answer so fast, they helped me tons of times. REALLY by far THE BEST EXPERIENCE on Codecanyon. Those guys at Botble are so good that they deserve 5 stars. I recommend them, I trust them and I can\'t wait to see what they will sell in a near future. Thank you Botble :)','published','2023-03-18 01:06:58','2023-03-18 01:06:58'),(4,42,19,2.00,'Ok good product. I have some issues in customizations. But its not correct to blame the developer. The product is good. Good luck for your business.','published','2023-03-18 01:06:58','2023-03-18 01:06:58'),(5,71,2,3.00,'The code is good, in general, if you like it, can you give it 5 stars?','published','2023-03-18 01:06:58','2023-03-18 01:06:58'),(6,93,1,1.00,'This script is well coded and is super fast. The support is pretty quick. Very patient and helpful team. I strongly recommend it and they deserve more than 5 stars.','published','2023-03-18 01:06:58','2023-03-18 01:06:58'),(7,81,15,4.00,'It\'s not my first experience here on Codecanyon and I can honestly tell you all that Botble puts a LOT of effort into the support. They answer so fast, they helped me tons of times. REALLY by far THE BEST EXPERIENCE on Codecanyon. Those guys at Botble are so good that they deserve 5 stars. I recommend them, I trust them and I can\'t wait to see what they will sell in a near future. Thank you Botble :)','published','2023-03-18 01:06:58','2023-03-18 01:06:58'),(8,77,18,2.00,'Best ecommerce CMS online store!','published','2023-03-18 01:06:58','2023-03-18 01:06:58'),(9,79,16,3.00,'Clean & perfect source code','published','2023-03-18 01:06:58','2023-03-18 01:06:58'),(10,11,14,2.00,'The best ecommerce CMS! Excellent coding! best support service! Thank you so much..... I really like your hard work.','published','2023-03-18 01:06:58','2023-03-18 01:06:58'),(11,14,18,1.00,'This script is well coded and is super fast. The support is pretty quick. Very patient and helpful team. I strongly recommend it and they deserve more than 5 stars.','published','2023-03-18 01:06:58','2023-03-18 01:06:58'),(12,78,4,5.00,'The best ecommerce CMS! Excellent coding! best support service! Thank you so much..... I really like your hard work.','published','2023-03-18 01:06:58','2023-03-18 01:06:58'),(13,34,1,2.00,'Cool template. Excellent code quality. The support responds very quickly, which is very rare on themeforest and codecanyon.net, I buy a lot of templates, and everyone will have a response from technical support for two or three days. Thanks to tech support. I recommend to buy.','published','2023-03-18 01:06:58','2023-03-18 01:06:58'),(14,89,1,3.00,'Ok good product. I have some issues in customizations. But its not correct to blame the developer. The product is good. Good luck for your business.','published','2023-03-18 01:06:58','2023-03-18 01:06:58'),(15,31,3,2.00,'Perfect +++++++++ i love it really also i get to fast ticket answers... Thanks Lot BOTBLE Teams','published','2023-03-18 01:06:58','2023-03-18 01:06:58'),(16,60,9,5.00,'We have received brilliant service support and will be expanding the features with the developer. Nice product!','published','2023-03-18 01:06:58','2023-03-18 01:06:58'),(17,54,19,3.00,'Great system, great support, good job Botble. I\'m looking forward to more great functional plugins.','published','2023-03-18 01:06:58','2023-03-18 01:06:58'),(18,25,6,3.00,'Clean & perfect source code','published','2023-03-18 01:06:58','2023-03-18 01:06:58'),(19,64,6,4.00,'I Love this Script. I also found how to add other fees. Now I just wait the BIG update for the Marketplace with the Bulk Import. Just do not forget to make it to be Multi-language for us the Botble Fans.','published','2023-03-18 01:06:58','2023-03-18 01:06:58'),(20,24,13,4.00,'The best store template! Excellent coding! Very good support! Thank you so much for all the help, I really appreciated.','published','2023-03-18 01:06:58','2023-03-18 01:06:58'),(21,10,11,4.00,'Good app, good backup service and support. Good documentation.','published','2023-03-18 01:06:58','2023-03-18 01:06:58'),(22,2,1,1.00,'These guys are amazing! Responses immediately, amazing support and help... I immediately feel at ease after Purchasing..','published','2023-03-18 01:06:58','2023-03-18 01:06:58'),(23,64,16,4.00,'As a developer I reviewed this script. This is really awesome ecommerce script. I have convinced when I noticed that it\'s built on fully WordPress concept.','published','2023-03-18 01:06:58','2023-03-18 01:06:58'),(24,88,17,4.00,'As a developer I reviewed this script. This is really awesome ecommerce script. I have convinced when I noticed that it\'s built on fully WordPress concept.','published','2023-03-18 01:06:58','2023-03-18 01:06:58'),(25,18,13,3.00,'The best ecommerce CMS! Excellent coding! best support service! Thank you so much..... I really like your hard work.','published','2023-03-18 01:06:58','2023-03-18 01:06:58'),(26,86,7,2.00,'For me the best eCommerce script on Envato at this moment: modern, clean code, a lot of great features. The customer support is great too: I always get an answer within hours!','published','2023-03-18 01:06:58','2023-03-18 01:06:58'),(27,38,1,1.00,'The best store template! Excellent coding! Very good support! Thank you so much for all the help, I really appreciated.','published','2023-03-18 01:06:58','2023-03-18 01:06:58'),(28,42,14,2.00,'Amazing code, amazing support. Overall, im really confident in Botble and im happy I made the right choice! Thank you so much guys for coding this masterpiece','published','2023-03-18 01:06:58','2023-03-18 01:06:58'),(29,18,17,4.00,'Best ecommerce CMS online store!','published','2023-03-18 01:06:58','2023-03-18 01:06:58'),(30,94,14,3.00,'We have received brilliant service support and will be expanding the features with the developer. Nice product!','published','2023-03-18 01:06:58','2023-03-18 01:06:58'),(31,87,19,1.00,'It\'s not my first experience here on Codecanyon and I can honestly tell you all that Botble puts a LOT of effort into the support. They answer so fast, they helped me tons of times. REALLY by far THE BEST EXPERIENCE on Codecanyon. Those guys at Botble are so good that they deserve 5 stars. I recommend them, I trust them and I can\'t wait to see what they will sell in a near future. Thank you Botble :)','published','2023-03-18 01:06:58','2023-03-18 01:06:58'),(32,24,16,5.00,'The code is good, in general, if you like it, can you give it 5 stars?','published','2023-03-18 01:06:58','2023-03-18 01:06:58'),(33,21,15,2.00,'The best store template! Excellent coding! Very good support! Thank you so much for all the help, I really appreciated.','published','2023-03-18 01:06:58','2023-03-18 01:06:58'),(34,75,1,2.00,'Perfect +++++++++ i love it really also i get to fast ticket answers... Thanks Lot BOTBLE Teams','published','2023-03-18 01:06:58','2023-03-18 01:06:58'),(35,7,7,2.00,'The code is good, in general, if you like it, can you give it 5 stars?','published','2023-03-18 01:06:58','2023-03-18 01:06:58'),(36,53,15,5.00,'Perfect +++++++++ i love it really also i get to fast ticket answers... Thanks Lot BOTBLE Teams','published','2023-03-18 01:06:58','2023-03-18 01:06:58'),(37,96,5,1.00,'Ok good product. I have some issues in customizations. But its not correct to blame the developer. The product is good. Good luck for your business.','published','2023-03-18 01:06:58','2023-03-18 01:06:58'),(38,14,15,3.00,'Perfect +++++++++ i love it really also i get to fast ticket answers... Thanks Lot BOTBLE Teams','published','2023-03-18 01:06:58','2023-03-18 01:06:58'),(39,6,20,2.00,'These guys are amazing! Responses immediately, amazing support and help... I immediately feel at ease after Purchasing..','published','2023-03-18 01:06:58','2023-03-18 01:06:58'),(40,38,5,5.00,'This script is well coded and is super fast. The support is pretty quick. Very patient and helpful team. I strongly recommend it and they deserve more than 5 stars.','published','2023-03-18 01:06:58','2023-03-18 01:06:58'),(41,36,5,1.00,'Perfect +++++++++ i love it really also i get to fast ticket answers... Thanks Lot BOTBLE Teams','published','2023-03-18 01:06:58','2023-03-18 01:06:58'),(42,58,6,2.00,'Best ecommerce CMS online store!','published','2023-03-18 01:06:58','2023-03-18 01:06:58'),(43,57,16,5.00,'Perfect +++++++++ i love it really also i get to fast ticket answers... Thanks Lot BOTBLE Teams','published','2023-03-18 01:06:58','2023-03-18 01:06:58'),(44,28,7,5.00,'Clean & perfect source code','published','2023-03-18 01:06:58','2023-03-18 01:06:58'),(45,52,7,5.00,'Best ecommerce CMS online store!','published','2023-03-18 01:06:58','2023-03-18 01:06:58'),(46,94,11,2.00,'We have received brilliant service support and will be expanding the features with the developer. Nice product!','published','2023-03-18 01:06:58','2023-03-18 01:06:58'),(47,11,9,1.00,'This web app is really good in design, code quality & features. Besides, the customer support provided by the Botble team was really fast & helpful. You guys are awesome!','published','2023-03-18 01:06:58','2023-03-18 01:06:58'),(48,79,8,5.00,'This web app is really good in design, code quality & features. Besides, the customer support provided by the Botble team was really fast & helpful. You guys are awesome!','published','2023-03-18 01:06:58','2023-03-18 01:06:58'),(49,82,2,2.00,'Good app, good backup service and support. Good documentation.','published','2023-03-18 01:06:58','2023-03-18 01:06:58'),(50,3,9,2.00,'Good app, good backup service and support. Good documentation.','published','2023-03-18 01:06:58','2023-03-18 01:06:58'),(51,12,20,1.00,'Good app, good backup service and support. Good documentation.','published','2023-03-18 01:06:58','2023-03-18 01:06:58'),(52,53,12,2.00,'Amazing code, amazing support. Overall, im really confident in Botble and im happy I made the right choice! Thank you so much guys for coding this masterpiece','published','2023-03-18 01:06:58','2023-03-18 01:06:58'),(53,5,16,4.00,'The best ecommerce CMS! Excellent coding! best support service! Thank you so much..... I really like your hard work.','published','2023-03-18 01:06:58','2023-03-18 01:06:58'),(54,41,2,3.00,'The best store template! Excellent coding! Very good support! Thank you so much for all the help, I really appreciated.','published','2023-03-18 01:06:58','2023-03-18 01:06:58'),(55,23,2,1.00,'Second or third time that I buy a Botble product, happy with the products and support. You guys do a good job :)','published','2023-03-18 01:06:58','2023-03-18 01:06:58'),(56,88,5,1.00,'Good app, good backup service and support. Good documentation.','published','2023-03-18 01:06:58','2023-03-18 01:06:58'),(57,43,20,1.00,'We have received brilliant service support and will be expanding the features with the developer. Nice product!','published','2023-03-18 01:06:58','2023-03-18 01:06:58'),(58,64,6,5.00,'Those guys now what they are doing, the release such a good product that it\'s a pleasure to work with ! Even when I was stuck on the project, I created a ticket and the next day it was replied by the team. GOOD JOB guys. I love working with them :)','published','2023-03-18 01:06:58','2023-03-18 01:06:58'),(59,64,1,2.00,'For me the best eCommerce script on Envato at this moment: modern, clean code, a lot of great features. The customer support is great too: I always get an answer within hours!','published','2023-03-18 01:06:58','2023-03-18 01:06:58'),(60,7,10,4.00,'The best store template! Excellent coding! Very good support! Thank you so much for all the help, I really appreciated.','published','2023-03-18 01:06:58','2023-03-18 01:06:58'),(61,60,20,5.00,'Clean & perfect source code','published','2023-03-18 01:06:58','2023-03-18 01:06:58'),(62,48,10,4.00,'Good app, good backup service and support. Good documentation.','published','2023-03-18 01:06:58','2023-03-18 01:06:58'),(63,4,7,2.00,'For me the best eCommerce script on Envato at this moment: modern, clean code, a lot of great features. The customer support is great too: I always get an answer within hours!','published','2023-03-18 01:06:58','2023-03-18 01:06:58'),(64,13,5,4.00,'For me the best eCommerce script on Envato at this moment: modern, clean code, a lot of great features. The customer support is great too: I always get an answer within hours!','published','2023-03-18 01:06:58','2023-03-18 01:06:58'),(65,36,11,1.00,'Solution is too robust for our purpose so we didn\'t use it at the end. But I appreciate customer support during initial configuration.','published','2023-03-18 01:06:58','2023-03-18 01:06:58'),(66,99,10,2.00,'Very enthusiastic support! Excellent code is written. It\'s a true pleasure working with.','published','2023-03-18 01:06:58','2023-03-18 01:06:58'),(67,39,8,2.00,'As a developer I reviewed this script. This is really awesome ecommerce script. I have convinced when I noticed that it\'s built on fully WordPress concept.','published','2023-03-18 01:06:58','2023-03-18 01:06:58'),(68,97,1,2.00,'Ok good product. I have some issues in customizations. But its not correct to blame the developer. The product is good. Good luck for your business.','published','2023-03-18 01:06:58','2023-03-18 01:06:58'),(69,99,7,5.00,'The best store template! Excellent coding! Very good support! Thank you so much for all the help, I really appreciated.','published','2023-03-18 01:06:58','2023-03-18 01:06:58'),(70,12,16,1.00,'The best ecommerce CMS! Excellent coding! best support service! Thank you so much..... I really like your hard work.','published','2023-03-18 01:06:58','2023-03-18 01:06:58'),(71,65,14,4.00,'The best store template! Excellent coding! Very good support! Thank you so much for all the help, I really appreciated.','published','2023-03-18 01:06:58','2023-03-18 01:06:58'),(72,68,7,5.00,'Second or third time that I buy a Botble product, happy with the products and support. You guys do a good job :)','published','2023-03-18 01:06:58','2023-03-18 01:06:58'),(73,88,17,4.00,'Cool template. Excellent code quality. The support responds very quickly, which is very rare on themeforest and codecanyon.net, I buy a lot of templates, and everyone will have a response from technical support for two or three days. Thanks to tech support. I recommend to buy.','published','2023-03-18 01:06:58','2023-03-18 01:06:58'),(74,83,8,2.00,'Very enthusiastic support! Excellent code is written. It\'s a true pleasure working with.','published','2023-03-18 01:06:58','2023-03-18 01:06:58'),(75,100,16,3.00,'This script is well coded and is super fast. The support is pretty quick. Very patient and helpful team. I strongly recommend it and they deserve more than 5 stars.','published','2023-03-18 01:06:58','2023-03-18 01:06:58'),(76,100,10,5.00,'Those guys now what they are doing, the release such a good product that it\'s a pleasure to work with ! Even when I was stuck on the project, I created a ticket and the next day it was replied by the team. GOOD JOB guys. I love working with them :)','published','2023-03-18 01:06:58','2023-03-18 01:06:58'),(77,13,2,5.00,'Perfect +++++++++ i love it really also i get to fast ticket answers... Thanks Lot BOTBLE Teams','published','2023-03-18 01:06:58','2023-03-18 01:06:58'),(78,92,19,5.00,'The script is the best of its class, fast, easy to implement and work with , and the most important thing is the great support team , Recommend with no doubt.','published','2023-03-18 01:06:58','2023-03-18 01:06:58'),(79,67,7,4.00,'It\'s not my first experience here on Codecanyon and I can honestly tell you all that Botble puts a LOT of effort into the support. They answer so fast, they helped me tons of times. REALLY by far THE BEST EXPERIENCE on Codecanyon. Those guys at Botble are so good that they deserve 5 stars. I recommend them, I trust them and I can\'t wait to see what they will sell in a near future. Thank you Botble :)','published','2023-03-18 01:06:58','2023-03-18 01:06:58'),(80,56,11,4.00,'Amazing code, amazing support. Overall, im really confident in Botble and im happy I made the right choice! Thank you so much guys for coding this masterpiece','published','2023-03-18 01:06:58','2023-03-18 01:06:58'),(81,27,18,3.00,'Good app, good backup service and support. Good documentation.','published','2023-03-18 01:06:58','2023-03-18 01:06:58'),(82,85,6,4.00,'Perfect +++++++++ i love it really also i get to fast ticket answers... Thanks Lot BOTBLE Teams','published','2023-03-18 01:06:58','2023-03-18 01:06:58'),(83,62,12,5.00,'This script is well coded and is super fast. The support is pretty quick. Very patient and helpful team. I strongly recommend it and they deserve more than 5 stars.','published','2023-03-18 01:06:58','2023-03-18 01:06:58'),(84,63,2,5.00,'Amazing code, amazing support. Overall, im really confident in Botble and im happy I made the right choice! Thank you so much guys for coding this masterpiece','published','2023-03-18 01:06:58','2023-03-18 01:06:58'),(85,73,15,3.00,'Solution is too robust for our purpose so we didn\'t use it at the end. But I appreciate customer support during initial configuration.','published','2023-03-18 01:06:58','2023-03-18 01:06:58'),(86,13,5,5.00,'For me the best eCommerce script on Envato at this moment: modern, clean code, a lot of great features. The customer support is great too: I always get an answer within hours!','published','2023-03-18 01:06:58','2023-03-18 01:06:58'),(87,31,8,1.00,'Great system, great support, good job Botble. I\'m looking forward to more great functional plugins.','published','2023-03-18 01:06:58','2023-03-18 01:06:58'),(88,42,10,3.00,'Cool template. Excellent code quality. The support responds very quickly, which is very rare on themeforest and codecanyon.net, I buy a lot of templates, and everyone will have a response from technical support for two or three days. Thanks to tech support. I recommend to buy.','published','2023-03-18 01:06:58','2023-03-18 01:06:58'),(89,91,13,1.00,'The script is the best of its class, fast, easy to implement and work with , and the most important thing is the great support team , Recommend with no doubt.','published','2023-03-18 01:06:58','2023-03-18 01:06:58'),(90,94,18,3.00,'Cool template. Excellent code quality. The support responds very quickly, which is very rare on themeforest and codecanyon.net, I buy a lot of templates, and everyone will have a response from technical support for two or three days. Thanks to tech support. I recommend to buy.','published','2023-03-18 01:06:58','2023-03-18 01:06:58'),(91,83,10,2.00,'These guys are amazing! Responses immediately, amazing support and help... I immediately feel at ease after Purchasing..','published','2023-03-18 01:06:58','2023-03-18 01:06:58'),(92,68,14,3.00,'Clean & perfect source code','published','2023-03-18 01:06:58','2023-03-18 01:06:58'),(93,80,16,2.00,'This script is well coded and is super fast. The support is pretty quick. Very patient and helpful team. I strongly recommend it and they deserve more than 5 stars.','published','2023-03-18 01:06:58','2023-03-18 01:06:58'),(94,84,20,3.00,'The best ecommerce CMS! Excellent coding! best support service! Thank you so much..... I really like your hard work.','published','2023-03-18 01:06:58','2023-03-18 01:06:58'),(95,95,15,4.00,'The code is good, in general, if you like it, can you give it 5 stars?','published','2023-03-18 01:06:58','2023-03-18 01:06:58'),(96,28,14,5.00,'These guys are amazing! Responses immediately, amazing support and help... I immediately feel at ease after Purchasing..','published','2023-03-18 01:06:58','2023-03-18 01:06:58'),(97,79,18,4.00,'Amazing code, amazing support. Overall, im really confident in Botble and im happy I made the right choice! Thank you so much guys for coding this masterpiece','published','2023-03-18 01:06:58','2023-03-18 01:06:58'),(98,19,7,2.00,'These guys are amazing! Responses immediately, amazing support and help... I immediately feel at ease after Purchasing..','published','2023-03-18 01:06:58','2023-03-18 01:06:58'),(99,55,2,5.00,'Perfect +++++++++ i love it really also i get to fast ticket answers... Thanks Lot BOTBLE Teams','published','2023-03-18 01:06:58','2023-03-18 01:06:58'),(100,36,13,3.00,'Perfect +++++++++ i love it really also i get to fast ticket answers... Thanks Lot BOTBLE Teams','published','2023-03-18 01:06:58','2023-03-18 01:06:58');

--
-- Table structure for table `jb_saved_jobs`
--

CREATE TABLE `jb_saved_jobs` (
  `account_id` bigint unsigned NOT NULL,
  `job_id` bigint unsigned NOT NULL,
  PRIMARY KEY (`account_id`,`job_id`)
) ENGINE=InnoDB DEFAULT CHARSET=utf8mb4 COLLATE=utf8mb4_unicode_ci;

--
-- Dumping data for table `jb_saved_jobs`
--


--
-- Table structure for table `jb_tags`
--

CREATE TABLE `jb_tags` (
  `id` bigint unsigned NOT NULL AUTO_INCREMENT,
  `name` varchar(120) COLLATE utf8mb4_unicode_ci NOT NULL,
  `description` varchar(400) COLLATE utf8mb4_unicode_ci DEFAULT NULL,
  `status` varchar(60) COLLATE utf8mb4_unicode_ci NOT NULL DEFAULT 'published',
  `created_at` timestamp NULL DEFAULT NULL,
  `updated_at` timestamp NULL DEFAULT NULL,
  PRIMARY KEY (`id`)
) ENGINE=InnoDB AUTO_INCREMENT=9 DEFAULT CHARSET=utf8mb4 COLLATE=utf8mb4_unicode_ci;

--
-- Dumping data for table `jb_tags`
--

INSERT INTO `jb_tags` VALUES (1,'Illustrator','','published','2023-03-18 01:06:50','2023-03-18 01:06:50'),(2,'Adobe XD','','published','2023-03-18 01:06:50','2023-03-18 01:06:50'),(3,'Figma','','published','2023-03-18 01:06:50','2023-03-18 01:06:50'),(4,'Sketch','','published','2023-03-18 01:06:50','2023-03-18 01:06:50'),(5,'Lunacy','','published','2023-03-18 01:06:50','2023-03-18 01:06:50'),(6,'PHP','','published','2023-03-18 01:06:50','2023-03-18 01:06:50'),(7,'Python','','published','2023-03-18 01:06:50','2023-03-18 01:06:50'),(8,'JavaScript','','published','2023-03-18 01:06:50','2023-03-18 01:06:50');

--
-- Table structure for table `jb_tags_translations`
--

CREATE TABLE `jb_tags_translations` (
  `lang_code` varchar(191) COLLATE utf8mb4_unicode_ci NOT NULL,
  `jb_tags_id` bigint unsigned NOT NULL,
  `name` varchar(191) COLLATE utf8mb4_unicode_ci DEFAULT NULL,
  PRIMARY KEY (`lang_code`,`jb_tags_id`)
) ENGINE=InnoDB DEFAULT CHARSET=utf8mb4 COLLATE=utf8mb4_unicode_ci;

--
-- Dumping data for table `jb_tags_translations`
--


--
-- Table structure for table `jb_transactions`
--

CREATE TABLE `jb_transactions` (
  `id` bigint unsigned NOT NULL AUTO_INCREMENT,
  `credits` int unsigned NOT NULL,
  `description` varchar(255) COLLATE utf8mb4_unicode_ci DEFAULT NULL,
  `user_id` bigint unsigned DEFAULT NULL,
  `account_id` bigint unsigned DEFAULT NULL,
  `type` varchar(191) COLLATE utf8mb4_unicode_ci NOT NULL DEFAULT 'add',
  `payment_id` bigint unsigned DEFAULT NULL,
  `created_at` timestamp NULL DEFAULT NULL,
  `updated_at` timestamp NULL DEFAULT NULL,
  PRIMARY KEY (`id`)
) ENGINE=InnoDB DEFAULT CHARSET=utf8mb4 COLLATE=utf8mb4_unicode_ci;

--
-- Dumping data for table `jb_transactions`
--


--
-- Table structure for table `jobs`
--

CREATE TABLE `jobs` (
  `id` bigint unsigned NOT NULL AUTO_INCREMENT,
  `queue` varchar(191) COLLATE utf8mb4_unicode_ci NOT NULL,
  `payload` longtext COLLATE utf8mb4_unicode_ci NOT NULL,
  `attempts` tinyint unsigned NOT NULL,
  `reserved_at` int unsigned DEFAULT NULL,
  `available_at` int unsigned NOT NULL,
  `created_at` int unsigned NOT NULL,
  PRIMARY KEY (`id`),
  KEY `jobs_queue_index` (`queue`)
) ENGINE=InnoDB DEFAULT CHARSET=utf8mb4 COLLATE=utf8mb4_unicode_ci;

--
-- Dumping data for table `jobs`
--


--
-- Table structure for table `language_meta`
--

CREATE TABLE `language_meta` (
  `lang_meta_id` bigint unsigned NOT NULL AUTO_INCREMENT,
  `lang_meta_code` text COLLATE utf8mb4_unicode_ci,
  `lang_meta_origin` varchar(255) COLLATE utf8mb4_unicode_ci NOT NULL,
  `reference_id` bigint unsigned NOT NULL,
  `reference_type` varchar(120) COLLATE utf8mb4_unicode_ci NOT NULL,
  PRIMARY KEY (`lang_meta_id`),
  KEY `language_meta_reference_id_index` (`reference_id`)
) ENGINE=InnoDB AUTO_INCREMENT=13 DEFAULT CHARSET=utf8mb4 COLLATE=utf8mb4_unicode_ci;

--
-- Dumping data for table `language_meta`
--

INSERT INTO `language_meta` VALUES (1,'en_US','f800d33a1993c2b061c49ecc981c9208',1,'Botble\\Menu\\Models\\MenuLocation'),(2,'en_US','6f56fd0a7b65d3ae1266e37c274f8e16',1,'Botble\\Menu\\Models\\Menu'),(3,'en_US','0ac4c134bfdfc3efc63de1ae94d39fa0',2,'Botble\\Menu\\Models\\Menu'),(4,'en_US','7bd8abd9b435b1e387f38eb4cc41f3dd',3,'Botble\\Menu\\Models\\Menu'),(5,'en_US','2a5a1743a34b76dd8b86f4bb0c5ea3c7',4,'Botble\\Menu\\Models\\Menu'),(6,'en_US','e8fb0e0eae543adcdb418aaaf35a5fd9',5,'Botble\\Menu\\Models\\Menu'),(7,'vi','e6a8aa968f0313e4ba1a6b5fa43c5fe8',2,'Botble\\Menu\\Models\\MenuLocation'),(8,'vi','6f56fd0a7b65d3ae1266e37c274f8e16',6,'Botble\\Menu\\Models\\Menu'),(9,'vi','0ac4c134bfdfc3efc63de1ae94d39fa0',7,'Botble\\Menu\\Models\\Menu'),(10,'vi','7bd8abd9b435b1e387f38eb4cc41f3dd',8,'Botble\\Menu\\Models\\Menu'),(11,'vi','2a5a1743a34b76dd8b86f4bb0c5ea3c7',9,'Botble\\Menu\\Models\\Menu'),(12,'vi','e8fb0e0eae543adcdb418aaaf35a5fd9',10,'Botble\\Menu\\Models\\Menu');

--
-- Table structure for table `languages`
--

CREATE TABLE `languages` (
  `lang_id` bigint unsigned NOT NULL AUTO_INCREMENT,
  `lang_name` varchar(120) COLLATE utf8mb4_unicode_ci NOT NULL,
  `lang_locale` varchar(20) COLLATE utf8mb4_unicode_ci NOT NULL,
  `lang_code` varchar(20) COLLATE utf8mb4_unicode_ci NOT NULL,
  `lang_flag` varchar(20) COLLATE utf8mb4_unicode_ci DEFAULT NULL,
  `lang_is_default` tinyint unsigned NOT NULL DEFAULT '0',
  `lang_order` int NOT NULL DEFAULT '0',
  `lang_is_rtl` tinyint unsigned NOT NULL DEFAULT '0',
  PRIMARY KEY (`lang_id`)
) ENGINE=InnoDB AUTO_INCREMENT=3 DEFAULT CHARSET=utf8mb4 COLLATE=utf8mb4_unicode_ci;

--
-- Dumping data for table `languages`
--

INSERT INTO `languages` VALUES (1,'English','en','en_US','us',1,0,0),(2,'Tiếng Việt','vi','vi','vn',0,0,0);

--
-- Table structure for table `media_files`
--

CREATE TABLE `media_files` (
  `id` bigint unsigned NOT NULL AUTO_INCREMENT,
  `user_id` bigint unsigned NOT NULL,
  `name` varchar(255) COLLATE utf8mb4_unicode_ci NOT NULL,
  `alt` varchar(191) COLLATE utf8mb4_unicode_ci DEFAULT NULL,
  `folder_id` bigint unsigned NOT NULL DEFAULT '0',
  `mime_type` varchar(120) COLLATE utf8mb4_unicode_ci NOT NULL,
  `size` int NOT NULL,
  `url` varchar(255) COLLATE utf8mb4_unicode_ci NOT NULL,
  `options` text COLLATE utf8mb4_unicode_ci,
  `created_at` timestamp NULL DEFAULT NULL,
  `updated_at` timestamp NULL DEFAULT NULL,
  `deleted_at` timestamp NULL DEFAULT NULL,
  PRIMARY KEY (`id`),
  KEY `media_files_user_id_index` (`user_id`),
  KEY `media_files_index` (`folder_id`,`user_id`,`created_at`)
) ENGINE=InnoDB AUTO_INCREMENT=199 DEFAULT CHARSET=utf8mb4 COLLATE=utf8mb4_unicode_ci;

--
-- Dumping data for table `media_files`
--

INSERT INTO `media_files` VALUES (41,0,'acer','acer',3,'image/png',263,'our-partners/acer.png','[]','2023-03-18 01:06:46','2023-03-18 01:06:46',NULL),(42,0,'asus','asus',3,'image/png',293,'our-partners/asus.png','[]','2023-03-18 01:06:46','2023-03-18 01:06:46',NULL),(43,0,'dell','dell',3,'image/png',275,'our-partners/dell.png','[]','2023-03-18 01:06:46','2023-03-18 01:06:46',NULL),(44,0,'microsoft','microsoft',3,'image/png',266,'our-partners/microsoft.png','[]','2023-03-18 01:06:46','2023-03-18 01:06:46',NULL),(45,0,'nokia','nokia',3,'image/png',287,'our-partners/nokia.png','[]','2023-03-18 01:06:46','2023-03-18 01:06:46',NULL),(46,0,'1','1',4,'image/jpeg',2165,'news/1.jpg','[]','2023-03-18 01:06:46','2023-03-18 01:06:46',NULL),(47,0,'10','10',4,'image/jpeg',2165,'news/10.jpg','[]','2023-03-18 01:06:46','2023-03-18 01:06:46',NULL),(48,0,'11','11',4,'image/jpeg',2165,'news/11.jpg','[]','2023-03-18 01:06:46','2023-03-18 01:06:46',NULL),(49,0,'12','12',4,'image/jpeg',2165,'news/12.jpg','[]','2023-03-18 01:06:46','2023-03-18 01:06:46',NULL),(50,0,'13','13',4,'image/jpeg',2165,'news/13.jpg','[]','2023-03-18 01:06:46','2023-03-18 01:06:46',NULL),(51,0,'14','14',4,'image/jpeg',2165,'news/14.jpg','[]','2023-03-18 01:06:46','2023-03-18 01:06:46',NULL),(52,0,'15','15',4,'image/jpeg',2165,'news/15.jpg','[]','2023-03-18 01:06:46','2023-03-18 01:06:46',NULL),(53,0,'16','16',4,'image/jpeg',2165,'news/16.jpg','[]','2023-03-18 01:06:46','2023-03-18 01:06:46',NULL),(54,0,'2','2',4,'image/jpeg',2165,'news/2.jpg','[]','2023-03-18 01:06:46','2023-03-18 01:06:46',NULL),(55,0,'3','3',4,'image/jpeg',2165,'news/3.jpg','[]','2023-03-18 01:06:46','2023-03-18 01:06:46',NULL),(56,0,'4','4',4,'image/jpeg',2165,'news/4.jpg','[]','2023-03-18 01:06:46','2023-03-18 01:06:46',NULL),(57,0,'5','5',4,'image/jpeg',2165,'news/5.jpg','[]','2023-03-18 01:06:46','2023-03-18 01:06:46',NULL),(58,0,'6','6',4,'image/jpeg',2165,'news/6.jpg','[]','2023-03-18 01:06:46','2023-03-18 01:06:46',NULL),(59,0,'7','7',4,'image/jpeg',2165,'news/7.jpg','[]','2023-03-18 01:06:46','2023-03-18 01:06:46',NULL),(60,0,'8','8',4,'image/jpeg',2165,'news/8.jpg','[]','2023-03-18 01:06:46','2023-03-18 01:06:46',NULL),(61,0,'9','9',4,'image/jpeg',2165,'news/9.jpg','[]','2023-03-18 01:06:46','2023-03-18 01:06:46',NULL),(62,0,'cover-image1','cover-image1',4,'image/png',2165,'news/cover-image1.png','[]','2023-03-18 01:06:46','2023-03-18 01:06:46',NULL),(63,0,'cover-image2','cover-image2',4,'image/png',2165,'news/cover-image2.png','[]','2023-03-18 01:06:46','2023-03-18 01:06:46',NULL),(64,0,'cover-image3','cover-image3',4,'image/png',2165,'news/cover-image3.png','[]','2023-03-18 01:06:46','2023-03-18 01:06:46',NULL),(65,0,'img-news1','img-news1',4,'image/png',2165,'news/img-news1.png','[]','2023-03-18 01:06:46','2023-03-18 01:06:46',NULL),(66,0,'img-news2','img-news2',4,'image/png',2165,'news/img-news2.png','[]','2023-03-18 01:06:46','2023-03-18 01:06:46',NULL),(67,0,'img-news3','img-news3',4,'image/png',2165,'news/img-news3.png','[]','2023-03-18 01:06:46','2023-03-18 01:06:46',NULL),(68,0,'1','1',5,'image/jpeg',6956,'galleries/1.jpg','[]','2023-03-18 01:06:47','2023-03-18 01:06:47',NULL),(69,0,'10','10',5,'image/jpeg',2165,'galleries/10.jpg','[]','2023-03-18 01:06:47','2023-03-18 01:06:47',NULL),(70,0,'2','2',5,'image/jpeg',6956,'galleries/2.jpg','[]','2023-03-18 01:06:47','2023-03-18 01:06:47',NULL),(71,0,'3','3',5,'image/jpeg',6956,'galleries/3.jpg','[]','2023-03-18 01:06:47','2023-03-18 01:06:47',NULL),(72,0,'4','4',5,'image/jpeg',6956,'galleries/4.jpg','[]','2023-03-18 01:06:47','2023-03-18 01:06:47',NULL),(73,0,'5','5',5,'image/jpeg',6956,'galleries/5.jpg','[]','2023-03-18 01:06:47','2023-03-18 01:06:47',NULL),(74,0,'6','6',5,'image/jpeg',6956,'galleries/6.jpg','[]','2023-03-18 01:06:47','2023-03-18 01:06:47',NULL),(75,0,'7','7',5,'image/jpeg',6956,'galleries/7.jpg','[]','2023-03-18 01:06:47','2023-03-18 01:06:47',NULL),(76,0,'8','8',5,'image/jpeg',2165,'galleries/8.jpg','[]','2023-03-18 01:06:47','2023-03-18 01:06:47',NULL),(77,0,'9','9',5,'image/jpeg',2165,'galleries/9.jpg','[]','2023-03-18 01:06:47','2023-03-18 01:06:47',NULL),(78,0,'widget-banner','widget-banner',6,'image/png',11046,'widgets/widget-banner.png','[]','2023-03-18 01:06:47','2023-03-18 01:06:47',NULL),(79,0,'404','404',7,'image/png',2960,'general/404.png','[]','2023-03-18 01:06:47','2023-03-18 01:06:47',NULL),(80,0,'android','android',7,'image/png',455,'general/android.png','[]','2023-03-18 01:06:47','2023-03-18 01:06:47',NULL),(81,0,'app-store','app-store',7,'image/png',455,'general/app-store.png','[]','2023-03-18 01:06:47','2023-03-18 01:06:47',NULL),(82,0,'content','content',7,'image/png',679,'general/content.png','[]','2023-03-18 01:06:47','2023-03-18 01:06:47',NULL),(83,0,'cover-image','cover-image',7,'image/png',8959,'general/cover-image.png','[]','2023-03-18 01:06:47','2023-03-18 01:06:47',NULL),(84,0,'customer','customer',7,'image/png',1104,'general/customer.png','[]','2023-03-18 01:06:47','2023-03-18 01:06:47',NULL),(85,0,'favicon','favicon',7,'image/png',381,'general/favicon.png','[]','2023-03-18 01:06:47','2023-03-18 01:06:47',NULL),(86,0,'finance','finance',7,'image/png',1032,'general/finance.png','[]','2023-03-18 01:06:47','2023-03-18 01:06:47',NULL),(87,0,'human','human',7,'image/png',983,'general/human.png','[]','2023-03-18 01:06:47','2023-03-18 01:06:47',NULL),(88,0,'img-about2','img-about2',7,'image/png',37269,'general/img-about2.png','[]','2023-03-18 01:06:47','2023-03-18 01:06:47',NULL),(89,0,'lightning','lightning',7,'image/png',1108,'general/lightning.png','[]','2023-03-18 01:06:47','2023-03-18 01:06:47',NULL),(90,0,'logo-company','logo-company',7,'image/png',1196,'general/logo-company.png','[]','2023-03-18 01:06:47','2023-03-18 01:06:47',NULL),(91,0,'logo-light','logo-light',7,'image/png',1051,'general/logo-light.png','[]','2023-03-18 01:06:47','2023-03-18 01:06:47',NULL),(92,0,'logo','logo',7,'image/png',931,'general/logo.png','[]','2023-03-18 01:06:48','2023-03-18 01:06:48',NULL),(93,0,'management','management',7,'image/png',789,'general/management.png','[]','2023-03-18 01:06:48','2023-03-18 01:06:48',NULL),(94,0,'marketing','marketing',7,'image/png',822,'general/marketing.png','[]','2023-03-18 01:06:48','2023-03-18 01:06:48',NULL),(95,0,'newsletter-background-image','newsletter-background-image',7,'image/png',9797,'general/newsletter-background-image.png','[]','2023-03-18 01:06:48','2023-03-18 01:06:48',NULL),(96,0,'newsletter-image-left','newsletter-image-left',7,'image/png',4156,'general/newsletter-image-left.png','[]','2023-03-18 01:06:48','2023-03-18 01:06:48',NULL),(97,0,'newsletter-image-right','newsletter-image-right',7,'image/png',2865,'general/newsletter-image-right.png','[]','2023-03-18 01:06:48','2023-03-18 01:06:48',NULL),(98,0,'research','research',7,'image/png',1184,'general/research.png','[]','2023-03-18 01:06:48','2023-03-18 01:06:48',NULL),(99,0,'retail','retail',7,'image/png',2965,'general/retail.png','[]','2023-03-18 01:06:48','2023-03-18 01:06:48',NULL),(100,0,'security','security',7,'image/png',3078,'general/security.png','[]','2023-03-18 01:06:48','2023-03-18 01:06:48',NULL),(101,0,'img-1','img-1',8,'image/png',2356,'authentication/img-1.png','[]','2023-03-18 01:06:48','2023-03-18 01:06:48',NULL),(102,0,'img-2','img-2',8,'image/png',4988,'authentication/img-2.png','[]','2023-03-18 01:06:48','2023-03-18 01:06:48',NULL),(103,0,'background-cover-candidate','background-cover-candidate',9,'image/png',191796,'pages/background-cover-candidate.png','[]','2023-03-18 01:06:48','2023-03-18 01:06:48',NULL),(104,0,'background_breadcrumb','background_breadcrumb',9,'image/png',6090,'pages/background-breadcrumb.png','[]','2023-03-18 01:06:48','2023-03-18 01:06:48',NULL),(105,0,'banner-section-search-box','banner-section-search-box',9,'image/png',20416,'pages/banner-section-search-box.png','[]','2023-03-18 01:06:48','2023-03-18 01:06:48',NULL),(106,0,'banner1','banner1',9,'image/png',7360,'pages/banner1.png','[]','2023-03-18 01:06:48','2023-03-18 01:06:48',NULL),(107,0,'banner2','banner2',9,'image/png',4899,'pages/banner2.png','[]','2023-03-18 01:06:48','2023-03-18 01:06:48',NULL),(108,0,'banner3','banner3',9,'image/png',2451,'pages/banner3.png','[]','2023-03-18 01:06:48','2023-03-18 01:06:48',NULL),(109,0,'banner4','banner4',9,'image/png',1931,'pages/banner4.png','[]','2023-03-18 01:06:48','2023-03-18 01:06:48',NULL),(110,0,'banner5','banner5',9,'image/png',1525,'pages/banner5.png','[]','2023-03-18 01:06:48','2023-03-18 01:06:48',NULL),(111,0,'banner6','banner6',9,'image/png',1588,'pages/banner6.png','[]','2023-03-18 01:06:48','2023-03-18 01:06:48',NULL),(112,0,'bg-breadcrumb','bg-breadcrumb',9,'image/png',5608,'pages/bg-breadcrumb.png','[]','2023-03-18 01:06:48','2023-03-18 01:06:48',NULL),(113,0,'bg-cat','bg-cat',9,'image/png',8150,'pages/bg-cat.png','[]','2023-03-18 01:06:48','2023-03-18 01:06:48',NULL),(114,0,'bg-left-hiring','bg-left-hiring',9,'image/png',1610,'pages/bg-left-hiring.png','[]','2023-03-18 01:06:48','2023-03-18 01:06:48',NULL),(115,0,'bg-newsletter','bg-newsletter',9,'image/png',1626,'pages/bg-newsletter.png','[]','2023-03-18 01:06:48','2023-03-18 01:06:48',NULL),(116,0,'bg-right-hiring','bg-right-hiring',9,'image/png',3053,'pages/bg-right-hiring.png','[]','2023-03-18 01:06:48','2023-03-18 01:06:48',NULL),(117,0,'controlcard','controlcard',9,'image/png',7383,'pages/controlcard.png','[]','2023-03-18 01:06:48','2023-03-18 01:06:48',NULL),(118,0,'home-page-4-banner','home-page-4-banner',9,'image/png',7575,'pages/home-page-4-banner.png','[]','2023-03-18 01:06:48','2023-03-18 01:06:48',NULL),(119,0,'icon-bottom-banner','icon-bottom-banner',9,'image/png',208,'pages/icon-bottom-banner.png','[]','2023-03-18 01:06:48','2023-03-18 01:06:48',NULL),(120,0,'icon-top-banner','icon-top-banner',9,'image/png',219,'pages/icon-top-banner.png','[]','2023-03-18 01:06:48','2023-03-18 01:06:48',NULL),(121,0,'img-banner','img-banner',9,'image/png',10509,'pages/img-banner.png','[]','2023-03-18 01:06:48','2023-03-18 01:06:48',NULL),(122,0,'img-chart','img-chart',9,'image/png',7528,'pages/img-chart.png','[]','2023-03-18 01:06:49','2023-03-18 01:06:49',NULL),(123,0,'img-job-search','img-job-search',9,'image/png',36465,'pages/img-job-search.png','[]','2023-03-18 01:06:49','2023-03-18 01:06:49',NULL),(124,0,'img-profile','img-profile',9,'image/png',9144,'pages/img-profile.png','[]','2023-03-18 01:06:49','2023-03-18 01:06:49',NULL),(125,0,'img-single','img-single',9,'image/png',13091,'pages/img-single.png','[]','2023-03-18 01:06:49','2023-03-18 01:06:49',NULL),(126,0,'img1','img1',9,'image/png',10186,'pages/img1.png','[]','2023-03-18 01:06:49','2023-03-18 01:06:49',NULL),(127,0,'job-tools','job-tools',9,'image/png',2195,'pages/job-tools.png','[]','2023-03-18 01:06:49','2023-03-18 01:06:49',NULL),(128,0,'left-job-head','left-job-head',9,'image/png',14923,'pages/left-job-head.png','[]','2023-03-18 01:06:49','2023-03-18 01:06:49',NULL),(129,0,'newsletter-left','newsletter-left',9,'image/png',4156,'pages/newsletter-left.png','[]','2023-03-18 01:06:49','2023-03-18 01:06:49',NULL),(130,0,'newsletter-right','newsletter-right',9,'image/png',2865,'pages/newsletter-right.png','[]','2023-03-18 01:06:49','2023-03-18 01:06:49',NULL),(131,0,'planning-job','planning-job',9,'image/png',1604,'pages/planning-job.png','[]','2023-03-18 01:06:49','2023-03-18 01:06:49',NULL),(132,0,'right-job-head','right-job-head',9,'image/png',10922,'pages/right-job-head.png','[]','2023-03-18 01:06:49','2023-03-18 01:06:49',NULL),(133,0,'location1','location1',10,'image/png',5128,'locations/location1.png','[]','2023-03-18 01:06:49','2023-03-18 01:06:49',NULL),(134,0,'location2','location2',10,'image/png',5900,'locations/location2.png','[]','2023-03-18 01:06:49','2023-03-18 01:06:49',NULL),(135,0,'location3','location3',10,'image/png',5255,'locations/location3.png','[]','2023-03-18 01:06:49','2023-03-18 01:06:49',NULL),(136,0,'location4','location4',10,'image/png',5238,'locations/location4.png','[]','2023-03-18 01:06:49','2023-03-18 01:06:49',NULL),(137,0,'location5','location5',10,'image/png',5119,'locations/location5.png','[]','2023-03-18 01:06:49','2023-03-18 01:06:49',NULL),(138,0,'location6','location6',10,'image/png',4870,'locations/location6.png','[]','2023-03-18 01:06:49','2023-03-18 01:06:49',NULL),(139,0,'1','1',11,'image/png',386,'job-categories/1.png','[]','2023-03-18 01:06:49','2023-03-18 01:06:49',NULL),(140,0,'10','10',11,'image/png',386,'job-categories/10.png','[]','2023-03-18 01:06:49','2023-03-18 01:06:49',NULL),(141,0,'11','11',11,'image/png',386,'job-categories/11.png','[]','2023-03-18 01:06:49','2023-03-18 01:06:49',NULL),(142,0,'12','12',11,'image/png',386,'job-categories/12.png','[]','2023-03-18 01:06:49','2023-03-18 01:06:49',NULL),(143,0,'13','13',11,'image/png',386,'job-categories/13.png','[]','2023-03-18 01:06:49','2023-03-18 01:06:49',NULL),(144,0,'14','14',11,'image/png',386,'job-categories/14.png','[]','2023-03-18 01:06:49','2023-03-18 01:06:49',NULL),(145,0,'15','15',11,'image/png',386,'job-categories/15.png','[]','2023-03-18 01:06:49','2023-03-18 01:06:49',NULL),(146,0,'16','16',11,'image/png',386,'job-categories/16.png','[]','2023-03-18 01:06:49','2023-03-18 01:06:49',NULL),(147,0,'17','17',11,'image/png',386,'job-categories/17.png','[]','2023-03-18 01:06:49','2023-03-18 01:06:49',NULL),(148,0,'18','18',11,'image/png',386,'job-categories/18.png','[]','2023-03-18 01:06:49','2023-03-18 01:06:49',NULL),(149,0,'19','19',11,'image/png',386,'job-categories/19.png','[]','2023-03-18 01:06:49','2023-03-18 01:06:49',NULL),(150,0,'2','2',11,'image/png',386,'job-categories/2.png','[]','2023-03-18 01:06:49','2023-03-18 01:06:49',NULL),(151,0,'3','3',11,'image/png',386,'job-categories/3.png','[]','2023-03-18 01:06:49','2023-03-18 01:06:49',NULL),(152,0,'4','4',11,'image/png',386,'job-categories/4.png','[]','2023-03-18 01:06:49','2023-03-18 01:06:49',NULL),(153,0,'5','5',11,'image/png',386,'job-categories/5.png','[]','2023-03-18 01:06:49','2023-03-18 01:06:49',NULL),(154,0,'6','6',11,'image/png',386,'job-categories/6.png','[]','2023-03-18 01:06:49','2023-03-18 01:06:49',NULL),(155,0,'7','7',11,'image/png',386,'job-categories/7.png','[]','2023-03-18 01:06:49','2023-03-18 01:06:49',NULL),(156,0,'8','8',11,'image/png',386,'job-categories/8.png','[]','2023-03-18 01:06:49','2023-03-18 01:06:49',NULL),(157,0,'9','9',11,'image/png',386,'job-categories/9.png','[]','2023-03-18 01:06:49','2023-03-18 01:06:49',NULL),(158,0,'img-cover-1','img-cover-1',11,'image/png',35104,'job-categories/img-cover-1.png','[]','2023-03-18 01:06:49','2023-03-18 01:06:49',NULL),(159,0,'img-cover-2','img-cover-2',11,'image/png',35104,'job-categories/img-cover-2.png','[]','2023-03-18 01:06:49','2023-03-18 01:06:49',NULL),(160,0,'img-cover-3','img-cover-3',11,'image/png',35104,'job-categories/img-cover-3.png','[]','2023-03-18 01:06:50','2023-03-18 01:06:50',NULL),(161,0,'1','1',12,'image/png',578,'companies/1.png','[]','2023-03-18 01:06:50','2023-03-18 01:06:50',NULL),(162,0,'2','2',12,'image/png',578,'companies/2.png','[]','2023-03-18 01:06:50','2023-03-18 01:06:50',NULL),(163,0,'3','3',12,'image/png',578,'companies/3.png','[]','2023-03-18 01:06:50','2023-03-18 01:06:50',NULL),(164,0,'4','4',12,'image/png',578,'companies/4.png','[]','2023-03-18 01:06:50','2023-03-18 01:06:50',NULL),(165,0,'5','5',12,'image/png',578,'companies/5.png','[]','2023-03-18 01:06:50','2023-03-18 01:06:50',NULL),(166,0,'6','6',12,'image/png',578,'companies/6.png','[]','2023-03-18 01:06:50','2023-03-18 01:06:50',NULL),(167,0,'7','7',12,'image/png',578,'companies/7.png','[]','2023-03-18 01:06:50','2023-03-18 01:06:50',NULL),(168,0,'8','8',12,'image/png',578,'companies/8.png','[]','2023-03-18 01:06:50','2023-03-18 01:06:50',NULL),(169,0,'9','9',12,'image/png',578,'companies/9.png','[]','2023-03-18 01:06:50','2023-03-18 01:06:50',NULL),(170,0,'company-cover-image','company-cover-image',12,'image/png',8959,'companies/company-cover-image.png','[]','2023-03-18 01:06:50','2023-03-18 01:06:50',NULL),(171,0,'img1','img1',13,'image/png',5685,'jobs/img1.png','[]','2023-03-18 01:06:50','2023-03-18 01:06:50',NULL),(172,0,'img2','img2',13,'image/png',5685,'jobs/img2.png','[]','2023-03-18 01:06:50','2023-03-18 01:06:50',NULL),(173,0,'img3','img3',13,'image/png',5685,'jobs/img3.png','[]','2023-03-18 01:06:50','2023-03-18 01:06:50',NULL),(174,0,'img4','img4',13,'image/png',5685,'jobs/img4.png','[]','2023-03-18 01:06:50','2023-03-18 01:06:50',NULL),(175,0,'img5','img5',13,'image/png',5685,'jobs/img5.png','[]','2023-03-18 01:06:50','2023-03-18 01:06:50',NULL),(176,0,'img6','img6',13,'image/png',5685,'jobs/img6.png','[]','2023-03-18 01:06:50','2023-03-18 01:06:50',NULL),(177,0,'img7','img7',13,'image/png',5685,'jobs/img7.png','[]','2023-03-18 01:06:50','2023-03-18 01:06:50',NULL),(178,0,'img8','img8',13,'image/png',5685,'jobs/img8.png','[]','2023-03-18 01:06:50','2023-03-18 01:06:50',NULL),(179,0,'img9','img9',13,'image/png',5685,'jobs/img9.png','[]','2023-03-18 01:06:50','2023-03-18 01:06:50',NULL),(180,0,'01','01',14,'application/pdf',43496,'resume/01.pdf','[]','2023-03-18 01:06:51','2023-03-18 01:06:51',NULL),(181,0,'1','1',15,'image/png',1803,'avatars/1.png','[]','2023-03-18 01:06:51','2023-03-18 01:06:51',NULL),(182,0,'2','2',15,'image/png',1741,'avatars/2.png','[]','2023-03-18 01:06:51','2023-03-18 01:06:51',NULL),(183,0,'3','3',15,'image/png',1499,'avatars/3.png','[]','2023-03-18 01:06:51','2023-03-18 01:06:51',NULL),(184,0,'1','1',16,'image/png',162906,'covers/1.png','[]','2023-03-18 01:06:51','2023-03-18 01:06:51',NULL),(185,0,'2','2',16,'image/png',522588,'covers/2.png','[]','2023-03-18 01:06:51','2023-03-18 01:06:51',NULL),(186,0,'3','3',16,'image/png',124584,'covers/3.png','[]','2023-03-18 01:06:51','2023-03-18 01:06:51',NULL),(187,0,'1','1',17,'image/png',4272,'teams/1.png','[]','2023-03-18 01:06:58','2023-03-18 01:06:58',NULL),(188,0,'2','2',17,'image/png',4272,'teams/2.png','[]','2023-03-18 01:06:58','2023-03-18 01:06:58',NULL),(189,0,'3','3',17,'image/png',4272,'teams/3.png','[]','2023-03-18 01:06:58','2023-03-18 01:06:58',NULL),(190,0,'4','4',17,'image/png',4272,'teams/4.png','[]','2023-03-18 01:06:58','2023-03-18 01:06:58',NULL),(191,0,'5','5',17,'image/png',4272,'teams/5.png','[]','2023-03-18 01:06:58','2023-03-18 01:06:58',NULL),(192,0,'6','6',17,'image/png',4272,'teams/6.png','[]','2023-03-18 01:06:58','2023-03-18 01:06:58',NULL),(193,0,'7','7',17,'image/png',4272,'teams/7.png','[]','2023-03-18 01:06:58','2023-03-18 01:06:58',NULL),(194,0,'8','8',17,'image/png',4272,'teams/8.png','[]','2023-03-18 01:06:58','2023-03-18 01:06:58',NULL),(195,0,'1','1',18,'image/png',3922,'testimonials/1.png','[]','2023-03-18 01:06:58','2023-03-18 01:06:58',NULL),(196,0,'2','2',18,'image/png',3922,'testimonials/2.png','[]','2023-03-18 01:06:58','2023-03-18 01:06:58',NULL),(197,0,'3','3',18,'image/png',3922,'testimonials/3.png','[]','2023-03-18 01:06:58','2023-03-18 01:06:58',NULL),(198,0,'4','4',18,'image/png',3922,'testimonials/4.png','[]','2023-03-18 01:06:58','2023-03-18 01:06:58',NULL);

--
-- Table structure for table `media_folders`
--

CREATE TABLE `media_folders` (
  `id` bigint unsigned NOT NULL AUTO_INCREMENT,
  `user_id` bigint unsigned NOT NULL,
  `name` varchar(191) COLLATE utf8mb4_unicode_ci DEFAULT NULL,
  `slug` varchar(191) COLLATE utf8mb4_unicode_ci DEFAULT NULL,
  `parent_id` bigint unsigned NOT NULL DEFAULT '0',
  `created_at` timestamp NULL DEFAULT NULL,
  `updated_at` timestamp NULL DEFAULT NULL,
  `deleted_at` timestamp NULL DEFAULT NULL,
  PRIMARY KEY (`id`),
  KEY `media_folders_user_id_index` (`user_id`),
  KEY `media_folders_index` (`parent_id`,`user_id`,`created_at`)
) ENGINE=InnoDB AUTO_INCREMENT=19 DEFAULT CHARSET=utf8mb4 COLLATE=utf8mb4_unicode_ci;

--
-- Dumping data for table `media_folders`
--

INSERT INTO `media_folders` VALUES (3,0,'our-partners','our-partners',0,'2023-03-18 01:06:46','2023-03-18 01:06:46',NULL),(4,0,'news','news',0,'2023-03-18 01:06:46','2023-03-18 01:06:46',NULL),(5,0,'galleries','galleries',0,'2023-03-18 01:06:47','2023-03-18 01:06:47',NULL),(6,0,'widgets','widgets',0,'2023-03-18 01:06:47','2023-03-18 01:06:47',NULL),(7,0,'general','general',0,'2023-03-18 01:06:47','2023-03-18 01:06:47',NULL),(8,0,'authentication','authentication',0,'2023-03-18 01:06:48','2023-03-18 01:06:48',NULL),(9,0,'pages','pages',0,'2023-03-18 01:06:48','2023-03-18 01:06:48',NULL),(10,0,'locations','locations',0,'2023-03-18 01:06:49','2023-03-18 01:06:49',NULL),(11,0,'job-categories','job-categories',0,'2023-03-18 01:06:49','2023-03-18 01:06:49',NULL),(12,0,'companies','companies',0,'2023-03-18 01:06:50','2023-03-18 01:06:50',NULL),(13,0,'jobs','jobs',0,'2023-03-18 01:06:50','2023-03-18 01:06:50',NULL),(14,0,'resume','resume',0,'2023-03-18 01:06:51','2023-03-18 01:06:51',NULL),(15,0,'avatars','avatars',0,'2023-03-18 01:06:51','2023-03-18 01:06:51',NULL),(16,0,'covers','covers',0,'2023-03-18 01:06:51','2023-03-18 01:06:51',NULL),(17,0,'teams','teams',0,'2023-03-18 01:06:58','2023-03-18 01:06:58',NULL),(18,0,'testimonials','testimonials',0,'2023-03-18 01:06:58','2023-03-18 01:06:58',NULL);

--
-- Table structure for table `media_settings`
--

CREATE TABLE `media_settings` (
  `id` bigint unsigned NOT NULL AUTO_INCREMENT,
  `key` varchar(120) COLLATE utf8mb4_unicode_ci NOT NULL,
  `value` text COLLATE utf8mb4_unicode_ci,
  `media_id` bigint unsigned DEFAULT NULL,
  `user_id` bigint unsigned DEFAULT NULL,
  `created_at` timestamp NULL DEFAULT NULL,
  `updated_at` timestamp NULL DEFAULT NULL,
  PRIMARY KEY (`id`)
) ENGINE=InnoDB DEFAULT CHARSET=utf8mb4 COLLATE=utf8mb4_unicode_ci;

--
-- Dumping data for table `media_settings`
--


--
-- Table structure for table `menu_locations`
--

CREATE TABLE `menu_locations` (
  `id` bigint unsigned NOT NULL AUTO_INCREMENT,
  `menu_id` bigint unsigned NOT NULL,
  `location` varchar(120) COLLATE utf8mb4_unicode_ci NOT NULL,
  `created_at` timestamp NULL DEFAULT NULL,
  `updated_at` timestamp NULL DEFAULT NULL,
  PRIMARY KEY (`id`),
  KEY `menu_locations_menu_id_created_at_index` (`menu_id`,`created_at`)
) ENGINE=InnoDB AUTO_INCREMENT=3 DEFAULT CHARSET=utf8mb4 COLLATE=utf8mb4_unicode_ci;

--
-- Dumping data for table `menu_locations`
--

INSERT INTO `menu_locations` VALUES (1,1,'main-menu','2023-03-18 01:06:58','2023-03-18 01:06:58'),(2,6,'main-menu','2023-03-18 01:06:58','2023-03-18 01:06:58');

--
-- Table structure for table `menu_nodes`
--

CREATE TABLE `menu_nodes` (
  `id` bigint unsigned NOT NULL AUTO_INCREMENT,
  `menu_id` bigint unsigned NOT NULL,
  `parent_id` bigint unsigned NOT NULL DEFAULT '0',
  `reference_id` bigint unsigned DEFAULT NULL,
  `reference_type` varchar(255) COLLATE utf8mb4_unicode_ci DEFAULT NULL,
  `url` varchar(120) COLLATE utf8mb4_unicode_ci DEFAULT NULL,
  `icon_font` varchar(50) COLLATE utf8mb4_unicode_ci DEFAULT NULL,
  `position` tinyint unsigned NOT NULL DEFAULT '0',
  `title` varchar(120) COLLATE utf8mb4_unicode_ci DEFAULT NULL,
  `css_class` varchar(120) COLLATE utf8mb4_unicode_ci DEFAULT NULL,
  `target` varchar(20) COLLATE utf8mb4_unicode_ci NOT NULL DEFAULT '_self',
  `has_child` tinyint unsigned NOT NULL DEFAULT '0',
  `created_at` timestamp NULL DEFAULT NULL,
  `updated_at` timestamp NULL DEFAULT NULL,
  PRIMARY KEY (`id`),
  KEY `menu_nodes_menu_id_index` (`menu_id`),
  KEY `menu_nodes_parent_id_index` (`parent_id`),
  KEY `reference_id` (`reference_id`),
  KEY `reference_type` (`reference_type`)
) ENGINE=InnoDB AUTO_INCREMENT=91 DEFAULT CHARSET=utf8mb4 COLLATE=utf8mb4_unicode_ci;

--
-- Dumping data for table `menu_nodes`
--



--
-- Table structure for table `menus`
--

CREATE TABLE `menus` (
  `id` bigint unsigned NOT NULL AUTO_INCREMENT,
  `name` varchar(120) COLLATE utf8mb4_unicode_ci NOT NULL,
  `slug` varchar(120) COLLATE utf8mb4_unicode_ci DEFAULT NULL,
  `status` varchar(60) COLLATE utf8mb4_unicode_ci NOT NULL DEFAULT 'published',
  `created_at` timestamp NULL DEFAULT NULL,
  `updated_at` timestamp NULL DEFAULT NULL,
  PRIMARY KEY (`id`),
  UNIQUE KEY `menus_slug_unique` (`slug`)
) ENGINE=InnoDB AUTO_INCREMENT=11 DEFAULT CHARSET=utf8mb4 COLLATE=utf8mb4_unicode_ci;

--
-- Dumping data for table `menus`
--

INSERT INTO `menus` VALUES (1,'Main menu','main-menu','published','2023-03-18 01:06:58','2023-03-18 01:06:58'),(2,'Resources','resources','published','2023-03-18 01:06:58','2023-03-18 01:06:58'),(3,'Community','community','published','2023-03-18 01:06:58','2023-03-18 01:06:58'),(4,'Quick links','quick-links','published','2023-03-18 01:06:58','2023-03-18 01:06:58'),(5,'More','more','published','2023-03-18 01:06:58','2023-03-18 01:06:58'),(6,'Menu chính','menu-chinh','published','2023-03-18 01:06:58','2023-03-18 01:06:58'),(7,'Tài nguyên','tai-nguyen','published','2023-03-18 01:06:58','2023-03-18 01:06:58'),(8,'Cộng đồng','cong-dong','published','2023-03-18 01:06:58','2023-03-18 01:06:58'),(9,'Liên kết nhanh','lien-key-nhanh','published','2023-03-18 01:06:58','2023-03-18 01:06:58'),(10,'Còn thêm','con-them','published','2023-03-18 01:06:58','2023-03-18 01:06:58');

--
-- Table structure for table `meta_boxes`
--

CREATE TABLE `meta_boxes` (
  `id` bigint unsigned NOT NULL AUTO_INCREMENT,
  `meta_key` varchar(255) COLLATE utf8mb4_unicode_ci NOT NULL,
  `meta_value` text COLLATE utf8mb4_unicode_ci,
  `reference_id` bigint unsigned NOT NULL,
  `reference_type` varchar(120) COLLATE utf8mb4_unicode_ci NOT NULL,
  `created_at` timestamp NULL DEFAULT NULL,
  `updated_at` timestamp NULL DEFAULT NULL,
  PRIMARY KEY (`id`),
  KEY `meta_boxes_reference_id_index` (`reference_id`)
) ENGINE=InnoDB AUTO_INCREMENT=203 DEFAULT CHARSET=utf8mb4 COLLATE=utf8mb4_unicode_ci;

--
-- Dumping data for table `meta_boxes`
--

INSERT INTO `meta_boxes` VALUES (1,'background_breadcrumb','[\"pages\\/background_breadcrumb.png\"]',10,'Botble\\Page\\Models\\Page','2023-03-18 01:06:46','2023-03-18 01:06:46'),(2,'background_breadcrumb','[\"pages\\/background_breadcrumb.png\"]',12,'Botble\\Page\\Models\\Page','2023-03-18 01:06:46','2023-03-18 01:06:46'),(3,'cover_image','[\"news\\/cover-image1.png\"]',1,'Botble\\Blog\\Models\\Post','2023-03-18 01:06:47','2023-03-18 01:06:47'),(4,'cover_image','[\"news\\/cover-image2.png\"]',2,'Botble\\Blog\\Models\\Post','2023-03-18 01:06:47','2023-03-18 01:06:47'),(5,'cover_image','[\"news\\/cover-image3.png\"]',3,'Botble\\Blog\\Models\\Post','2023-03-18 01:06:47','2023-03-18 01:06:47'),(6,'city_image','[\"locations\\/location1.png\"]',1,'Botble\\Location\\Models\\City','2023-03-18 01:06:49','2023-03-18 01:06:49'),(7,'city_image','[\"locations\\/location2.png\"]',2,'Botble\\Location\\Models\\City','2023-03-18 01:06:49','2023-03-18 01:06:49'),(8,'city_image','[\"locations\\/location3.png\"]',3,'Botble\\Location\\Models\\City','2023-03-18 01:06:49','2023-03-18 01:06:49'),(9,'city_image','[\"locations\\/location4.png\"]',4,'Botble\\Location\\Models\\City','2023-03-18 01:06:49','2023-03-18 01:06:49'),(10,'city_image','[\"locations\\/location5.png\"]',5,'Botble\\Location\\Models\\City','2023-03-18 01:06:49','2023-03-18 01:06:49'),(11,'city_image','[\"locations\\/location6.png\"]',6,'Botble\\Location\\Models\\City','2023-03-18 01:06:49','2023-03-18 01:06:49'),(12,'icon_image','[\"general\\/content.png\"]',1,'Botble\\JobBoard\\Models\\Category','2023-03-18 01:06:50','2023-03-18 01:06:50'),(13,'job_category_image','[\"job-categories\\/img-cover-2.png\"]',1,'Botble\\JobBoard\\Models\\Category','2023-03-18 01:06:50','2023-03-18 01:06:50'),(14,'icon_image','[\"general\\/research.png\"]',2,'Botble\\JobBoard\\Models\\Category','2023-03-18 01:06:50','2023-03-18 01:06:50'),(15,'job_category_image','[\"job-categories\\/img-cover-1.png\"]',2,'Botble\\JobBoard\\Models\\Category','2023-03-18 01:06:50','2023-03-18 01:06:50'),(16,'icon_image','[\"general\\/marketing.png\"]',3,'Botble\\JobBoard\\Models\\Category','2023-03-18 01:06:50','2023-03-18 01:06:50'),(17,'job_category_image','[\"job-categories\\/img-cover-3.png\"]',3,'Botble\\JobBoard\\Models\\Category','2023-03-18 01:06:50','2023-03-18 01:06:50'),(18,'icon_image','[\"general\\/customer.png\"]',4,'Botble\\JobBoard\\Models\\Category','2023-03-18 01:06:50','2023-03-18 01:06:50'),(19,'job_category_image','[\"job-categories\\/img-cover-1.png\"]',4,'Botble\\JobBoard\\Models\\Category','2023-03-18 01:06:50','2023-03-18 01:06:50'),(20,'icon_image','[\"general\\/finance.png\"]',5,'Botble\\JobBoard\\Models\\Category','2023-03-18 01:06:50','2023-03-18 01:06:50'),(21,'job_category_image','[\"job-categories\\/img-cover-2.png\"]',5,'Botble\\JobBoard\\Models\\Category','2023-03-18 01:06:50','2023-03-18 01:06:50'),(22,'icon_image','[\"general\\/lightning.png\"]',6,'Botble\\JobBoard\\Models\\Category','2023-03-18 01:06:50','2023-03-18 01:06:50'),(23,'job_category_image','[\"job-categories\\/img-cover-2.png\"]',6,'Botble\\JobBoard\\Models\\Category','2023-03-18 01:06:50','2023-03-18 01:06:50'),(24,'icon_image','[\"general\\/human.png\"]',7,'Botble\\JobBoard\\Models\\Category','2023-03-18 01:06:50','2023-03-18 01:06:50'),(25,'job_category_image','[\"job-categories\\/img-cover-2.png\"]',7,'Botble\\JobBoard\\Models\\Category','2023-03-18 01:06:50','2023-03-18 01:06:50'),(26,'icon_image','[\"general\\/management.png\"]',8,'Botble\\JobBoard\\Models\\Category','2023-03-18 01:06:50','2023-03-18 01:06:50'),(27,'job_category_image','[\"job-categories\\/img-cover-3.png\"]',8,'Botble\\JobBoard\\Models\\Category','2023-03-18 01:06:50','2023-03-18 01:06:50'),(28,'icon_image','[\"general\\/retail.png\"]',9,'Botble\\JobBoard\\Models\\Category','2023-03-18 01:06:50','2023-03-18 01:06:50'),(29,'job_category_image','[\"job-categories\\/img-cover-1.png\"]',9,'Botble\\JobBoard\\Models\\Category','2023-03-18 01:06:50','2023-03-18 01:06:50'),(30,'icon_image','[\"general\\/security.png\"]',10,'Botble\\JobBoard\\Models\\Category','2023-03-18 01:06:50','2023-03-18 01:06:50'),(31,'job_category_image','[\"job-categories\\/img-cover-3.png\"]',10,'Botble\\JobBoard\\Models\\Category','2023-03-18 01:06:50','2023-03-18 01:06:50'),(32,'cover_image','[\"companies\\/company-cover-image.png\"]',1,'Botble\\JobBoard\\Models\\Company','2023-03-18 01:06:50','2023-03-18 01:06:50'),(33,'cover_image','[\"companies\\/company-cover-image.png\"]',2,'Botble\\JobBoard\\Models\\Company','2023-03-18 01:06:50','2023-03-18 01:06:50'),(34,'cover_image','[\"companies\\/company-cover-image.png\"]',3,'Botble\\JobBoard\\Models\\Company','2023-03-18 01:06:50','2023-03-18 01:06:50'),(35,'cover_image','[\"companies\\/company-cover-image.png\"]',4,'Botble\\JobBoard\\Models\\Company','2023-03-18 01:06:50','2023-03-18 01:06:50'),(36,'cover_image','[\"companies\\/company-cover-image.png\"]',5,'Botble\\JobBoard\\Models\\Company','2023-03-18 01:06:50','2023-03-18 01:06:50'),(37,'cover_image','[\"companies\\/company-cover-image.png\"]',6,'Botble\\JobBoard\\Models\\Company','2023-03-18 01:06:50','2023-03-18 01:06:50'),(38,'cover_image','[\"companies\\/company-cover-image.png\"]',7,'Botble\\JobBoard\\Models\\Company','2023-03-18 01:06:50','2023-03-18 01:06:50'),(39,'cover_image','[\"companies\\/company-cover-image.png\"]',8,'Botble\\JobBoard\\Models\\Company','2023-03-18 01:06:50','2023-03-18 01:06:50'),(40,'cover_image','[\"companies\\/company-cover-image.png\"]',9,'Botble\\JobBoard\\Models\\Company','2023-03-18 01:06:50','2023-03-18 01:06:50'),(41,'cover_image','[\"companies\\/company-cover-image.png\"]',10,'Botble\\JobBoard\\Models\\Company','2023-03-18 01:06:50','2023-03-18 01:06:50'),(42,'cover_image','[\"companies\\/company-cover-image.png\"]',11,'Botble\\JobBoard\\Models\\Company','2023-03-18 01:06:50','2023-03-18 01:06:50'),(43,'cover_image','[\"companies\\/company-cover-image.png\"]',12,'Botble\\JobBoard\\Models\\Company','2023-03-18 01:06:50','2023-03-18 01:06:50'),(44,'cover_image','[\"companies\\/company-cover-image.png\"]',13,'Botble\\JobBoard\\Models\\Company','2023-03-18 01:06:50','2023-03-18 01:06:50'),(45,'cover_image','[\"companies\\/company-cover-image.png\"]',14,'Botble\\JobBoard\\Models\\Company','2023-03-18 01:06:50','2023-03-18 01:06:50'),(46,'cover_image','[\"companies\\/company-cover-image.png\"]',15,'Botble\\JobBoard\\Models\\Company','2023-03-18 01:06:50','2023-03-18 01:06:50'),(47,'cover_image','[\"companies\\/company-cover-image.png\"]',16,'Botble\\JobBoard\\Models\\Company','2023-03-18 01:06:50','2023-03-18 01:06:50'),(48,'cover_image','[\"companies\\/company-cover-image.png\"]',17,'Botble\\JobBoard\\Models\\Company','2023-03-18 01:06:50','2023-03-18 01:06:50'),(49,'cover_image','[\"companies\\/company-cover-image.png\"]',18,'Botble\\JobBoard\\Models\\Company','2023-03-18 01:06:50','2023-03-18 01:06:50'),(50,'cover_image','[\"companies\\/company-cover-image.png\"]',19,'Botble\\JobBoard\\Models\\Company','2023-03-18 01:06:50','2023-03-18 01:06:50'),(51,'cover_image','[\"companies\\/company-cover-image.png\"]',20,'Botble\\JobBoard\\Models\\Company','2023-03-18 01:06:50','2023-03-18 01:06:50'),(52,'featured_image','[\"jobs\\/img1.png\"]',1,'Botble\\JobBoard\\Models\\Job','2023-03-18 01:06:50','2023-03-18 01:06:50'),(53,'featured_image','[\"jobs\\/img2.png\"]',2,'Botble\\JobBoard\\Models\\Job','2023-03-18 01:06:50','2023-03-18 01:06:50'),(54,'featured_image','[\"jobs\\/img3.png\"]',3,'Botble\\JobBoard\\Models\\Job','2023-03-18 01:06:50','2023-03-18 01:06:50'),(55,'featured_image','[\"jobs\\/img4.png\"]',4,'Botble\\JobBoard\\Models\\Job','2023-03-18 01:06:50','2023-03-18 01:06:50'),(56,'featured_image','[\"jobs\\/img5.png\"]',5,'Botble\\JobBoard\\Models\\Job','2023-03-18 01:06:50','2023-03-18 01:06:50'),(57,'featured_image','[\"jobs\\/img6.png\"]',6,'Botble\\JobBoard\\Models\\Job','2023-03-18 01:06:50','2023-03-18 01:06:50'),(58,'featured_image','[\"jobs\\/img7.png\"]',7,'Botble\\JobBoard\\Models\\Job','2023-03-18 01:06:50','2023-03-18 01:06:50'),(59,'featured_image','[\"jobs\\/img8.png\"]',8,'Botble\\JobBoard\\Models\\Job','2023-03-18 01:06:50','2023-03-18 01:06:50'),(60,'featured_image','[\"jobs\\/img9.png\"]',9,'Botble\\JobBoard\\Models\\Job','2023-03-18 01:06:50','2023-03-18 01:06:50'),(61,'featured_image','[\"jobs\\/img5.png\"]',10,'Botble\\JobBoard\\Models\\Job','2023-03-18 01:06:50','2023-03-18 01:06:50'),(62,'featured_image','[\"jobs\\/img9.png\"]',11,'Botble\\JobBoard\\Models\\Job','2023-03-18 01:06:50','2023-03-18 01:06:50'),(63,'featured_image','[\"jobs\\/img5.png\"]',12,'Botble\\JobBoard\\Models\\Job','2023-03-18 01:06:50','2023-03-18 01:06:50'),(64,'featured_image','[\"jobs\\/img8.png\"]',13,'Botble\\JobBoard\\Models\\Job','2023-03-18 01:06:50','2023-03-18 01:06:50'),(65,'featured_image','[\"jobs\\/img9.png\"]',14,'Botble\\JobBoard\\Models\\Job','2023-03-18 01:06:50','2023-03-18 01:06:50'),(66,'featured_image','[\"jobs\\/img1.png\"]',15,'Botble\\JobBoard\\Models\\Job','2023-03-18 01:06:50','2023-03-18 01:06:50'),(67,'featured_image','[\"jobs\\/img2.png\"]',16,'Botble\\JobBoard\\Models\\Job','2023-03-18 01:06:50','2023-03-18 01:06:50'),(68,'featured_image','[\"jobs\\/img4.png\"]',17,'Botble\\JobBoard\\Models\\Job','2023-03-18 01:06:50','2023-03-18 01:06:50'),(69,'featured_image','[\"jobs\\/img7.png\"]',18,'Botble\\JobBoard\\Models\\Job','2023-03-18 01:06:50','2023-03-18 01:06:50'),(70,'featured_image','[\"jobs\\/img3.png\"]',19,'Botble\\JobBoard\\Models\\Job','2023-03-18 01:06:50','2023-03-18 01:06:50'),(71,'featured_image','[\"jobs\\/img8.png\"]',20,'Botble\\JobBoard\\Models\\Job','2023-03-18 01:06:50','2023-03-18 01:06:50'),(72,'featured_image','[\"jobs\\/img6.png\"]',21,'Botble\\JobBoard\\Models\\Job','2023-03-18 01:06:50','2023-03-18 01:06:50'),(73,'featured_image','[\"jobs\\/img4.png\"]',22,'Botble\\JobBoard\\Models\\Job','2023-03-18 01:06:50','2023-03-18 01:06:50'),(74,'featured_image','[\"jobs\\/img4.png\"]',23,'Botble\\JobBoard\\Models\\Job','2023-03-18 01:06:50','2023-03-18 01:06:50'),(75,'featured_image','[\"jobs\\/img4.png\"]',24,'Botble\\JobBoard\\Models\\Job','2023-03-18 01:06:50','2023-03-18 01:06:50'),(76,'featured_image','[\"jobs\\/img8.png\"]',25,'Botble\\JobBoard\\Models\\Job','2023-03-18 01:06:50','2023-03-18 01:06:50'),(77,'featured_image','[\"jobs\\/img8.png\"]',26,'Botble\\JobBoard\\Models\\Job','2023-03-18 01:06:50','2023-03-18 01:06:50'),(78,'featured_image','[\"jobs\\/img4.png\"]',27,'Botble\\JobBoard\\Models\\Job','2023-03-18 01:06:50','2023-03-18 01:06:50'),(79,'featured_image','[\"jobs\\/img2.png\"]',28,'Botble\\JobBoard\\Models\\Job','2023-03-18 01:06:50','2023-03-18 01:06:50'),(80,'featured_image','[\"jobs\\/img4.png\"]',29,'Botble\\JobBoard\\Models\\Job','2023-03-18 01:06:50','2023-03-18 01:06:50'),(81,'featured_image','[\"jobs\\/img2.png\"]',30,'Botble\\JobBoard\\Models\\Job','2023-03-18 01:06:50','2023-03-18 01:06:50'),(82,'featured_image','[\"jobs\\/img8.png\"]',31,'Botble\\JobBoard\\Models\\Job','2023-03-18 01:06:50','2023-03-18 01:06:50'),(83,'featured_image','[\"jobs\\/img5.png\"]',32,'Botble\\JobBoard\\Models\\Job','2023-03-18 01:06:51','2023-03-18 01:06:51'),(84,'featured_image','[\"jobs\\/img9.png\"]',33,'Botble\\JobBoard\\Models\\Job','2023-03-18 01:06:51','2023-03-18 01:06:51'),(85,'featured_image','[\"jobs\\/img2.png\"]',34,'Botble\\JobBoard\\Models\\Job','2023-03-18 01:06:51','2023-03-18 01:06:51'),(86,'featured_image','[\"jobs\\/img2.png\"]',35,'Botble\\JobBoard\\Models\\Job','2023-03-18 01:06:51','2023-03-18 01:06:51'),(87,'featured_image','[\"jobs\\/img3.png\"]',36,'Botble\\JobBoard\\Models\\Job','2023-03-18 01:06:51','2023-03-18 01:06:51'),(88,'featured_image','[\"jobs\\/img6.png\"]',37,'Botble\\JobBoard\\Models\\Job','2023-03-18 01:06:51','2023-03-18 01:06:51'),(89,'featured_image','[\"jobs\\/img1.png\"]',38,'Botble\\JobBoard\\Models\\Job','2023-03-18 01:06:51','2023-03-18 01:06:51'),(90,'featured_image','[\"jobs\\/img9.png\"]',39,'Botble\\JobBoard\\Models\\Job','2023-03-18 01:06:51','2023-03-18 01:06:51'),(91,'featured_image','[\"jobs\\/img1.png\"]',40,'Botble\\JobBoard\\Models\\Job','2023-03-18 01:06:51','2023-03-18 01:06:51'),(92,'featured_image','[\"jobs\\/img8.png\"]',41,'Botble\\JobBoard\\Models\\Job','2023-03-18 01:06:51','2023-03-18 01:06:51'),(93,'featured_image','[\"jobs\\/img2.png\"]',42,'Botble\\JobBoard\\Models\\Job','2023-03-18 01:06:51','2023-03-18 01:06:51'),(94,'featured_image','[\"jobs\\/img3.png\"]',43,'Botble\\JobBoard\\Models\\Job','2023-03-18 01:06:51','2023-03-18 01:06:51'),(95,'featured_image','[\"jobs\\/img7.png\"]',44,'Botble\\JobBoard\\Models\\Job','2023-03-18 01:06:51','2023-03-18 01:06:51'),(96,'featured_image','[\"jobs\\/img2.png\"]',45,'Botble\\JobBoard\\Models\\Job','2023-03-18 01:06:51','2023-03-18 01:06:51'),(97,'featured_image','[\"jobs\\/img9.png\"]',46,'Botble\\JobBoard\\Models\\Job','2023-03-18 01:06:51','2023-03-18 01:06:51'),(98,'featured_image','[\"jobs\\/img5.png\"]',47,'Botble\\JobBoard\\Models\\Job','2023-03-18 01:06:51','2023-03-18 01:06:51'),(99,'featured_image','[\"jobs\\/img1.png\"]',48,'Botble\\JobBoard\\Models\\Job','2023-03-18 01:06:51','2023-03-18 01:06:51'),(100,'featured_image','[\"jobs\\/img1.png\"]',49,'Botble\\JobBoard\\Models\\Job','2023-03-18 01:06:51','2023-03-18 01:06:51'),(101,'featured_image','[\"jobs\\/img2.png\"]',50,'Botble\\JobBoard\\Models\\Job','2023-03-18 01:06:51','2023-03-18 01:06:51'),(102,'featured_image','[\"jobs\\/img6.png\"]',51,'Botble\\JobBoard\\Models\\Job','2023-03-18 01:06:51','2023-03-18 01:06:51'),(103,'cover_image','[\"covers\\/3.png\"]',1,'Botble\\JobBoard\\Models\\Account','2023-03-18 01:06:51','2023-03-18 01:06:51'),(104,'cover_image','[\"covers\\/1.png\"]',2,'Botble\\JobBoard\\Models\\Account','2023-03-18 01:06:51','2023-03-18 01:06:51'),(105,'cover_image','[\"covers\\/2.png\"]',3,'Botble\\JobBoard\\Models\\Account','2023-03-18 01:06:51','2023-03-18 01:06:51'),(106,'cover_image','[\"covers\\/2.png\"]',4,'Botble\\JobBoard\\Models\\Account','2023-03-18 01:06:52','2023-03-18 01:06:52'),(107,'cover_image','[\"covers\\/3.png\"]',5,'Botble\\JobBoard\\Models\\Account','2023-03-18 01:06:52','2023-03-18 01:06:52'),(108,'cover_image','[\"covers\\/2.png\"]',6,'Botble\\JobBoard\\Models\\Account','2023-03-18 01:06:52','2023-03-18 01:06:52'),(109,'cover_image','[\"covers\\/1.png\"]',7,'Botble\\JobBoard\\Models\\Account','2023-03-18 01:06:52','2023-03-18 01:06:52'),(110,'cover_image','[\"covers\\/3.png\"]',8,'Botble\\JobBoard\\Models\\Account','2023-03-18 01:06:52','2023-03-18 01:06:52'),(111,'cover_image','[\"covers\\/2.png\"]',9,'Botble\\JobBoard\\Models\\Account','2023-03-18 01:06:52','2023-03-18 01:06:52'),(112,'cover_image','[\"covers\\/2.png\"]',10,'Botble\\JobBoard\\Models\\Account','2023-03-18 01:06:52','2023-03-18 01:06:52'),(113,'cover_image','[\"covers\\/2.png\"]',11,'Botble\\JobBoard\\Models\\Account','2023-03-18 01:06:52','2023-03-18 01:06:52'),(114,'cover_image','[\"covers\\/1.png\"]',12,'Botble\\JobBoard\\Models\\Account','2023-03-18 01:06:52','2023-03-18 01:06:52'),(115,'cover_image','[\"covers\\/3.png\"]',13,'Botble\\JobBoard\\Models\\Account','2023-03-18 01:06:52','2023-03-18 01:06:52'),(116,'cover_image','[\"covers\\/3.png\"]',14,'Botble\\JobBoard\\Models\\Account','2023-03-18 01:06:52','2023-03-18 01:06:52'),(117,'cover_image','[\"covers\\/2.png\"]',15,'Botble\\JobBoard\\Models\\Account','2023-03-18 01:06:52','2023-03-18 01:06:52'),(118,'cover_image','[\"covers\\/2.png\"]',16,'Botble\\JobBoard\\Models\\Account','2023-03-18 01:06:52','2023-03-18 01:06:52'),(119,'cover_image','[\"covers\\/1.png\"]',17,'Botble\\JobBoard\\Models\\Account','2023-03-18 01:06:52','2023-03-18 01:06:52'),(120,'cover_image','[\"covers\\/1.png\"]',18,'Botble\\JobBoard\\Models\\Account','2023-03-18 01:06:52','2023-03-18 01:06:52'),(121,'cover_image','[\"covers\\/2.png\"]',19,'Botble\\JobBoard\\Models\\Account','2023-03-18 01:06:53','2023-03-18 01:06:53'),(122,'cover_image','[\"covers\\/2.png\"]',20,'Botble\\JobBoard\\Models\\Account','2023-03-18 01:06:53','2023-03-18 01:06:53'),(123,'cover_image','[\"covers\\/1.png\"]',21,'Botble\\JobBoard\\Models\\Account','2023-03-18 01:06:53','2023-03-18 01:06:53'),(124,'cover_image','[\"covers\\/3.png\"]',22,'Botble\\JobBoard\\Models\\Account','2023-03-18 01:06:53','2023-03-18 01:06:53'),(125,'cover_image','[\"covers\\/3.png\"]',23,'Botble\\JobBoard\\Models\\Account','2023-03-18 01:06:53','2023-03-18 01:06:53'),(126,'cover_image','[\"covers\\/2.png\"]',24,'Botble\\JobBoard\\Models\\Account','2023-03-18 01:06:53','2023-03-18 01:06:53'),(127,'cover_image','[\"covers\\/2.png\"]',25,'Botble\\JobBoard\\Models\\Account','2023-03-18 01:06:53','2023-03-18 01:06:53'),(128,'cover_image','[\"covers\\/3.png\"]',26,'Botble\\JobBoard\\Models\\Account','2023-03-18 01:06:53','2023-03-18 01:06:53'),(129,'cover_image','[\"covers\\/3.png\"]',27,'Botble\\JobBoard\\Models\\Account','2023-03-18 01:06:53','2023-03-18 01:06:53'),(130,'cover_image','[\"covers\\/2.png\"]',28,'Botble\\JobBoard\\Models\\Account','2023-03-18 01:06:53','2023-03-18 01:06:53'),(131,'cover_image','[\"covers\\/3.png\"]',29,'Botble\\JobBoard\\Models\\Account','2023-03-18 01:06:53','2023-03-18 01:06:53'),(132,'cover_image','[\"covers\\/2.png\"]',30,'Botble\\JobBoard\\Models\\Account','2023-03-18 01:06:53','2023-03-18 01:06:53'),(133,'cover_image','[\"covers\\/2.png\"]',31,'Botble\\JobBoard\\Models\\Account','2023-03-18 01:06:53','2023-03-18 01:06:53'),(134,'cover_image','[\"covers\\/3.png\"]',32,'Botble\\JobBoard\\Models\\Account','2023-03-18 01:06:53','2023-03-18 01:06:53'),(135,'cover_image','[\"covers\\/1.png\"]',33,'Botble\\JobBoard\\Models\\Account','2023-03-18 01:06:53','2023-03-18 01:06:53'),(136,'cover_image','[\"covers\\/3.png\"]',34,'Botble\\JobBoard\\Models\\Account','2023-03-18 01:06:53','2023-03-18 01:06:53'),(137,'cover_image','[\"covers\\/3.png\"]',35,'Botble\\JobBoard\\Models\\Account','2023-03-18 01:06:54','2023-03-18 01:06:54'),(138,'cover_image','[\"covers\\/1.png\"]',36,'Botble\\JobBoard\\Models\\Account','2023-03-18 01:06:54','2023-03-18 01:06:54'),(139,'cover_image','[\"covers\\/2.png\"]',37,'Botble\\JobBoard\\Models\\Account','2023-03-18 01:06:54','2023-03-18 01:06:54'),(140,'cover_image','[\"covers\\/3.png\"]',38,'Botble\\JobBoard\\Models\\Account','2023-03-18 01:06:54','2023-03-18 01:06:54'),(141,'cover_image','[\"covers\\/1.png\"]',39,'Botble\\JobBoard\\Models\\Account','2023-03-18 01:06:54','2023-03-18 01:06:54'),(142,'cover_image','[\"covers\\/2.png\"]',40,'Botble\\JobBoard\\Models\\Account','2023-03-18 01:06:54','2023-03-18 01:06:54'),(143,'cover_image','[\"covers\\/2.png\"]',41,'Botble\\JobBoard\\Models\\Account','2023-03-18 01:06:54','2023-03-18 01:06:54'),(144,'cover_image','[\"covers\\/2.png\"]',42,'Botble\\JobBoard\\Models\\Account','2023-03-18 01:06:54','2023-03-18 01:06:54'),(145,'cover_image','[\"covers\\/2.png\"]',43,'Botble\\JobBoard\\Models\\Account','2023-03-18 01:06:54','2023-03-18 01:06:54'),(146,'cover_image','[\"covers\\/1.png\"]',44,'Botble\\JobBoard\\Models\\Account','2023-03-18 01:06:54','2023-03-18 01:06:54'),(147,'cover_image','[\"covers\\/1.png\"]',45,'Botble\\JobBoard\\Models\\Account','2023-03-18 01:06:54','2023-03-18 01:06:54'),(148,'cover_image','[\"covers\\/3.png\"]',46,'Botble\\JobBoard\\Models\\Account','2023-03-18 01:06:54','2023-03-18 01:06:54'),(149,'cover_image','[\"covers\\/3.png\"]',47,'Botble\\JobBoard\\Models\\Account','2023-03-18 01:06:54','2023-03-18 01:06:54'),(150,'cover_image','[\"covers\\/3.png\"]',48,'Botble\\JobBoard\\Models\\Account','2023-03-18 01:06:54','2023-03-18 01:06:54'),(151,'cover_image','[\"covers\\/1.png\"]',49,'Botble\\JobBoard\\Models\\Account','2023-03-18 01:06:54','2023-03-18 01:06:54'),(152,'cover_image','[\"covers\\/1.png\"]',50,'Botble\\JobBoard\\Models\\Account','2023-03-18 01:06:55','2023-03-18 01:06:55'),(153,'cover_image','[\"covers\\/1.png\"]',51,'Botble\\JobBoard\\Models\\Account','2023-03-18 01:06:55','2023-03-18 01:06:55'),(154,'cover_image','[\"covers\\/2.png\"]',52,'Botble\\JobBoard\\Models\\Account','2023-03-18 01:06:55','2023-03-18 01:06:55'),(155,'cover_image','[\"covers\\/2.png\"]',53,'Botble\\JobBoard\\Models\\Account','2023-03-18 01:06:55','2023-03-18 01:06:55'),(156,'cover_image','[\"covers\\/3.png\"]',54,'Botble\\JobBoard\\Models\\Account','2023-03-18 01:06:55','2023-03-18 01:06:55'),(157,'cover_image','[\"covers\\/1.png\"]',55,'Botble\\JobBoard\\Models\\Account','2023-03-18 01:06:55','2023-03-18 01:06:55'),(158,'cover_image','[\"covers\\/1.png\"]',56,'Botble\\JobBoard\\Models\\Account','2023-03-18 01:06:55','2023-03-18 01:06:55'),(159,'cover_image','[\"covers\\/3.png\"]',57,'Botble\\JobBoard\\Models\\Account','2023-03-18 01:06:55','2023-03-18 01:06:55'),(160,'cover_image','[\"covers\\/1.png\"]',58,'Botble\\JobBoard\\Models\\Account','2023-03-18 01:06:55','2023-03-18 01:06:55'),(161,'cover_image','[\"covers\\/1.png\"]',59,'Botble\\JobBoard\\Models\\Account','2023-03-18 01:06:55','2023-03-18 01:06:55'),(162,'cover_image','[\"covers\\/1.png\"]',60,'Botble\\JobBoard\\Models\\Account','2023-03-18 01:06:55','2023-03-18 01:06:55'),(163,'cover_image','[\"covers\\/1.png\"]',61,'Botble\\JobBoard\\Models\\Account','2023-03-18 01:06:55','2023-03-18 01:06:55'),(164,'cover_image','[\"covers\\/3.png\"]',62,'Botble\\JobBoard\\Models\\Account','2023-03-18 01:06:55','2023-03-18 01:06:55'),(165,'cover_image','[\"covers\\/1.png\"]',63,'Botble\\JobBoard\\Models\\Account','2023-03-18 01:06:55','2023-03-18 01:06:55'),(166,'cover_image','[\"covers\\/2.png\"]',64,'Botble\\JobBoard\\Models\\Account','2023-03-18 01:06:55','2023-03-18 01:06:55'),(167,'cover_image','[\"covers\\/3.png\"]',65,'Botble\\JobBoard\\Models\\Account','2023-03-18 01:06:55','2023-03-18 01:06:55'),(168,'cover_image','[\"covers\\/1.png\"]',66,'Botble\\JobBoard\\Models\\Account','2023-03-18 01:06:56','2023-03-18 01:06:56'),(169,'cover_image','[\"covers\\/1.png\"]',67,'Botble\\JobBoard\\Models\\Account','2023-03-18 01:06:56','2023-03-18 01:06:56'),(170,'cover_image','[\"covers\\/2.png\"]',68,'Botble\\JobBoard\\Models\\Account','2023-03-18 01:06:56','2023-03-18 01:06:56'),(171,'cover_image','[\"covers\\/2.png\"]',69,'Botble\\JobBoard\\Models\\Account','2023-03-18 01:06:56','2023-03-18 01:06:56'),(172,'cover_image','[\"covers\\/2.png\"]',70,'Botble\\JobBoard\\Models\\Account','2023-03-18 01:06:56','2023-03-18 01:06:56'),(173,'cover_image','[\"covers\\/2.png\"]',71,'Botble\\JobBoard\\Models\\Account','2023-03-18 01:06:56','2023-03-18 01:06:56'),(174,'cover_image','[\"covers\\/3.png\"]',72,'Botble\\JobBoard\\Models\\Account','2023-03-18 01:06:56','2023-03-18 01:06:56'),(175,'cover_image','[\"covers\\/2.png\"]',73,'Botble\\JobBoard\\Models\\Account','2023-03-18 01:06:56','2023-03-18 01:06:56'),(176,'cover_image','[\"covers\\/2.png\"]',74,'Botble\\JobBoard\\Models\\Account','2023-03-18 01:06:56','2023-03-18 01:06:56'),(177,'cover_image','[\"covers\\/3.png\"]',75,'Botble\\JobBoard\\Models\\Account','2023-03-18 01:06:56','2023-03-18 01:06:56'),(178,'cover_image','[\"covers\\/3.png\"]',76,'Botble\\JobBoard\\Models\\Account','2023-03-18 01:06:56','2023-03-18 01:06:56'),(179,'cover_image','[\"covers\\/3.png\"]',77,'Botble\\JobBoard\\Models\\Account','2023-03-18 01:06:56','2023-03-18 01:06:56'),(180,'cover_image','[\"covers\\/1.png\"]',78,'Botble\\JobBoard\\Models\\Account','2023-03-18 01:06:56','2023-03-18 01:06:56'),(181,'cover_image','[\"covers\\/2.png\"]',79,'Botble\\JobBoard\\Models\\Account','2023-03-18 01:06:56','2023-03-18 01:06:56'),(182,'cover_image','[\"covers\\/1.png\"]',80,'Botble\\JobBoard\\Models\\Account','2023-03-18 01:06:56','2023-03-18 01:06:56'),(183,'cover_image','[\"covers\\/2.png\"]',81,'Botble\\JobBoard\\Models\\Account','2023-03-18 01:06:57','2023-03-18 01:06:57'),(184,'cover_image','[\"covers\\/2.png\"]',82,'Botble\\JobBoard\\Models\\Account','2023-03-18 01:06:57','2023-03-18 01:06:57'),(185,'cover_image','[\"covers\\/2.png\"]',83,'Botble\\JobBoard\\Models\\Account','2023-03-18 01:06:57','2023-03-18 01:06:57'),(186,'cover_image','[\"covers\\/1.png\"]',84,'Botble\\JobBoard\\Models\\Account','2023-03-18 01:06:57','2023-03-18 01:06:57'),(187,'cover_image','[\"covers\\/2.png\"]',85,'Botble\\JobBoard\\Models\\Account','2023-03-18 01:06:57','2023-03-18 01:06:57'),(188,'cover_image','[\"covers\\/2.png\"]',86,'Botble\\JobBoard\\Models\\Account','2023-03-18 01:06:57','2023-03-18 01:06:57'),(189,'cover_image','[\"covers\\/1.png\"]',87,'Botble\\JobBoard\\Models\\Account','2023-03-18 01:06:57','2023-03-18 01:06:57'),(190,'cover_image','[\"covers\\/1.png\"]',88,'Botble\\JobBoard\\Models\\Account','2023-03-18 01:06:57','2023-03-18 01:06:57'),(191,'cover_image','[\"covers\\/1.png\"]',89,'Botble\\JobBoard\\Models\\Account','2023-03-18 01:06:57','2023-03-18 01:06:57'),(192,'cover_image','[\"covers\\/1.png\"]',90,'Botble\\JobBoard\\Models\\Account','2023-03-18 01:06:57','2023-03-18 01:06:57'),(193,'cover_image','[\"covers\\/3.png\"]',91,'Botble\\JobBoard\\Models\\Account','2023-03-18 01:06:57','2023-03-18 01:06:57'),(194,'cover_image','[\"covers\\/3.png\"]',92,'Botble\\JobBoard\\Models\\Account','2023-03-18 01:06:57','2023-03-18 01:06:57'),(195,'cover_image','[\"covers\\/1.png\"]',93,'Botble\\JobBoard\\Models\\Account','2023-03-18 01:06:57','2023-03-18 01:06:57'),(196,'cover_image','[\"covers\\/3.png\"]',94,'Botble\\JobBoard\\Models\\Account','2023-03-18 01:06:57','2023-03-18 01:06:57'),(197,'cover_image','[\"covers\\/1.png\"]',95,'Botble\\JobBoard\\Models\\Account','2023-03-18 01:06:57','2023-03-18 01:06:57'),(198,'cover_image','[\"covers\\/1.png\"]',96,'Botble\\JobBoard\\Models\\Account','2023-03-18 01:06:57','2023-03-18 01:06:57'),(199,'cover_image','[\"covers\\/1.png\"]',97,'Botble\\JobBoard\\Models\\Account','2023-03-18 01:06:58','2023-03-18 01:06:58'),(200,'cover_image','[\"covers\\/1.png\"]',98,'Botble\\JobBoard\\Models\\Account','2023-03-18 01:06:58','2023-03-18 01:06:58'),(201,'cover_image','[\"covers\\/1.png\"]',99,'Botble\\JobBoard\\Models\\Account','2023-03-18 01:06:58','2023-03-18 01:06:58'),(202,'cover_image','[\"covers\\/3.png\"]',100,'Botble\\JobBoard\\Models\\Account','2023-03-18 01:06:58','2023-03-18 01:06:58');

--
-- Table structure for table `migrations`
--

CREATE TABLE `migrations` (
  `id` int unsigned NOT NULL AUTO_INCREMENT,
  `migration` varchar(191) COLLATE utf8mb4_unicode_ci NOT NULL,
  `batch` int NOT NULL,
  PRIMARY KEY (`id`)
) ENGINE=InnoDB AUTO_INCREMENT=79 DEFAULT CHARSET=utf8mb4 COLLATE=utf8mb4_unicode_ci;

--
-- Dumping data for table `migrations`
--

INSERT INTO `migrations` VALUES (1,'2013_04_09_032329_create_base_tables',1),(2,'2013_04_09_062329_create_revisions_table',1),(3,'2014_10_12_000000_create_users_table',1),(4,'2014_10_12_100000_create_password_reset_tokens_table',1),(5,'2016_06_10_230148_create_acl_tables',1),(6,'2016_06_14_230857_create_menus_table',1),(7,'2016_06_28_221418_create_pages_table',1),(8,'2016_10_05_074239_create_setting_table',1),(9,'2016_11_28_032840_create_dashboard_widget_tables',1),(10,'2016_12_16_084601_create_widgets_table',1),(11,'2017_05_09_070343_create_media_tables',1),(12,'2017_11_03_070450_create_slug_table',1),(13,'2019_01_05_053554_create_jobs_table',1),(14,'2019_08_19_000000_create_failed_jobs_table',1),(15,'2019_12_14_000001_create_personal_access_tokens_table',1),(16,'2022_04_20_100851_add_index_to_media_table',1),(17,'2022_04_20_101046_add_index_to_menu_table',1),(18,'2022_07_10_034813_move_lang_folder_to_root',1),(19,'2022_08_04_051940_add_missing_column_expires_at',1),(20,'2022_09_01_000001_create_admin_notifications_tables',1),(21,'2022_10_14_024629_drop_column_is_featured',1),(22,'2022_11_18_063357_add_missing_timestamp_in_table_settings',1),(23,'2022_12_02_093615_update_slug_index_columns',1),(24,'2023_01_30_024431_add_alt_to_media_table',1),(25,'2023_02_16_042611_drop_table_password_resets',1),(26,'2015_06_29_025744_create_audit_history',2),(27,'2015_06_18_033822_create_blog_table',3),(28,'2021_02_16_092633_remove_default_value_for_author_type',3),(29,'2021_12_03_030600_create_blog_translations',3),(30,'2022_04_19_113923_add_index_to_table_posts',3),(31,'2016_06_17_091537_create_contacts_table',4),(32,'2018_07_09_221238_create_faq_table',5),(33,'2021_12_03_082134_create_faq_translations',5),(34,'2016_10_13_150201_create_galleries_table',6),(35,'2021_12_03_082953_create_gallery_translations',6),(36,'2022_04_30_034048_create_gallery_meta_translations_table',6),(37,'2022_06_20_093259_create_job_board_tables',7),(38,'2022_09_12_061845_update_table_activity_logs',7),(39,'2022_09_13_042407_create_table_jb_jobs_types',7),(40,'2022_09_15_030017_update_jb_jobs_table',7),(41,'2022_09_15_094840_add_job_employer_colleagues',7),(42,'2022_09_27_000001_create_jb_invoices_tables',7),(43,'2022_09_30_144924_update_jobs_table',7),(44,'2022_10_04_085631_add_company_logo_to_jb_invoices',7),(45,'2022_10_10_030606_create_reviews_table',7),(46,'2022_11_09_065056_add_missing_jobs_page',7),(47,'2022_11_10_065056_add_columns_to_accounts',7),(48,'2022_11_16_034756_add_column_cover_letter_to_accounts',7),(49,'2022_11_29_304756_create_jb_account_favorite_skills_table',7),(50,'2022_11_29_304757_create_jb_account_favorite_tags',7),(51,'2022_12_26_304758_create_table_jb_experiences',7),(52,'2022_12_26_304759_create_table_jb_education',7),(53,'2023_01_31_023233_create_jb_custom_fields_table',7),(54,'2023_02_06_024257_add_package_translations',7),(55,'2023_02_08_062457_add_custom_fields_translation_table',7),(56,'2016_10_03_032336_create_languages_table',8),(57,'2021_10_25_021023_fix-priority-load-for-language-advanced',9),(58,'2021_12_03_075608_create_page_translations',9),(59,'2019_11_18_061011_create_country_table',10),(60,'2021_12_03_084118_create_location_translations',10),(61,'2021_12_03_094518_migrate_old_location_data',10),(62,'2021_12_10_034440_switch_plugin_location_to_use_language_advanced',10),(63,'2022_01_16_085908_improve_plugin_location',10),(64,'2022_08_04_052122_delete_location_backup_tables',10),(65,'2022_10_29_065232_increase_states_abbreviation_column',10),(66,'2022_11_06_061847_increase_state_translations_abbreviation_column',10),(67,'2017_10_24_154832_create_newsletter_table',11),(68,'2017_05_18_080441_create_payment_tables',12),(69,'2021_03_27_144913_add_customer_type_into_table_payments',12),(70,'2021_05_24_034720_make_column_currency_nullable',12),(71,'2021_08_09_161302_add_metadata_column_to_payments_table',12),(72,'2021_10_19_020859_update_metadata_field',12),(73,'2022_06_28_151901_activate_paypal_stripe_plugin',12),(74,'2022_07_07_153354_update_charge_id_in_table_payments',12),(75,'2022_11_02_092723_team_create_team_table',13),(76,'2018_07_09_214610_create_testimonial_table',14),(77,'2021_12_03_083642_create_testimonials_translations',14),(78,'2016_10_07_193005_create_translations_table',15);

--
-- Table structure for table `newsletters`
--

CREATE TABLE `newsletters` (
  `id` bigint unsigned NOT NULL AUTO_INCREMENT,
  `email` varchar(120) COLLATE utf8mb4_unicode_ci NOT NULL,
  `name` varchar(120) COLLATE utf8mb4_unicode_ci DEFAULT NULL,
  `status` varchar(60) COLLATE utf8mb4_unicode_ci NOT NULL DEFAULT 'subscribed',
  `created_at` timestamp NULL DEFAULT NULL,
  `updated_at` timestamp NULL DEFAULT NULL,
  PRIMARY KEY (`id`)
) ENGINE=InnoDB DEFAULT CHARSET=utf8mb4 COLLATE=utf8mb4_unicode_ci;

--
-- Dumping data for table `newsletters`
--


--
-- Table structure for table `pages`
--

CREATE TABLE `pages` (
  `id` bigint unsigned NOT NULL AUTO_INCREMENT,
  `name` varchar(120) COLLATE utf8mb4_unicode_ci NOT NULL,
  `content` longtext COLLATE utf8mb4_unicode_ci,
  `user_id` bigint unsigned NOT NULL,
  `image` varchar(255) COLLATE utf8mb4_unicode_ci DEFAULT NULL,
  `template` varchar(60) COLLATE utf8mb4_unicode_ci DEFAULT NULL,
  `description` varchar(400) COLLATE utf8mb4_unicode_ci DEFAULT NULL,
  `status` varchar(60) COLLATE utf8mb4_unicode_ci NOT NULL DEFAULT 'published',
  `created_at` timestamp NULL DEFAULT NULL,
  `updated_at` timestamp NULL DEFAULT NULL,
  PRIMARY KEY (`id`),
  KEY `pages_user_id_index` (`user_id`)
) ENGINE=InnoDB AUTO_INCREMENT=20 DEFAULT CHARSET=utf8mb4 COLLATE=utf8mb4_unicode_ci;

--
-- Dumping data for table `pages`
--

INSERT INTO `pages` VALUES (1,'Homepage 1','<div>[search-box title=\"The Easiest Way to Get Your New Job\" highlight_text=\"Easiest Way\" description=\"Each month, more than 3 million job seekers turn to website in their search for work, making over 140,000 applications every single day\" banner_image_1=\"pages/banner1.png\" icon_top_banner=\"pages/icon-top-banner.png\" banner_image_2=\"pages/banner2.png\" icon_bottom_banner=\"pages/icon-bottom-banner.png\" style=\"style-1\" trending_keywords=\"Design,Development,Manager,Senior\"][/search-box]</div><div>[featured-job-categories title=\"Browse by category\" subtitle=\"Find the job that’s perfect for you. about 800+ new jobs everyday\"][/featured-job-categories]</div><div>[apply-banner subtitle=\"Let’s Work Together &lt;br\\&gt;&amp; Explore Opportunities\" highlight_sub_title_text=\"Work, Explore\" title_1=\"We are\" title_2=\"HIRING\" button_apply_text=\"Apply\" button_apply_link=\"#\" apply_image_left=\"pages/bg-left-hiring.png\" apply_image_right=\"pages/bg-right-hiring.png\"][/apply-banner]</div><div>[job-of-the-day title=\"Jobs of the day\" subtitle=\"Search and connect with the right candidates faster.\" job_categories=\"4,9,1,3,5,7\" style=\"style-1\"][/job-of-the-day]</div><div>[job-grid title=\"Find The One That’s Right For You\" high_light_title_text=\"Right\" subtitle=\"Millions Of Jobs.\" description=\"Search all the open positions on the web. Get your own personalized salary estimate. Read reviews on over 600,000 companies worldwide. The right job is out there.\" image_job_1=\"pages/img-chart.png\" image_job_2=\"pages/controlcard.png\" image=\"pages/img1.png\" button_text=\"Search jobs\" button_url=\"#\" link_text=\"Learn more\" link_text_url=\"#\"][/job-grid]</div><div>[top-companies title=\"Top Recruiters\" description=\"Discover your next career move, freelance gig, or internship\"][/top-companies]</div><div>[job-by-location title=\"Jobs by Location\" description=\"Find your favourite jobs and get the benefits of yourself\" city=\"1,2,3,4,5,6\"][/job-by-location]</div><div>[news-and-blogs title=\"News and Blog\" subtitle=\"Get the latest news, updates and tips\"][/news-and-blogs]</div>',1,NULL,'homepage',NULL,'published','2023-03-18 01:06:46','2023-03-18 01:06:46'),(2,'Homepage 2','<div>[search-box subtitle=\"We have 150,000+ live jobs\" title=\"The #1 Job Board for Hiring or Find your next job\" highlight_text=\"Job Board for\" description=\"Each month, more than 3 million job seekers turn to website in their search for work, making over 140,000 applications every single day\" counter_title_1=\"Daily Jobs Posted\" counter_number_1=\"265\" counter_title_2=\"Recruiters\" counter_number_2=\"17\" counter_title_3=\"Freelancers\" counter_number_3=\"15\" counter_title_4=\"Blog Tips\" counter_number_4=\"28\" image=\"general/img-01.png\" background_image=\"pages/banner-section-search-box.png\" style=\"style-2\" trending_keywords=\"Design,Development,Manager,Senior\"][/search-box]</div><div>[job-of-the-day title=\"Jobs of the day\" subtitle=\"Search and connect with the right candidates faster.\" job_categories=\"1,2,5,4,7,8\" style=\"style-2\"][/job-of-the-day]</div><div>[popular-category title=\"Popular category\" subtitle=\"Search and connect with the right candidates faster.\"][/popular-category]</div><div>[job-by-location title=\"Jobs by Location\" description=\"Find your favourite jobs and get the benefits of yourself\" city=\"12,46,69,111,121,116,62\" style=\"style-2\"][/job-by-location]</div><div>[counter-section counter_title_1=\"Completed Cases\" counter_description_1=\"We always provide people a complete solution upon focused of any business\" counter_number_1=\"1000\" counter_title_2=\"Our Office\" counter_description_2=\"We always provide people a complete solution upon focused of any business\" counter_number_2=\"1\" counter_title_3=\"Skilled People\" counter_description_3=\"We always provide people a complete solution upon focused of any business\" counter_number_3=\"6\" counter_title_4=\"Happy Clients\" counter_description_4=\"We always provide people a complete solution upon focused of any business\" counter_number_4=\"2\"][/counter-section]</div><div>[top-companies title=\"Top Recruiters\" description=\"Discover your next career move, freelance gig, or internship\" style=\"style-2\"][/top-companies]</div><div>[advertisement-banner first_title=\"Job Tools Services\" first_description=\"Lorem ipsum dolor sit amet, consectetur adipiscing elit. Aliquam laoreet rutrum quam, id faucibus erat interdum a. Curabitur eget tortor a nulla interdum semper.\" load_more_first_content_text=\"Find Out More\" load_more_link_first_content=\"#\" image_of_first_content=\"pages/job-tools.png\" second_title=\"Planning a Job?\" second_description=\"Lorem ipsum dolor sit amet, consectetur adipiscing elit. Aliquam laoreet rutrum quam, id faucibus erat interdum a. Curabitur eget tortor a nulla interdum semper.\" load_more_second_content_text=\"Find Out More\" load_more_link_second_content=\"#\" image_of_second_content=\"pages/planning-job.png\"][/advertisement-banner]</div><div>[news-and-blogs title=\"News and Blog\" subtitle=\"Get the latest news, updates and tips\" button_text=\"Load More Posts\" button_link=\"#\" style=\"style-2\"][/news-and-blogs]</div>',1,NULL,'homepage',NULL,'published','2023-03-18 01:06:46','2023-03-18 01:06:46'),(3,'Homepage 3','<div>[search-box title=\"The #1 Job Board for Hiring or Find your next job\" highlight_text=\"Job Board for\" description=\"Each month, more than 3 million job seekers turn to website in their search for work, making over 140,000 applications every single day\" style=\"style-3\" trending_keywords=\"Design,Development,Manager,Senior\"][/search-box]</div><div>[job-of-the-day title=\"Jobs of the day\" subtitle=\"Search and connect with the right candidates faster.\" job_categories=\"1,2,5,4,7,8\" style=\"style-3\"][/job-of-the-day]</div><div>[top-candidates title=\"Top Candidates\" description=\"Jobs is a curated job board of the best jobs for developers, designers and marketers in the tech industry.\" limit=\"8\" style=\"style-3\"][/top-candidates]</div><div>[top-companies title=\"Top Recruiters\" description=\"Discover your next career move, freelance gig, or internship\" style=\"style-3\"][/top-companies]</div><div>[apply-banner subtitle=\"Let’s Work Together &lt;br\\&gt;&amp; Explore Opportunities\" highlight_sub_title_text=\"Work, Explore\" title_1=\"We are\" title_2=\"HIRING\" button_apply_text=\"Apply\" button_apply_link=\"#\" apply_image_left=\"pages/bg-left-hiring.png\" apply_image_right=\"pages/bg-right-hiring.png\" style=\"style-3\"][/apply-banner]</div><div>[our-partners title=\"Trusted by\" name_1=\"Asus\" url_1=\"https://www.asus.com\" image_1=\"our-partners/asus.png\" name_2=\"Dell\" url_2=\"https://www.dell.com\" image_2=\"our-partners/dell.png\" name_3=\"Microsoft\" url_3=\"https://www.microsoft.com\" image_3=\"our-partners/microsoft.png\" name_4=\"Acer\" url_4=\"https://www.acer.com\" image_4=\"our-partners/acer.png\" name_5=\"Nokia\" url_5=\"https://www.nokia.com\" image_5=\"our-partners/nokia.png\"][/our-partners]</div><div>[news-and-blogs title=\"News and Blog\" subtitle=\"Get the latest news, updates and tips\" button_text=\"Load More Posts\" button_link=\"#\" style=\"style-3\"][/news-and-blogs]</div>',1,NULL,'homepage',NULL,'published','2023-03-18 01:06:46','2023-03-18 01:06:46'),(4,'Homepage 4','<div>[search-box title=\"Get The Right Job You Deserve\" highlight_text=\"Right Job\" banner_image_1=\"pages/home-page-4-banner.png\" style=\"style-1\" trending_keywords=\"Designer, Web, IOS, Developer, PHP, Senior, Engineer\" background_color=\"#000\"][/search-box]</div><div>[job-of-the-day title=\"Latest Jobs Post\" subtitle=\"Explore the different types of available jobs to apply discover which is right for you.\" job_categories=\"1,2,3,4,5,6,8,7\" style=\"style-3\"][/job-of-the-day]</div><div>[featured-job-categories title=\"Browse by category\" subtitle=\"Find the job that’s perfect for you. about 800+ new jobs everyday\" limit_category=\"10\" background_image=\"pages/bg-cat.png\" style=\"style-2\"][/featured-job-categories]</div><div>[[testimonials title=\"See Some Words\" description=\"Thousands of employee get their ideal jobs and feed back to us!\" style=\"style-2\"][/testimonials]</div><div>[our-partners title=\"Trusted by\" name_1=\"Asus\" url_1=\"https://www.asus.com\" image_1=\"our-partners/asus.png\" name_2=\"Dell\" url_2=\"https://www.dell.com\" image_2=\"our-partners/dell.png\" name_3=\"Microsoft\" url_3=\"https://www.microsoft.com\" image_3=\"our-partners/microsoft.png\" name_4=\"Acer\" url_4=\"https://www.acer.com\" image_4=\"our-partners/acer.png\" name_5=\"Nokia\" url_5=\"https://www.nokia.com\" image_5=\"our-partners/nokia.png\"][/our-partners]</div><div>[popular-category title=\"Popular category\" subtitle=\"Search and connect with the right candidates faster.\"][/popular-category]</div><div>[job-by-location title=\"Jobs by Location\" description=\"Find your favourite jobs and get the benefits of yourself\" city=\"12,46,69,111,121,116,62\" style=\"style-2\"][/job-by-location]</div><div>[news-and-blogs title=\"News and Blog\" subtitle=\"Get the latest news, updates and tips\" button_text=\"Load More Posts\" button_link=\"#\"][/news-and-blogs]</div>',1,NULL,'homepage',NULL,'published','2023-03-18 01:06:46','2023-03-18 01:06:46'),(5,'Homepage 5','<div>[search-box title=\"Find Jobs, &lt;br&gt; Hire Creatives\" description=\"Each month, more than 3 million job seekers turn to website in their search for work, making over 140,000 applications every single day\" banner_image_1=\"pages/banner1.png\" banner_image_2=\"pages/banner2.png\" banner_image_3=\"pages/banner3.png\" banner_image_4=\"pages/banner4.png\" banner_image_5=\"pages/banner5.png\" banner_image_6=\"pages/banner6.png\" style=\"style-5\"][/search-box]</div><div>[counter-section counter_title_1=\"Completed Cases\" counter_description_1=\"We always provide people a complete solution upon focused of any business\" counter_number_1=\"1000\" counter_title_2=\"Our Office\" counter_description_2=\"We always provide people a complete solution upon focused of any business\" counter_number_2=\"1\" counter_title_3=\"Skilled People\" counter_description_3=\"We always provide people a complete solution upon focused of any business\" counter_number_3=\"6\" counter_title_4=\"Happy Clients\" counter_description_4=\"We always provide people a complete solution upon focused of any business\" counter_number_4=\"2\"][/counter-section]</div><div>[popular-category title=\"Explore the Marketplace\" subtitle=\"Search and connect with the right candidates faster. Tell us what you’ve looking for and we’ll get to work for you.\" style=\"style-5\"][/popular-category]</div><div>[job-of-the-day title=\"Latest Jobs Post\" subtitle=\"Explore the different types of available jobs to apply &lt;br&gt; discover which is right for you.\" job_categories=\"1,2,5,4,7,8\" style=\"style-2\"][/job-of-the-day]</div><div>[job-grid style=\"style-2\" title=\"Create Your Personal Account Profile\" subtitle=\"Create Profile\" description=\"Work Profile is a personality assessment that measures an individual\'s work personality through their workplace traits, social and emotional traits; as well as the values and aspirations that drive them forward.\" image=\"pages/img-profile.png\" button_text=\"Create Profile\" button_url=\"/register\"][/job-grid]</div><div>[how-it-works title=\"How It Works\" description=\"Just via some simple steps, you will find your ideal candidates you’r looking for!\" step_label_1=\"Register an &lt;br&gt; account to start\" step_help_1=\"Lorem ipsum dolor sit amet, consectetur adipisicing elit, sed do\" step_label_2=\"Explore over &lt;br&gt; thousands of resumes\" step_help_2=\"Lorem ipsum dolor sit amet, consectetur adipisicing elit, sed do\" step_label_3=\"Find the most &lt;br&gt; suitable candidate\" step_help_3=\"Lorem ipsum dolor sit amet, consectetur adipisicing elit, sed do\" button_label=\"Get Started\" button_url=\"#\"][/how-it-works]</div><div>[top-candidates title=\"Top Candidates\" description=\"Jobs is a curated job board of the best jobs for developers, designers &lt;br&gt; and marketers in the tech industry.\" limit=\"8\" style=\"style-5\"][/top-candidates]</div><div>[news-and-blogs title=\"News and Blog\" subtitle=\"Get the latest news, updates and tips\" button_text=\"Load More Posts\" button_link=\"#\" style=\"style-2\"][/news-and-blogs]</div>',1,NULL,'homepage',NULL,'published','2023-03-18 01:06:46','2023-03-18 01:06:46'),(6,'Homepage 6','<div>[search-box title=\"There Are 102,256 Postings Here For you!\" highlight_text=\"102,256\" description=\"Find Jobs, Employment &amp; Career Opportunities\" style=\"style-4\" trending_keywords=\"Design,Development,Manager,Senior,,\" background_color=\"#000\"][/search-box]</div><div>[gallery image_1=\"galleries/1.jpg\" image_2=\"galleries/2.jpg\" image_3=\"galleries/3.jpg\" image_4=\"galleries/4.jpg\" image_5=\"galleries/5.jpg\"][/gallery]</div><div>[featured-job-categories title=\"Browse by category\" subtitle=\"Find the job that’s perfect for you. about 800+ new jobs everyday\"][/featured-job-categories]</div><div>[job-grid style=\"style-2\" title=\"Create Your Personal Account Profile\" subtitle=\"Create Profile\" description=\"Work Profile is a personality assessment that measures an individual\'s work personality through their workplace traits, social and emotional traits; as well as the values and aspirations that drive them forward.\" image=\"pages/img-profile.png\" button_text=\"Create Profile\" button_url=\"/register\"][/job-grid]</div><div>[job-of-the-day title=\"Latest Jobs Post\" subtitle=\"Explore the different types of available jobs to apply discover which is right for you.\" job_categories=\"1,2,3,4,5,6\" style=\"style-2\"][/job-of-the-day]</div><div>[job-search-banner title=\"Job search for people passionate about startup\" background_image=\"pages/img-job-search.png\" checkbox_title_1=\"Create an account\" checkbox_description_1=\"Lorem ipsum dolor sit amet, consectetur adipiscing elit. Donec nec justo a quam varius maximus. Maecenas sodales tortor quis tincidunt commodo.\" checkbox_title_2=\"Search for Jobs\" checkbox_description_2=\"Lorem ipsum dolor sit amet, consectetur adipiscing elit. Donec nec justo a quam varius maximus. Maecenas sodales tortor quis tincidunt commodo.\" checkbox_title_3=\"Save &amp; Apply\" checkbox_description_3=\"Lorem ipsum dolor sit amet, consectetur adipiscing elit. Donec nec justo a quam varius maximus. Maecenas sodales tortor quis tincidunt commodo.\"][/job-search-banner]</div>',1,NULL,'homepage',NULL,'published','2023-03-18 01:06:46','2023-03-18 01:06:46'),(7,'Jobs','<div>[search-box title=\"The official IT Jobs site\" highlight_text=\"IT Jobs\" description=\"“JobBox is our first stop whenever we\'re hiring a PHP role. We\'ve hired 10 PHP developers in the last few years, all thanks to JobBox.” — Andrew Hall, Elite JSC.\" banner_image_1=\"pages/left-job-head.png\" banner_image_2=\"pages/right-job-head.png\" style=\"style-3\" background_color=\"#000\"][/search-box]</div><div>[job-list max_salary_range=\"100000\"][/job-list]</div>',1,NULL,'default',NULL,'published','2023-03-18 01:06:46','2023-03-18 01:06:46'),(8,'Companies','<div>[job-companies title=\"Browse Companies\" subtitle=\"Lorem ipsum dolor sit amet consectetur adipisicing elit. Vero repellendus magni, atque delectus molestias quis?\"][/job-companies]</div>',1,NULL,'default',NULL,'published','2023-03-18 01:06:46','2023-03-18 01:06:46'),(9,'Candidates','<div>[job-candidates title=\"Browse Candidates\" description=\"Lorem ipsum dolor sit amet consectetur adipisicing elit. Vero repellendus magni, atque &lt;br&gt; delectus molestias quis?\" number_per_page=\"9\" style=\"grid\"][/job-candidates]</div><div>[news-and-blogs title=\"News and Blog\" subtitle=\"Get the latest news, updates and tips\" style=\"style-2\"][/news-and-blogs]</div>',1,NULL,'default',NULL,'published','2023-03-18 01:06:46','2023-03-18 01:06:46'),(10,'About us','<div>[company-about title=\"About Our Company\" description=\"Lorem ipsum dolor sit amet, consectetur adipiscing elit. Quisque ligula ante, dictum non aliquet eu, dapibus ac quam. Morbi vel ante viverra orci tincidunt tempor eu id ipsum. Sed consectetur, risus a blandit tempor, velit magna pellentesque risus, at congue tellus dui quis nisl.\" title_box=\"What we can do?\" image=\"general/img-about2.png\" description_box=\"Aenean sollicituin, lorem quis bibendum auctor nisi elit consequat ipsum sagittis sem nibh id elit. Duis sed odio sit amet nibh vulputate cursus a sit amet maurisorbi accumsan ipsum velit. Nam nec tellus a odio tincidunt auctora ornare odio. Aenean sollicituin, lorem quis bibendum auctor nisi elit consequat ipsum sagittis sem nibh id elit. Duis sed odio sit amet nibh vulputate cursus a sit amet maurisorbi accumsan ipsum velit. Nam nec tellus a odio tincidunt auctora ornare odio. Class aptent taciti sociosqu ad litora torquent per conubia nostra, per inceptos himenaeos. Duis non nisi purus. Integer sit nostra, per inceptos himenaeos. Class aptent taciti sociosqu ad litora torquent per conubia nostra, per inceptos himenaeos. Duis non nisi purus. Integer sit nostra, per inceptos himenaeos.\" url=\"/\" text_button_box=\"Read more\"][/company-about]</div><div>[team title=\"About Our Company\" sub_title=\"OUR COMPANY\" description=\"Lorem ipsum dolor sit amet, consectetur adipiscing elit. Quisque ligula ante, dictum non aliquet eu, dapibus ac quam. Morbi vel ante viverra orci tincidunt tempor eu id ipsum. Sed consectetur, risus a blandit tempor, velit magna pellentesque risus, at congue tellus dui quis nisl.\" number_of_people=\"8\"][/team]</div><div>[news-and-blogs title=\"News and Blog\" subtitle=\"Get the latest news, updates and tips\" button_text=\"View More\" button_link=\"/blog\" style=\"style-2\"][/news-and-blogs]</div><div>[testimonials title=\"Our Happy Customer\" description=\"When it comes to choosing the right web hosting provider, we know how easy it is to get overwhelmed with the number.\"][/testimonials]</div>',1,NULL,'page-detail','Get the latest news, updates and tips','published','2023-03-18 01:06:46','2023-03-18 01:06:46'),(11,'Pricing Plan','<div>[pricing-table title=\"Pricing Table\" subtitle=\"Choose The Best Plan That’s For You\" number_of_package=\"3\"][/pricing-table]</div><div>[faq title=\"Frequently Asked Questions\" subtitle=\"Aliquam a augue suscipit, luctus neque purus ipsum neque dolor primis a libero tempus, blandit and cursus varius and magnis sapien\" number_of_faq=\"4\"][/faq]</div><div>[testimonials title=\"Our Happy Customer\" subtitle=\"When it comes to choosing the right web hosting provider, we know how easy it is to get overwhelmed with the number.\"][/testimonials]</div>',1,NULL,'default',NULL,'published','2023-03-18 01:06:46','2023-03-18 01:06:46'),(12,'Contact','<div>[company-information company_name=\"Jobbox Company\" logo_company=\"general/logo-company.png\" company_address=\"205 North Michigan Avenue, Suite 810 Chicago, 60601, US\" company_phone=\"0543213336\" company_email=\"contact@jobbox.com\" branch_company_name_0=\"London\" branch_company_address_0=\"2118 Thornridge Cir. Syracuse, Connecticut 35624\" branch_company_name_1=\"New York\" branch_company_address_1=\"4517 Washington Ave. Manchester, Kentucky 39495\" branch_company_name_2=\"Chicago\" branch_company_address_2=\"3891 Ranchview Dr. Richardson, California 62639\" branch_company_name_3=\"San Francisco\" branch_company_address_3=\"4140 Parker Rd. Allentown, New Mexico 31134\" branch_company_name_4=\"Sysney\" branch_company_address_4=\"3891 Ranchview Dr. Richardson, California 62639\" branch_company_name_5=\"Singapore\" branch_company_address_5=\"4140 Parker Rd. Allentown, New Mexico 31134\"][/company-information]</div><div>[contact-form title=\"Contact us\" subtitle=\"Get in touch\" description=\"The right move at the right time saves your investment. live the dream of expanding your business.\" image=\"image-contact.png\" show_newsletter=\"yes\"][/contact-form]</div><div>[team title=\"Meet Our Team\" subtitle=\"OUR COMPANY\" description=\"Lorem ipsum dolor sit amet, consectetur adipiscing elit. Quisque ligula ante, dictum non aliquet eu, dapibus ac quam. Morbi vel ante viverra orci tincidunt tempor eu id ipsum. Sed consectetur, risus a blandit tempor, velit magna pellentesque risus, at congue tellus dui quis nisl.\" number_of_people=\"8\"][/team]</div><div>[news-and-blogs title=\"News and Blog\" subtitle=\"Get the latest news, updates and tips\" button_text=\"View More\" button_link=\"/blog\" style=\"style-2\"][/news-and-blogs]</div><div>[testimonials title=\"Our Happy Customer\" subtitle=\"When it comes to choosing the right web hosting provider, we know how easy it is to get overwhelmed with the number.\"][/testimonials]</div>',1,NULL,'page-detail','Get the latest news, updates and tips','published','2023-03-18 01:06:46','2023-03-18 01:06:46'),(13,'Blog','---',1,NULL,'page-detail','Get the latest news, updates and tips','published','2023-03-18 01:06:46','2023-03-18 01:06:46'),(14,'Cookie Policy','<h3>EU Cookie Consent</h3><p>To use this website we are using Cookies and collecting some Data. To be compliant with the EU GDPR we give you to choose if you allow us to use certain Cookies and to collect some Data.</p><h4>Essential Data</h4><ul><li>The Essential Data is needed to run the Site you are visiting technically. You can not deactivate them.</li><li>Session Cookie: PHP uses a Cookie to identify user sessions. Without this Cookie the Website is not working.</li><li>XSRF-Token Cookie: Laravel automatically generates a CSRF \"token\" for each active user session managed by the application. This token is used to verify that the authenticated user is the one actually making the requests to the application.</li></ul>',1,NULL,'static',NULL,'published','2023-03-18 01:06:46','2023-03-18 01:06:46'),(15,'FAQ','<div>[faq title=\"Frequently Asked Questions\"][/faq]</div>',1,NULL,'default',NULL,'published','2023-03-18 01:06:46','2023-03-18 01:06:46'),(16,'Services','<p>Alice; \'but when you throw them, and considered a little, half expecting to see the earth takes twenty-four hours to turn round on its axis--\' \'Talking of axes,\' said the Caterpillar. Here was another long passage, and the Mock Turtle, \'Drive on, old fellow! Don\'t be all day about it!\' and he says it\'s so useful, it\'s worth a hundred pounds! He says it kills all the jurors were writing down \'stupid things!\' on their backs was the first figure!\' said the Duchess, the Duchess! Oh! won\'t she be.</p><p>No, there were TWO little shrieks, and more faintly came, carried on the second time round, she came in with the Dormouse. \'Fourteenth of March, I think you\'d better ask HER about it.\' (The jury all wrote down all three dates on their hands and feet, to make personal remarks,\' Alice said nothing; she had never heard of one,\' said Alice, (she had kept a piece of rudeness was more than three.\' \'Your hair wants cutting,\' said the Caterpillar contemptuously. \'Who are YOU?\' Which brought them back.</p><p>Dormouse, and repeated her question. \'Why did they live at the mouth with strings: into this they slipped the guinea-pig, head first, and then the Rabbit\'s voice; and Alice looked all round her, calling out in a more subdued tone, and she went on saying to herself what such an extraordinary ways of living would be quite absurd for her neck from being broken. She hastily put down her flamingo, and began whistling. \'Oh, there\'s no use in waiting by the way, and the turtles all advance! They are.</p><p>As there seemed to be treated with respect. \'Cheshire Puss,\' she began, in rather a hard word, I will prosecute YOU.--Come, I\'ll take no denial; We must have imitated somebody else\'s hand,\' said the Dodo, pointing to the Knave of Hearts, and I had not attended to this last remark, \'it\'s a vegetable. It doesn\'t look like one, but the Hatter were having tea at it: a Dormouse was sitting on a branch of a bottle. They all returned from him to you, Though they were nowhere to be ashamed of.</p>',1,NULL,'static',NULL,'published','2023-03-18 01:06:46','2023-03-18 01:06:46'),(17,'Terms','<p>I can\'t quite follow it as well look and see what was the first position in dancing.\' Alice said; \'there\'s a large fan in the pool, \'and she sits purring so nicely by the soldiers, who of course had to stoop to save her neck from being broken. She hastily put down the middle, wondering how she would feel with all her life. Indeed, she had read about them in books, and she dropped it hastily, just in time to hear her try and say \"How doth the little golden key, and Alice\'s elbow was pressed.</p><p>Caucus-race.\' \'What IS the same as they used to call him Tortoise, if he were trying to explain the paper. \'If there\'s no use denying it. I suppose I ought to have wondered at this, she noticed that one of the bill, \"French, music, AND WASHING--extra.\"\' \'You couldn\'t have done just as she could. The next thing was waving its right paw round, \'lives a March Hare. Alice was not quite know what \"it\" means well enough, when I got up and throw us, with the words \'DRINK ME,\' but nevertheless she.</p><p>I to get out of its little eyes, but it all seemed quite dull and stupid for life to go down the chimney!\' \'Oh! So Bill\'s got to see how the Dodo solemnly, rising to its feet, ran round the rosetree; for, you see, as she heard the Queen said to herself. (Alice had no idea how confusing it is right?\' \'In my youth,\' said the Pigeon; \'but if they do, why then they\'re a kind of serpent, that\'s all you know about it, you know.\' Alice had not a VERY good opportunity for making her escape; so she.</p><p>VERY good opportunity for showing off a head could be no use speaking to a shriek, \'and just as she couldn\'t answer either question, it didn\'t much matter which way it was too dark to see how he did with the words did not like to be beheaded!\' said Alice, rather doubtfully, as she listened, or seemed to be trampled under its feet, ran round the refreshments!\' But there seemed to be ashamed of yourself,\' said Alice, who always took a great deal of thought, and looked anxiously round, to make.</p>',1,NULL,'static',NULL,'published','2023-03-18 01:06:46','2023-03-18 01:06:46'),(18,'Coming Soon','<div>[coming-soon title=\"We’re Launching Soon..!!\" subtitle=\"Start working with JobBox that can provide everything you need to generate awareness, drive traffic, connect.\" date=\"2023-04-18\" time=\"00:00\" image=\"general/animat-rocket-color.gif\"][/coming-soon]</div>',1,NULL,'coming-soon',NULL,'published','2023-03-18 01:06:46','2023-03-18 01:06:46'),(19,'Job Categories','<div>[search-box title=\"22 Jobs Available Now\" highlight_text=\"22 Jobs\" description=\"Lorem ipsum dolor sit amet consectetur adipisicing elit. Vero repellendus magni, atque delectus molestias quis?\" banner_image_1=\"pages/left-job-head.png\" banner_image_2=\"pages/right-job-head.png\" style=\"style-3\" background_color=\"#000\"][/search-box]</div><div>[popular-category title=\"Popular category\" limit_category=\"8\" style=\"style-1\"][/popular-category]</div><div>[job-categories title=\"Categories\" subtitle=\"All categories\" limit_category=\"8\"][/job-categories]</div>',1,NULL,'default',NULL,'published','2023-03-18 01:06:46','2023-03-18 01:06:46');

--
-- Table structure for table `pages_translations`
--

CREATE TABLE `pages_translations` (
  `lang_code` varchar(191) COLLATE utf8mb4_unicode_ci NOT NULL,
  `pages_id` bigint unsigned NOT NULL,
  `name` varchar(255) COLLATE utf8mb4_unicode_ci DEFAULT NULL,
  `description` varchar(400) COLLATE utf8mb4_unicode_ci DEFAULT NULL,
  `content` longtext COLLATE utf8mb4_unicode_ci,
  PRIMARY KEY (`lang_code`,`pages_id`)
) ENGINE=InnoDB DEFAULT CHARSET=utf8mb4 COLLATE=utf8mb4_unicode_ci;

--
-- Dumping data for table `pages_translations`
--

INSERT INTO `pages_translations` VALUES ('vi',1,'Trang chủ 1',NULL,'<div>[search-box title=\"Cách Dễ Dàng Nhất Để Bạn Có Được Công Việc Mới\" highlight_text=\"Dễ Dàng Nhất\" description=\"Mỗi tháng, hơn 3 triệu người tìm việc truy cập trang web để tìm việc, thực hiện hơn 140.000 đơn đăng ký mỗi ngày\" banner_image_1=\"pages/banner1.png\" icon_top_banner=\"pages/icon-top-banner.png\" banner_image_2=\"pages/banner2.png\" icon_bottom_banner=\"pages/icon-bottom-banner.png\" style=\"style-1\" trending_keywords=\"Design,Development,Manager,Senior\"][/search-box]</div><div>[featured-job-categories title=\"Tìm kiếm theo Danh Mục\" subtitle=\"Tìm công việc phù hợp với bạn. Khoảng hơn 800 công việc mới mỗi ngày\"][/featured-job-categories]</div><div>[apply-banner subtitle=\"Hãy Làm Việc Cùng Nhau &lt;br\\&gt;&amp; Khám Phá Cơ Hội\" highlight_sub_title_text=\"Làm Việc, Khám Phá\" title_1=\"Chúng tôi đang\" title_2=\"TUYỂN DỤNG\" button_apply_text=\"Ứng Tuyển\" button_apply_link=\"#\" apply_image_left=\"pages/bg-left-hiring.png\" apply_image_right=\"pages/bg-right-hiring.png\"][/apply-banner]</div><div>[job-of-the-day title=\"Công việc trong ngày\" subtitle=\"Tìm kiếm và kết nối với các ứng viên phù hợp nhanh hơn.\" job_categories=\"1,2,5,4,7,8\" style=\"style-2\"][/job-of-the-day]</div><div>[job-grid title=\"Tìm Người Phù Hợp Với Bạn\" high_light_title_text=\"Phù Hợp\" subtitle=\"Hàng Triệu Công Việc.\" description=\"Tìm kiếm tất cả các vị trí mở trên web. Nhận ước tính tiền lương cá nhân của riêng bạn. Đọc đánh giá về hơn 600.000 công ty trên toàn thế giới. Công việc phù hợp đang ở ngoài đó.\" image_job_1=\"pages/img-chart.png\" image_job_2=\"pages/controlcard.png\" image=\"pages/img1.png\" button_text=\"Tìm công việc\" button_url=\"#\" link_text=\"Learn more\" link_text_url=\"#\"][/job-grid]</div><div>[top-companies title=\"Nhà Tuyển Dụng Hàng Đầu\" description=\"Khám phá bước chuyển nghề nghiệp tiếp theo của bạn, hợp đồng biểu diễn tự do hoặc thực tập\"][/top-companies]</div><div>[job-by-location title=\"Việc làm theo Vị trí\" description=\"Tìm công việc yêu thích của bạn và nhận được những lợi ích của chính mình\" city=\"1,2,3,4,5,6\"][/job-by-location]</div><div>[news-and-blogs title=\"Tin tức và Blog\" subtitle=\"Nhận tin tức, cập nhật và mẹo mới nhất\"][/news-and-blogs]</div>'),('vi',2,'Trang chủ 2',NULL,'<div>[search-box subtitle=\"Chúng tôi có hơn 150.000 việc làm trực tiếp\" title=\"Bảng việc làm số 1 để tuyển dụng hoặc tìm công việc tiếp theo của bạn\" highlight_text=\"Bảng việc làm\" description=\"Mỗi tháng, hơn 3 triệu người tìm việc truy cập trang web để tìm việc, thực hiện hơn 140.000 đơn đăng ký mỗi ngày\" counter_title_1=\"Công việc hàng ngày được đăng\" counter_number_1=\"265\" counter_title_2=\"Nhà tuyển dụng\" counter_number_2=\"17\" counter_title_3=\"\" counter_number_3=\"15\" counter_title_4=\"Blog Tips\" counter_number_4=\"28\" image=\"general/img-01.png\" background_image=\"pages/banner-section-search-box.png\" style=\"style-2\" trending_keywords=\"Design,Development,Manager,Senior\"][/search-box]</div><div>[job-of-the-day title=\"Công việc trong ngày\" subtitle=\"Tìm kiếm và kết nối với các ứng viên phù hợp nhanh hơn.\" job_categories=\"1,2,5,4,7,8\" style=\"style-1\"][/job-of-the-day]</div><div>[popular-category title=\"Danh mục phổ biến\" subtitle=\"Tìm kiếm và kết nối với các ứng viên phù hợp nhanh hơn.\"][/popular-category]</div><div>[job-by-location title=\"Việc làm theo Vị trí\" description=\"Tìm công việc yêu thích của bạn và nhận được những lợi ích của chính mình\" city=\"12,46,69,111,121,116,62\" style=\"style-2\"][/job-by-location]</div><div>[counter-section counter_title_1=\"Các trường hợp đã hoàn thành\" counter_description_1=\"Chúng tôi luôn cung cấp cho mọi người một giải pháp hoàn chỉnh dựa trên trọng tâm của bất kỳ doanh nghiệp nào\" counter_number_1=\"1000\" counter_title_2=\"Văn Phòng Của Chúng Tôi\" counter_description_2=\"Chúng tôi luôn cung cấp cho mọi người một giải pháp hoàn chỉnh dựa trên trọng tâm của bất kỳ doanh nghiệp nào\" counter_number_2=\"1\" counter_title_3=\"Người lành nghề\" counter_description_3=\"Chúng tôi luôn cung cấp cho mọi người một giải pháp hoàn chỉnh dựa trên trọng tâm của bất kỳ doanh nghiệp nào\" counter_number_3=\"6\" counter_title_4=\"Khách hàng hạnh phúc\" counter_description_4=\"Chúng tôi luôn cung cấp cho mọi người một giải pháp hoàn chỉnh dựa trên trọng tâm của bất kỳ doanh nghiệp nào\" counter_number_4=\"2\"][/counter-section]</div><div>[top-companies title=\"Nhà Tuyển Dụng Hàng Đầu\" description=\"Khám phá bước chuyển nghề nghiệp tiếp theo của bạn, hợp đồng biểu diễn tự do hoặc thực tập\"][/top-companies]</div><div>[advertisement-banner first_title=\"Dịch vụ công cụ việc làm\" first_description=\"Lorem ipsum dolor sit amet, consectetur adipiscing elit. Aliquam laoreet rutrum quam, id faucibus erat interdum a. Curabitur eget tortor a nulla interdum semper.\" load_more_first_content_text=\"Tìm hiểu thêm\" load_more_link_first_content=\"#\" image_of_first_content=\"pages/job-tools.png\" second_title=\"Planning a Job?\" second_description=\"Lorem ipsum dolor sit amet, consectetur adipiscing elit. Aliquam laoreet rutrum quam, id faucibus erat interdum a. Curabitur eget tortor a nulla interdum semper.\" load_more_second_content_text=\"Find Out More\" load_more_link_second_content=\"#\" image_of_second_content=\"pages/planning-job.png\"][/advertisement-banner]</div><div>[news-and-blogs title=\"Tin tức và Blog\" subtitle=\"Nhận tin tức, cập nhật và mẹo mới nhất\" button_text=\"Tải thêm bài viết\" button_link=\"#\" style=\"style-2\"][/news-and-blogs]</div>'),('vi',3,'Trang chủ 3',NULL,'<div>[search-box title=\"Bảng việc làm số 1 để tuyển dụng hoặc tìm công việc tiếp theo của bạn\" highlight_text=\"Bảng công việc cho\" description=\"Mỗi tháng, hơn 3 triệu người tìm việc truy cập trang web để tìm việc, thực hiện hơn 140.000 đơn đăng ký mỗi ngày\" style=\"style-3\" trending_keywords=\"Design,Development,Manager,Senior\"][/search-box]</div><div>[job-of-the-day title=\"Công việc trong ngày\" subtitle=\"Tìm kiếm và kết nối với các ứng viên phù hợp nhanh hơn.\" job_categories=\"1,2,5,4,7,8\" style=\"style-3\"][/job-of-the-day]</div><div>[top-candidates title=\"Ứng viên hàng đầu\" description=\"Việc làm là một job board tuyển chọn các công việc tốt nhất dành cho nhà phát triển, nhà thiết kế và nhà tiếp thị trong ngành công nghệ.\" limit=\"8\" style=\"style-3\"][/top-candidates]</div><div>[top-companies title=\"Nhà tuyển dụng hàng đầu\" description=\"Khám phá bước chuyển nghề nghiệp tiếp theo của bạn, hợp đồng biểu diễn tự do hoặc thực tập\" style=\"style-3\"][/top-companies]</div><div>[apply-banner subtitle=\"Hãy làm việc cùng nhau &lt;br\\&gt;&amp; khám phá cơ hội\" highlight_sub_title_text=\"Làm việc, Khám phá\" title_1=\"We are\" title_2=\"HIRING\" button_apply_text=\"Ứng tuyển\" button_apply_link=\"#\" apply_image_left=\"pages/bg-left-hiring.png\" apply_image_right=\"pages/bg-right-hiring.png\" style=\"style-3\"][/apply-banner]</div><div>[our-partners title=\"Trusted by\" name_1=\"Asus\" url_1=\"https://www.asus.com\" image_1=\"our-partners/asus.png\" name_2=\"Dell\" url_2=\"https://www.dell.com\" image_2=\"our-partners/dell.png\" name_3=\"Microsoft\" url_3=\"https://www.microsoft.com\" image_3=\"our-partners/microsoft.png\" name_4=\"Acer\" url_4=\"https://www.acer.com\" image_4=\"our-partners/acer.png\" name_5=\"Nokia\" url_5=\"https://www.nokia.com\" image_5=\"our-partners/nokia.png\"][/our-partners]</div><div>[news-and-blogs title=\"Tin tức và blog\" subtitle=\"Nhận tin tức, cập nhật và mẹo mới nhất\" button_text=\"Tải thêm bài viết\" button_link=\"#\" style=\"style-3\"][/news-and-blogs]</div>'),('vi',4,'Trang chủ 4',NULL,'<div>[search-box title=\"Tìm đúng công việc bạn xứng đáng\" highlight_text=\"Đúng việc\" banner_image_1=\"pages/home-page-4-banner.png\" style=\"style-1\" trending_keywords=\"Designer, Web, IOS, Developer, PHP, Senior, Engineer\" background_color=\"#000\"][/search-box]</div><div>[job-of-the-day title=\"Việc làm mới nhất\" subtitle=\"Khám phá các loại công việc hiện có khác nhau để ứng tuyển, khám phá xem công việc nào phù hợp với bạn.\" job_categories=\"1,2,3,4,5,6,8,7\" style=\"style-3\"][/job-of-the-day]</div><div>[featured-job-categories title=\"Xem theo danh mục\" subtitle=\"Tìm công việc phù hợp với bạn. khoảng hơn 800 công việc mới mỗi ngày\" limit_category=\"10\" background_image=\"pages/bg-cat.png\" style=\"style-2\"][/featured-job-categories]</div><div>[[testimonials title=\"Xem một vài từ\" description=\"Hàng ngàn nhân viên có được công việc lý tưởng của họ và phản hồi lại cho chúng tôi!\" style=\"style-2\"][/testimonials]</div><div>[our-partners title=\"Được tin tưởng bởi\" name_1=\"Asus\" url_1=\"https://www.asus.com\" image_1=\"our-partners/asus.png\" name_2=\"Dell\" url_2=\"https://www.dell.com\" image_2=\"our-partners/dell.png\" name_3=\"Microsoft\" url_3=\"https://www.microsoft.com\" image_3=\"our-partners/microsoft.png\" name_4=\"Acer\" url_4=\"https://www.acer.com\" image_4=\"our-partners/acer.png\" name_5=\"Nokia\" url_5=\"https://www.nokia.com\" image_5=\"our-partners/nokia.png\"][/our-partners]</div><div>[popular-category title=\"Danh mục phổ biến\" subtitle=\"Tìm kiếm và kết nối với các ứng viên phù hợp nhanh hơn.\"][/popular-category]</div><div>[job-by-location title=\"Việc làm theo địa điểm\" description=\"Tìm công việc yêu thích của bạn và nhận được những lợi ích của chính mình\" city=\"12,46,69,111,121,116,62\" style=\"style-2\"][/job-by-location]</div><div>[news-and-blogs title=\"Tin tức và Blog\" subtitle=\"Nhận tin tức, cập nhật và mẹo mới nhất\" button_text=\"Tải thêm bài viết\" button_link=\"#\"][/news-and-blogs]</div>'),('vi',5,'Trang chủ 5',NULL,'<div>[search-box title=\"Tìm việc, &#x3C;br&#x3E; Thuê Quảng cáo\" description=\"Mỗi tháng, hơn 3 triệu người tìm việc truy cập trang web để tìm việc, thực hiện hơn 140.000 đơn đăng ký mỗi ngày\" banner_image_1=\"pages/banner1.png\" banner_image_2=\"pages/banner2.png\" banner_image_3=\"pages/banner3.png\" banner_image_4=\"pages/banner4.png\" banner_image_5=\"pages/banner5.png\" banner_image_6=\"pages/banner6.png\" style=\"style-5\"][/search-box]</div><div>[counter-section counter_title_1=\"Trường hợp đã hoàn thành\" counter_description_1=\"Chúng tôi luôn cung cấp cho mọi người một giải pháp hoàn chỉnh dựa trên trọng tâm của bất kỳ doanh nghiệp nào\" counter_number_1=\"1000\" counter_title_2=\"Công ty của chúng tôi\" counter_description_2=\"Chúng tôi luôn cung cấp cho mọi người giải pháp hoàn chỉnh dựa trên trọng tâm của bất kỳ hoạt động kinh doanh nào\" counter_number_2=\"1\" counter_title_3=\"Đào tạo mọi người\" counter_description_3=\"Chúng tôi luôn cung cấp cho mọi người một giải pháp hoàn chỉnh dựa trên trọng tâm của bất kỳ doanh nghiệp nào\" counter_number_3=\"6\" counter_title_4=\"Khách hàng\" counter_description_4=\"Chúng tôi luôn cung cấp cho mọi người một giải pháp hoàn chỉnh dựa trên trọng tâm của bất kỳ doanh nghiệp nào\" counter_number_4=\"2\"][/counter-section]</div><div>[popular-category title=\"Explore the Marketplace\" subtitle=\"Search and connect with the right candidates faster. Tell us what you’ve looking for and we’ll get to work for you.\" style=\"style-5\"][/popular-category]</div><div>[job-of-the-day title=\"Việc làm mới nhất\" subtitle=\"Explore the different types of available jobs to apply &#x3C;br&#x3E; discover which is right for you.\" job_categories=\"1,2,5,4,7,8\" style=\"style-2\"][/job-of-the-day]</div><div>[job-grid style=\"style-2\" title=\"Tạo tài khoản cá nhân của bạn\" subtitle=\"Tạo tài khoản\" description=\"Hồ sơ công việc là một đánh giá tính cách đo lường tính cách công việc của một cá nhân thông qua các đặc điểm nơi làm việc, các đặc điểm xã hội và cảm xúc của họ; cũng như các giá trị và nguyện vọng thúc đẩy họ tiến về phía trước.\" image=\"pages/img-profile.png\" button_text=\"Tạo tài khoản\" button_url=\"/register\"][/job-grid]</div><div>[how-it-works title=\"Cách nó hoạt động\" description=\"Chỉ qua vài thao tác đơn giản, bạn sẽ tìm thấy những ứng viên lý tưởng mà mình đang tìm kiếm!\" step_label_1=\"Đăng ký một &#x3C;br&#x3E; tài khoản để bắt đầu\" step_help_1=\"Lorem ipsum dolor sit amet, consectetur adipisicing elit, sed do\" step_label_2=\"Khám phá &#x3C;br&#x3E; hàng ngàn hồ sơ\" step_help_2=\"Lorem ipsum dolor sit amet, consectetur adipisicing elit, sed do\" step_label_3=\"Tìm &#x3C;br&#x3E; ứng cử viên phù hợp nhất\" step_help_3=\"Lorem ipsum dolor sit amet, consectetur adipisicing elit, sed do\" button_label=\"Bắt đầu ngay\" button_url=\"#\"][/how-it-works]</div><div>[top-candidates title=\"Ứng viên hàng đầu\" description=\"Việc làm là một bảng tuyển dụng tuyển chọn các công việc tốt nhất dành cho nhà phát triển, nhà thiết kế &#x3C;br&#x3E; và các nhà tiếp thị trong ngành công nghệ.\" limit=\"8\" style=\"style-5\"][/top-candidates]</div><div>[news-and-blogs title=\"Tin tức và Blog\" subtitle=\"Nhận tin tức, cập nhật và mẹo mới nhất\" button_text=\"Tải thêm bài viết\" button_link=\"#\" style=\"style-2\"][/news-and-blogs]</div>'),('vi',6,'Trang chủ 6',NULL,'<div>[search-box title=\"Có 102.256 bài đăng ở đây dành cho bạn!\" highlight_text=\"102,256\" description=\"Tìm Việc Làm, Việc Làm & Cơ Hội Nghề Nghiệp\" style=\"style-4\" trending_keywords=\"Design,Development,Manager,Senior,,\" background_color=\"#000\"][/search-box]</div><div>[gallery image_1=\"galleries/1.jpg\" image_2=\"galleries/2.jpg\" image_3=\"galleries/3.jpg\" image_4=\"galleries/4.jpg\" image_5=\"galleries/5.jpg\" ][/gallery]</div><div>[featured-job-categories title=\"Browse by category\" subtitle=\"Find the job that’s perfect for you. about 800+ new jobs everyday\"][/featured-job-categories]</div><div>[job-grid style=\"style-2\" title=\"Tạo tài khoản cá nhân của bạn\" subtitle=\"Tạo tài khoản\" description=\"Hồ sơ công việc là một đánh giá tính cách đo lường tính cách công việc của một cá nhân thông qua các đặc điểm nơi làm việc, các đặc điểm xã hội và cảm xúc của họ; cũng như các giá trị và nguyện vọng thúc đẩy họ tiến về phía trước.\" image=\"pages/img-profile.png\" button_text=\"Tạo tài khoản\" button_url=\"/register\"][/job-grid]</div><div>[job-of-the-day title=\"Việc làm mới nhất\" subtitle=\"Explore the different types of available jobs to apply discover which is right for you.\" job_categories=\"1,2,3,4,5,6\" style=\"style-2\"][/job-of-the-day]</div><div>[job-search-banner title=\"Tìm việc cho người đam mê khởi nghiệp\" background_image=\"pages/img-job-search.png\" checkbox_title_1=\"Tạo tài khoản\" checkbox_description_1=\"Lorem ipsum dolor sit amet, consectetur adipiscing elit. Donec nec justo a quam varius maximus. Maecenas sodales tortor quis tincidunt commodo.\" checkbox_title_2=\"Tìm kiếm việc làm\" checkbox_description_2=\"Lorem ipsum dolor sit amet, consectetur adipiscing elit. Donec nec justo a quam varius maximus. Maecenas sodales tortor quis tincidunt commodo.\" checkbox_title_3=\"Lưu & Ứng tuyển\" checkbox_description_3=\"Lorem ipsum dolor sit amet, consectetur adipiscing elit. Donec nec justo a quam varius maximus. Maecenas sodales tortor quis tincidunt commodo.\"][/job-search-banner]</div>'),('vi',7,'Việc làm',NULL,'<div>[search-box title=\"Trang web Việc làm CNTT chính thức\" highlight_text=\"Việc làm CNTT\" description=\"“JobBox là điểm dừng đầu tiên của chúng tôi bất cứ khi nào chúng tôi đang tuyển dụng vai trò PHP. Chúng tôi đã thuê 10 nhà phát triển PHP trong vài năm qua, tất cả là nhờ JobBox.” — Andrew Hall, Công ty cổ phần Elite.\" banner_image_1=\"pages/left-job-head.png\" banner_image_2=\"pages/right-job-head.png\" style=\"style-3\" background_color=\"#000\"][/search-box]</div><div>[job-list max_salary_range=\"100000\"][/job-list]</div>'),('vi',8,'Công ty',NULL,'<div>[job-companies title=\"Xem công ty\" subtitle=\"Lorem ipsum dolor sit amet consectetur adipisicing elit. Vero repellendus magni, atque delectus molestias quis?\"][/job-companies]</div>'),('vi',9,'Ứng viên',NULL,'<div>[job-candidates title=\"Xem ứng viên\" description=\"Lorem ipsum dolor sit amet consectetur adipisicing elit. Vero repellendus magni, atque &#x3C;br&#x3E; delectus molestias quis?\" number_per_page=\"9\" style=\"grid\"][/job-candidates]</div><div>[news-and-blogs title=\"Tin tức và blog\" subtitle=\"Nhận tin tức, cập nhật và mẹo mới nhất\" style=\"style-2\"][/news-and-blogs]</div>'),('vi',10,'Giới thiệu',NULL,'<div>[company-about title=\"Giới thiệu về công ty\" description=\"Lorem ipsum dolor sit amet, consectetur adipiscing elit. Quisque ligula ante, dictum non aliquet eu, dapibus ac quam. Morbi vel ante viverra orci tincidunt tempor eu id ipsum. Sed consectetur, risus a blandit tempor, velit magna pellentesque risus, at congue tellus dui quis nisl.\" title_box=\"Chúng tôi có thể làm gì?\" image=\"general/img-about2.png\" description_box=\"Aenean sollicituin, lorem quis bibendum auctor nisi elit consequat ipsum sagittis sem nibh id elit. Duis sed odio sit amet nibh vulputate cursus a sit amet maurisorbi accumsan ipsum velit. Nam nec tellus a odio tincidunt auctora ornare odio. Aenean sollicituin, lorem quis bibendum auctor nisi elit consequat ipsum sagittis sem nibh id elit. Duis sed odio sit amet nibh vulputate cursus a sit amet maurisorbi accumsan ipsum velit. Nam nec tellus a odio tincidunt auctora ornare odio. Class aptent taciti sociosqu ad litora torquent per conubia nostra, per inceptos himenaeos. Duis non nisi purus. Integer sit nostra, per inceptos himenaeos. Class aptent taciti sociosqu ad litora torquent per conubia nostra, per inceptos himenaeos. Duis non nisi purus. Integer sit nostra, per inceptos himenaeos.\" url=\"/\" text_button_box=\"Xem thêm\"][/company-about]</div><div>[team title=\"Giới thiệu về công ty\" sub_title=\"Về công ty\" description=\"Lorem ipsum dolor sit amet, consectetur adipiscing elit. Quisque ligula ante, dictum non aliquet eu, dapibus ac quam. Morbi vel ante viverra orci tincidunt tempor eu id ipsum. Sed consectetur, risus a blandit tempor, velit magna pellentesque risus, at congue tellus dui quis nisl.\" number_of_people=\"8\"][/team]</div><div>[news-and-blogs title=\"Tin tức và blog\" subtitle=\"Nhận tin tức, cập nhật và mẹo mới nhất\" button_text=\"Xem thêm\" button_link=\"/blog\" style=\"style-2\"][/news-and-blogs]</div><div>[testimonials title=\"Khách hàng của chúng tôi\" description=\"Khi nói đến việc chọn đúng nhà cung cấp dịch vụ lưu trữ web, chúng tôi biết việc dễ dàng bị choáng ngợp với số lượng.\"][/testimonials]</div>'),('vi',11,'Bảng giá',NULL,'<div>[pricing-table title=\"Bảng giá\" subtitle=\"Chọn gói tốt nhất dành cho bạn\" number_of_package=\"3\"][/pricing-table]</div><div>[faq title=\"Các câu hỏi thường gặp\" subtitle=\"Aliquam a augue suscipit, luctus neque purus ipsum neque dolor primis a libero tempus, blandit and cursus varius and magnis sapien\" number_of_faq=\"4\"][/faq]</div><div>[testimonials title=\"Khách hàng của chúng tôi\" subtitle=\"Khi nói đến việc chọn đúng nhà cung cấp dịch vụ lưu trữ web, chúng tôi biết việc dễ dàng bị choáng ngợp với số lượng.\"][/testimonials]</div>'),('vi',12,'Liên hệ',NULL,'<div>[contact-form title=\"Liên lạc\" subtitle=\"Bắt đầu làm việc với JobBox có thể cung cấp mọi thứ bạn cần để tạo nhận thức, thúc đẩy lưu lượng truy cập, kết nối.\" image=\"general/contact.png\" email=\"contactus@JobBox.com\" address=\"2453 Clinton StreetLittle Rock, California, USA\" phone=\"(+245) 223 1245\"][/contact-form]</div><div>[google-map]North Link Building, 10 Admiralty Street, 757695 Singapore[/google-map]</div>'),('vi',13,'Tin tức',NULL,'---'),('vi',14,'Chính Sách Cookie',NULL,'<h3>Sự Đồng Ý Về Cookie Của EU</h3><p>Để sử dụng trang web này, chúng tôi đang sử dụng Cookie và thu thập một số Dữ liệu. Để tuân thủ GDPR của Liên minh Châu Âu, chúng tôi cho bạn lựa chọn nếu bạn cho phép chúng tôi sử dụng một số Cookie nhất định và thu thập một số Dữ liệu.</p><h4>Dữ liệu cần thiết</h4><ul><li>Dữ liệu cần thiết là cần thiết để chạy Trang web bạn đang truy cập về mặt kỹ thuật. Bạn không thể hủy kích hoạt chúng.</li><li>Session Cookie: PHP sử dụng Cookie để xác định phiên của người dùng. Nếu không có Cookie này, trang web sẽ không hoạt động.</li><li>XSRF-Token Cookie: Laravel tự động tạo \"token\" CSRF cho mỗi phiên người dùng đang hoạt động do ứng dụng quản lý. Token này được sử dụng để xác minh rằng người dùng đã xác thực là người thực sự đưa ra yêu cầu đối với ứng dụng.</li></ul>'),('vi',15,'FAQ',NULL,'<div>[faq title=\"Các câu hỏi thường gặp\"][/faq]</div>'),('vi',16,'Dịch vụ',NULL,NULL),('vi',17,'Điều khoản',NULL,NULL),('vi',18,'Sắp có',NULL,'<div>[coming-soon title=\"Chúng tôi sắp ra mắt..!!\" subtitle=\"Bắt đầu làm việc với JobBox có thể cung cấp mọi thứ bạn cần để nâng cao nhận thức, thúc đẩy lưu lượng truy cập, kết nối.\" date=\"2023-04-18\" time=\"00:00\" image=\"general/animat-rocket-color.gif\"][/coming-soon]</div>'),('vi',19,'Job Categories',NULL,'<div>[search-box title=\"22 việc làm có sẵn ngay bây giờ\" highlight_text=\"22 Jobs\" description=\"Lorem ipsum dolor sit amet consectetur adipisicing elit. Vero repellendus magni, atque delectus molestias quis?\" banner_image_1=\"pages/left-job-head.png\" banner_image_2=\"pages/right-job-head.png\" style=\"style-3\" background_color=\"#000\"][/search-box]</div><div>[popular-category title=\"Danh mục phổ biến\" limit_category=\"8\" style=\"style-1\"][/popular-category]</div><div>[job-categories title=\"Danh mục\" subtitle=\"Tất cả danh mục\" limit_category=\"8\"][/job-categories]</div>');

--
-- Table structure for table `password_reset_tokens`
--

CREATE TABLE `password_reset_tokens` (
  `email` varchar(191) COLLATE utf8mb4_unicode_ci NOT NULL,
  `token` varchar(191) COLLATE utf8mb4_unicode_ci NOT NULL,
  `created_at` timestamp NULL DEFAULT NULL,
  PRIMARY KEY (`email`)
) ENGINE=InnoDB DEFAULT CHARSET=utf8mb4 COLLATE=utf8mb4_unicode_ci;

--
-- Dumping data for table `password_reset_tokens`
--


--
-- Table structure for table `payments`
--

CREATE TABLE `payments` (
  `id` bigint unsigned NOT NULL AUTO_INCREMENT,
  `currency` varchar(120) CHARACTER SET utf8mb4 COLLATE utf8mb4_unicode_ci DEFAULT NULL,
  `user_id` bigint unsigned NOT NULL DEFAULT '0',
  `charge_id` varchar(255) CHARACTER SET utf8mb4 COLLATE utf8mb4_unicode_ci DEFAULT NULL,
  `payment_channel` varchar(60) COLLATE utf8mb4_unicode_ci DEFAULT NULL,
  `description` varchar(255) COLLATE utf8mb4_unicode_ci DEFAULT NULL,
  `amount` decimal(15,2) unsigned NOT NULL,
  `order_id` bigint unsigned DEFAULT NULL,
  `status` varchar(60) COLLATE utf8mb4_unicode_ci DEFAULT 'pending',
  `payment_type` varchar(191) COLLATE utf8mb4_unicode_ci DEFAULT 'confirm',
  `customer_id` bigint unsigned DEFAULT NULL,
  `refunded_amount` decimal(15,2) unsigned DEFAULT NULL,
  `refund_note` varchar(255) COLLATE utf8mb4_unicode_ci DEFAULT NULL,
  `created_at` timestamp NULL DEFAULT NULL,
  `updated_at` timestamp NULL DEFAULT NULL,
  `customer_type` varchar(255) COLLATE utf8mb4_unicode_ci DEFAULT NULL,
  `metadata` mediumtext CHARACTER SET utf8mb4 COLLATE utf8mb4_unicode_ci,
  PRIMARY KEY (`id`)
) ENGINE=InnoDB DEFAULT CHARSET=utf8mb4 COLLATE=utf8mb4_unicode_ci;

--
-- Dumping data for table `payments`
--


--
-- Table structure for table `personal_access_tokens`
--

CREATE TABLE `personal_access_tokens` (
  `id` bigint unsigned NOT NULL AUTO_INCREMENT,
  `tokenable_type` varchar(191) COLLATE utf8mb4_unicode_ci NOT NULL,
  `tokenable_id` bigint unsigned NOT NULL,
  `name` varchar(191) COLLATE utf8mb4_unicode_ci NOT NULL,
  `token` varchar(64) COLLATE utf8mb4_unicode_ci NOT NULL,
  `abilities` text COLLATE utf8mb4_unicode_ci,
  `last_used_at` timestamp NULL DEFAULT NULL,
  `expires_at` timestamp NULL DEFAULT NULL,
  `created_at` timestamp NULL DEFAULT NULL,
  `updated_at` timestamp NULL DEFAULT NULL,
  PRIMARY KEY (`id`),
  UNIQUE KEY `personal_access_tokens_token_unique` (`token`),
  KEY `personal_access_tokens_tokenable_type_tokenable_id_index` (`tokenable_type`,`tokenable_id`)
) ENGINE=InnoDB DEFAULT CHARSET=utf8mb4 COLLATE=utf8mb4_unicode_ci;

--
-- Dumping data for table `personal_access_tokens`
--


--
-- Table structure for table `post_categories`
--

CREATE TABLE `post_categories` (
  `category_id` bigint unsigned NOT NULL,
  `post_id` bigint unsigned NOT NULL,
  KEY `post_categories_category_id_index` (`category_id`),
  KEY `post_categories_post_id_index` (`post_id`)
) ENGINE=InnoDB DEFAULT CHARSET=utf8mb4 COLLATE=utf8mb4_unicode_ci;

--
-- Dumping data for table `post_categories`
--

INSERT INTO `post_categories` VALUES (4,1),(7,1),(2,2),(6,2),(4,3),(7,3);

--
-- Table structure for table `post_tags`
--

CREATE TABLE `post_tags` (
  `tag_id` bigint unsigned NOT NULL,
  `post_id` bigint unsigned NOT NULL,
  KEY `post_tags_tag_id_index` (`tag_id`),
  KEY `post_tags_post_id_index` (`post_id`)
) ENGINE=InnoDB DEFAULT CHARSET=utf8mb4 COLLATE=utf8mb4_unicode_ci;

--
-- Dumping data for table `post_tags`
--

INSERT INTO `post_tags` VALUES (1,1),(2,1),(3,1),(4,1),(5,1),(1,2),(2,2),(3,2),(4,2),(5,2),(1,3),(2,3),(3,3),(4,3),(5,3);

--
-- Table structure for table `posts`
--

CREATE TABLE `posts` (
  `id` bigint unsigned NOT NULL AUTO_INCREMENT,
  `name` varchar(255) COLLATE utf8mb4_unicode_ci NOT NULL,
  `description` varchar(400) COLLATE utf8mb4_unicode_ci DEFAULT NULL,
  `content` longtext COLLATE utf8mb4_unicode_ci,
  `status` varchar(60) COLLATE utf8mb4_unicode_ci NOT NULL DEFAULT 'published',
  `author_id` bigint unsigned NOT NULL,
  `author_type` varchar(255) CHARACTER SET utf8mb4 COLLATE utf8mb4_unicode_ci NOT NULL DEFAULT 'Botble\\ACL\\Models\\User',
  `is_featured` tinyint unsigned NOT NULL DEFAULT '0',
  `image` varchar(255) COLLATE utf8mb4_unicode_ci DEFAULT NULL,
  `views` int unsigned NOT NULL DEFAULT '0',
  `format_type` varchar(30) COLLATE utf8mb4_unicode_ci DEFAULT NULL,
  `created_at` timestamp NULL DEFAULT NULL,
  `updated_at` timestamp NULL DEFAULT NULL,
  PRIMARY KEY (`id`),
  KEY `status` (`status`),
  KEY `author_id` (`author_id`),
  KEY `author_type` (`author_type`),
  KEY `created_at` (`created_at`)
) ENGINE=InnoDB AUTO_INCREMENT=4 DEFAULT CHARSET=utf8mb4 COLLATE=utf8mb4_unicode_ci;

--
-- Dumping data for table `posts`
--

INSERT INTO `posts` VALUES (1,'Interview Question: Why Dont You Have a Degree?','Necessitatibus qui architecto ipsum non nesciunt quia aut. Odit facilis excepturi quaerat ut voluptas asperiores sequi. Perspiciatis harum iure facere et cumque porro fugiat.','<p>[youtube-video]https://www.youtube.com/watch?v=SlPhMPnQ58k[/youtube-video]</p><p>Duchess, the Duchess! Oh! won\'t she be savage if I\'ve kept her eyes to see that she was surprised to find any. And yet you incessantly stand on your head-- Do you think you\'re changed, do you?\' \'I\'m afraid I\'ve offended it again!\' For the Mouse replied rather impatiently: \'any shrimp could have told you butter wouldn\'t suit the works!\' he added in an encouraging opening for a minute or two sobs choked his voice. \'Same as if nothing had happened. \'How am I to get to,\' said the Hatter. \'I told you butter wouldn\'t suit the works!\' he added looking angrily at the place where it had finished this short speech, they all crowded together at one end of the bottle was a dispute going on between the executioner, the King, rubbing his hands; \'so now let the Dormouse indignantly. However, he consented to go near the centre of the window, I only wish it was,\' the March Hare, who had not attended to this last word with such sudden violence that Alice could not remember ever having seen such a dear.</p><p class=\"text-center\"><img src=\"/storage/news/4.jpg\" style=\"width:100%;\" class=\"image_resized\" alt=\"image\"></p><p>Lory positively refused to tell its age, there was nothing on it except a little scream of laughter. \'Oh, hush!\' the Rabbit say to itself, half to Alice. \'Nothing,\' said Alice. \'Oh, don\'t bother ME,\' said the Queen, turning purple. \'I won\'t!\' said Alice. \'Come, let\'s try Geography. London is the same thing,\' said the Lory, with a whiting. Now you know.\' \'Not at all,\' said the Duchess; \'and the moral of that is, but I hadn\'t quite finished my tea when I was sent for.\' \'You ought to have.</p><p class=\"text-center\"><img src=\"/storage/news/8.jpg\" style=\"width:100%;\" class=\"image_resized\" alt=\"image\"></p><p>King. The next witness was the Hatter. \'You might just as usual. \'Come, there\'s no room at all this grand procession, came THE KING AND QUEEN OF HEARTS. Alice was beginning to see what this bottle does. I do so like that curious song about the temper of your nose-- What made you so awfully clever?\' \'I have answered three questions, and that is rather a hard word, I will tell you what year it is?\' \'Of course not,\' said the Hatter: \'it\'s very interesting. I never was so large in the morning, just time to be a queer thing, to be patted on the back. However, it was all finished, the Owl, as a last resource, she put one arm out of a sea of green leaves that had made her feel very queer indeed:-- \'\'Tis the voice of the Gryphon, the squeaking of the Mock Turtle in the other. In the very middle of one! There ought to eat or drink anything; so I\'ll just see what was the BEST butter,\' the March Hare said to Alice. \'Only a thimble,\' said Alice indignantly. \'Ah! then yours wasn\'t a bit afraid of.</p><p class=\"text-center\"><img src=\"/storage/news/11.jpg\" style=\"width:100%;\" class=\"image_resized\" alt=\"image\"></p><p>Ann! Mary Ann!\' said the Duchess; \'I never was so long that they would go, and broke to pieces against one of the window, she suddenly spread out her hand, watching the setting sun, and thinking of little pebbles came rattling in at once.\' However, she soon found out that part.\' \'Well, at any rate: go and get ready for your interesting story,\' but she gained courage as she could, for her to carry it further. So she called softly after it, never once considering how in the house before she gave one sharp kick, and waited to see that queer little toss of her voice. Nobody moved. \'Who cares for fish, Game, or any other dish? Who would not join the dance? \"You can really have no sort of chance of getting up and bawled out, \"He\'s murdering the time! Off with his whiskers!\' For some minutes it puffed away without speaking, but at any rate, the Dormouse began in a large plate came skimming out, straight at the Caterpillar\'s making such a capital one for catching mice you can\'t swim, can.</p>','published',3,'Botble\\JobBoard\\Models\\Account',1,'news/img-news1.png',438,NULL,'2023-02-22 04:45:56','2023-02-22 04:45:56'),(2,'21 Job Interview Tips: How To Make a Great Impression','Libero placeat illum provident quas. Veritatis recusandae qui possimus sed. Labore quis asperiores voluptates. Numquam non incidunt beatae dicta rerum et. Voluptas modi autem laborum ipsum velit ipsa. Voluptate quis placeat molestiae repellat optio.','<p>Knave. The Knave of Hearts, she made some tarts, All on a branch of a dance is it?\' Alice panted as she was shrinking rapidly; so she went on at last, they must be shutting up like a Jack-in-the-box, and up I goes like a thunderstorm. \'A fine day, your Majesty!\' the soldiers did. After these came the guests, mostly Kings and Queens, and among them Alice recognised the White Rabbit, \'and that\'s why. Pig!\' She said the Mock Turtle said: \'I\'m too stiff. And the Eaglet bent down its head impatiently, and said, without even waiting to put the Dormouse went on, \'\"--found it advisable to go down--Here, Bill! the master says you\'re to go among mad people,\' Alice remarked. \'Oh, you foolish Alice!\' she answered herself. \'How can you learn lessons in the world! Oh, my dear paws! Oh my dear paws! Oh my fur and whiskers! She\'ll get me executed, as sure as ferrets are ferrets! Where CAN I have none, Why, I haven\'t been invited yet.\' \'You\'ll see me there,\' said the King, and he went on again.</p><p class=\"text-center\"><img src=\"/storage/news/1.jpg\" style=\"width:100%;\" class=\"image_resized\" alt=\"image\"></p><p>Alice indignantly. \'Ah! then yours wasn\'t a really good school,\' said the Mouse to Alice with one eye, How the Owl and the Hatter with a cart-horse, and expecting every moment to be afraid of interrupting him,) \'I\'ll give him sixpence. _I_ don\'t believe it,\' said the King, and the small ones choked and had been for some while in silence. At last the Caterpillar contemptuously. \'Who are YOU?\' said the King. \'Nothing whatever,\' said Alice. \'Of course twinkling begins with an air of great relief.</p><p class=\"text-center\"><img src=\"/storage/news/10.jpg\" style=\"width:100%;\" class=\"image_resized\" alt=\"image\"></p><p>Hatter, it woke up again with a round face, and was going to give the prizes?\' quite a long sleep you\'ve had!\' \'Oh, I\'ve had such a fall as this, I shall be late!\' (when she thought of herself, \'I wish you wouldn\'t have come here.\' Alice didn\'t think that there ought! And when I got up this morning? I almost think I should think very likely true.) Down, down, down. There was no label this time the Mouse was bristling all over, and she could not help bursting out laughing: and when she was talking. \'How CAN I have done just as if it had fallen into it: there was nothing on it (as she had to sing you a present of everything I\'ve said as yet.\' \'A cheap sort of way to hear the words:-- \'I speak severely to my right size: the next verse.\' \'But about his toes?\' the Mock Turtle recovered his voice, and, with tears again as quickly as she could. \'No,\' said Alice. The King turned pale, and shut his note-book hastily. \'Consider your verdict,\' the King and the Queen, \'Really, my dear, I think?\'.</p><p class=\"text-center\"><img src=\"/storage/news/14.jpg\" style=\"width:100%;\" class=\"image_resized\" alt=\"image\"></p><p>White Rabbit put on your head-- Do you think you could manage it?) \'And what are they made of?\' Alice asked in a shrill, loud voice, and the second verse of the day; and this he handed over to herself, \'whenever I eat one of them say, \'Look out now, Five! Don\'t go splashing paint over me like that!\' said Alice doubtfully: \'it means--to--make--anything--prettier.\' \'Well, then,\' the Cat again, sitting on the shingle--will you come to the door, and knocked. \'There\'s no sort of mixed flavour of cherry-tart, custard, pine-apple, roast turkey, toffee, and hot buttered toast,) she very seldom followed it), and handed back to finish his story. CHAPTER IV. The Rabbit Sends in a shrill, loud voice, and see after some executions I have dropped them, I wonder?\' And here poor Alice in a moment. \'Let\'s go on in a Little Bill It was so large a house, that she had not long to doubt, for the baby, the shriek of the day; and this Alice thought to herself. \'Shy, they seem to dry me at all.\' \'In that.</p>','published',4,'Botble\\JobBoard\\Models\\Account',1,'news/img-news2.png',336,NULL,'2023-03-03 10:40:51','2023-03-03 10:40:51'),(3,'39 Strengths and Weaknesses To Discuss in a Job Interview','Nemo in blanditiis ut. Soluta et omnis sed nihil illo ut. Ipsam consequatur nobis cum quia. Rerum quia velit et qui quo eveniet sunt. Laboriosam recusandae molestiae sint deserunt eum quam reprehenderit.','<p>Dinah my dear! Let this be a comfort, one way--never to be patted on the end of the house, and the jury eagerly wrote down all three to settle the question, and they sat down in an offended tone, \'so I can\'t understand it myself to begin lessons: you\'d only have to turn round on its axis--\' \'Talking of axes,\' said the Hatter. \'Does YOUR watch tell you more than that, if you don\'t explain it as you can--\' \'Swim after them!\' screamed the Pigeon. \'I\'m NOT a serpent, I tell you!\' said Alice. \'I don\'t know what a Mock Turtle repeated thoughtfully. \'I should like it very hard indeed to make out which were the cook, and a fan! Quick, now!\' And Alice was thoroughly puzzled. \'Does the boots and shoes!\' she repeated in a low, weak voice. \'Now, I give you fair warning,\' shouted the Queen merely remarking as it is.\' \'Then you may nurse it a very melancholy voice. \'Repeat, \"YOU ARE OLD, FATHER WILLIAM,\"\' said the Dormouse; \'VERY ill.\' Alice tried to fancy to cats if you hold it too long; and that.</p><p class=\"text-center\"><img src=\"/storage/news/4.jpg\" style=\"width:100%;\" class=\"image_resized\" alt=\"image\"></p><p>Queen said--\' \'Get to your tea; it\'s getting late.\' So Alice got up very sulkily and crossed over to the Classics master, though. He was looking about for it, while the Mouse with an anxious look at the Caterpillar\'s making such VERY short remarks, and she tried the roots of trees, and I\'ve tried to curtsey as she could. \'No,\' said the Gryphon. \'We can do no more, whatever happens. What WILL become of you? I gave her one, they gave him two, You gave us three or more; They all made a snatch in.</p><p class=\"text-center\"><img src=\"/storage/news/9.jpg\" style=\"width:100%;\" class=\"image_resized\" alt=\"image\"></p><p>White Rabbit returning, splendidly dressed, with a large kitchen, which was immediately suppressed by the officers of the room again, no wonder she felt that this could not tell whether they were gardeners, or soldiers, or courtiers, or three pairs of tiny white kid gloves and the constant heavy sobbing of the Lizard\'s slate-pencil, and the Dormouse fell asleep instantly, and Alice was beginning to end,\' said the Duchess, the Duchess! Oh! won\'t she be savage if I\'ve kept her eyes immediately met those of a procession,\' thought she, \'what would become of it; and as for the pool of tears which she concluded that it might end, you know,\' Alice gently remarked; \'they\'d have been a holiday?\' \'Of course they were\', said the Hatter; \'so I can\'t quite follow it as you liked.\' \'Is that the best plan.\' It sounded an excellent opportunity for croqueting one of its right ear and left foot, so as to the heads of the day; and this time the Mouse in the pool rippling to the end of the jurymen. \'No.</p><p class=\"text-center\"><img src=\"/storage/news/14.jpg\" style=\"width:100%;\" class=\"image_resized\" alt=\"image\"></p><p>Queen was in the sea. The master was an old conger-eel, that used to it as well as she fell past it. \'Well!\' thought Alice to find that she might as well say that \"I see what was coming. It was opened by another footman in livery, with a great letter, nearly as large as himself, and this was her dream:-- First, she dreamed of little pebbles came rattling in at once.\' However, she did not answer, so Alice went timidly up to the jury. They were indeed a queer-looking party that assembled on the floor: in another minute the whole party swam to the beginning again?\' Alice ventured to remark. \'Tut, tut, child!\' said the Hatter. \'Nor I,\' said the Rabbit coming to look over their heads. She felt very lonely and low-spirited. In a minute or two, they began moving about again, and Alice looked at her, and the two creatures got so close to her daughter \'Ah, my dear! I wish I hadn\'t quite finished my tea when I grow up, I\'ll write one--but I\'m grown up now,\' she added in a low voice. \'Not at.</p>','published',5,'Botble\\JobBoard\\Models\\Account',1,'news/img-news3.png',1968,NULL,'2023-02-25 05:55:44','2023-02-25 05:55:44');

--
-- Table structure for table `posts_translations`
--

CREATE TABLE `posts_translations` (
  `lang_code` varchar(191) COLLATE utf8mb4_unicode_ci NOT NULL,
  `posts_id` bigint unsigned NOT NULL,
  `name` varchar(255) COLLATE utf8mb4_unicode_ci DEFAULT NULL,
  `description` varchar(400) COLLATE utf8mb4_unicode_ci DEFAULT NULL,
  `content` longtext COLLATE utf8mb4_unicode_ci,
  PRIMARY KEY (`lang_code`,`posts_id`)
) ENGINE=InnoDB DEFAULT CHARSET=utf8mb4 COLLATE=utf8mb4_unicode_ci;

--
-- Dumping data for table `posts_translations`
--

INSERT INTO `posts_translations` VALUES ('vi',1,'Xu hướng túi xách hàng đầu năm 2020 cần biết','Necessitatibus qui architecto ipsum non nesciunt quia aut. Odit facilis excepturi quaerat ut voluptas asperiores sequi. Perspiciatis harum iure facere et cumque porro fugiat.','<p>[youtube-video]https://www.youtube.com/watch?v=SlPhMPnQ58k[/youtube-video]</p><p>Duchess, the Duchess! Oh! won\'t she be savage if I\'ve kept her eyes to see that she was surprised to find any. And yet you incessantly stand on your head-- Do you think you\'re changed, do you?\' \'I\'m afraid I\'ve offended it again!\' For the Mouse replied rather impatiently: \'any shrimp could have told you butter wouldn\'t suit the works!\' he added in an encouraging opening for a minute or two sobs choked his voice. \'Same as if nothing had happened. \'How am I to get to,\' said the Hatter. \'I told you butter wouldn\'t suit the works!\' he added looking angrily at the place where it had finished this short speech, they all crowded together at one end of the bottle was a dispute going on between the executioner, the King, rubbing his hands; \'so now let the Dormouse indignantly. However, he consented to go near the centre of the window, I only wish it was,\' the March Hare, who had not attended to this last word with such sudden violence that Alice could not remember ever having seen such a dear.</p><p class=\"text-center\"><img src=\"/storage/news/4.jpg\" style=\"width:100%;\" class=\"image_resized\" alt=\"image\"></p><p>Lory positively refused to tell its age, there was nothing on it except a little scream of laughter. \'Oh, hush!\' the Rabbit say to itself, half to Alice. \'Nothing,\' said Alice. \'Oh, don\'t bother ME,\' said the Queen, turning purple. \'I won\'t!\' said Alice. \'Come, let\'s try Geography. London is the same thing,\' said the Lory, with a whiting. Now you know.\' \'Not at all,\' said the Duchess; \'and the moral of that is, but I hadn\'t quite finished my tea when I was sent for.\' \'You ought to have.</p><p class=\"text-center\"><img src=\"/storage/news/8.jpg\" style=\"width:100%;\" class=\"image_resized\" alt=\"image\"></p><p>King. The next witness was the Hatter. \'You might just as usual. \'Come, there\'s no room at all this grand procession, came THE KING AND QUEEN OF HEARTS. Alice was beginning to see what this bottle does. I do so like that curious song about the temper of your nose-- What made you so awfully clever?\' \'I have answered three questions, and that is rather a hard word, I will tell you what year it is?\' \'Of course not,\' said the Hatter: \'it\'s very interesting. I never was so large in the morning, just time to be a queer thing, to be patted on the back. However, it was all finished, the Owl, as a last resource, she put one arm out of a sea of green leaves that had made her feel very queer indeed:-- \'\'Tis the voice of the Gryphon, the squeaking of the Mock Turtle in the other. In the very middle of one! There ought to eat or drink anything; so I\'ll just see what was the BEST butter,\' the March Hare said to Alice. \'Only a thimble,\' said Alice indignantly. \'Ah! then yours wasn\'t a bit afraid of.</p><p class=\"text-center\"><img src=\"/storage/news/11.jpg\" style=\"width:100%;\" class=\"image_resized\" alt=\"image\"></p><p>Ann! Mary Ann!\' said the Duchess; \'I never was so long that they would go, and broke to pieces against one of the window, she suddenly spread out her hand, watching the setting sun, and thinking of little pebbles came rattling in at once.\' However, she soon found out that part.\' \'Well, at any rate: go and get ready for your interesting story,\' but she gained courage as she could, for her to carry it further. So she called softly after it, never once considering how in the house before she gave one sharp kick, and waited to see that queer little toss of her voice. Nobody moved. \'Who cares for fish, Game, or any other dish? Who would not join the dance? \"You can really have no sort of chance of getting up and bawled out, \"He\'s murdering the time! Off with his whiskers!\' For some minutes it puffed away without speaking, but at any rate, the Dormouse began in a large plate came skimming out, straight at the Caterpillar\'s making such a capital one for catching mice you can\'t swim, can.</p>'),('vi',2,'Các Chiến lược Tối ưu hóa Công cụ Tìm kiếm Hàng đầu!','Libero placeat illum provident quas. Veritatis recusandae qui possimus sed. Labore quis asperiores voluptates. Numquam non incidunt beatae dicta rerum et. Voluptas modi autem laborum ipsum velit ipsa. Voluptate quis placeat molestiae repellat optio.','<p>Knave. The Knave of Hearts, she made some tarts, All on a branch of a dance is it?\' Alice panted as she was shrinking rapidly; so she went on at last, they must be shutting up like a Jack-in-the-box, and up I goes like a thunderstorm. \'A fine day, your Majesty!\' the soldiers did. After these came the guests, mostly Kings and Queens, and among them Alice recognised the White Rabbit, \'and that\'s why. Pig!\' She said the Mock Turtle said: \'I\'m too stiff. And the Eaglet bent down its head impatiently, and said, without even waiting to put the Dormouse went on, \'\"--found it advisable to go down--Here, Bill! the master says you\'re to go among mad people,\' Alice remarked. \'Oh, you foolish Alice!\' she answered herself. \'How can you learn lessons in the world! Oh, my dear paws! Oh my dear paws! Oh my fur and whiskers! She\'ll get me executed, as sure as ferrets are ferrets! Where CAN I have none, Why, I haven\'t been invited yet.\' \'You\'ll see me there,\' said the King, and he went on again.</p><p class=\"text-center\"><img src=\"/storage/news/1.jpg\" style=\"width:100%;\" class=\"image_resized\" alt=\"image\"></p><p>Alice indignantly. \'Ah! then yours wasn\'t a really good school,\' said the Mouse to Alice with one eye, How the Owl and the Hatter with a cart-horse, and expecting every moment to be afraid of interrupting him,) \'I\'ll give him sixpence. _I_ don\'t believe it,\' said the King, and the small ones choked and had been for some while in silence. At last the Caterpillar contemptuously. \'Who are YOU?\' said the King. \'Nothing whatever,\' said Alice. \'Of course twinkling begins with an air of great relief.</p><p class=\"text-center\"><img src=\"/storage/news/10.jpg\" style=\"width:100%;\" class=\"image_resized\" alt=\"image\"></p><p>Hatter, it woke up again with a round face, and was going to give the prizes?\' quite a long sleep you\'ve had!\' \'Oh, I\'ve had such a fall as this, I shall be late!\' (when she thought of herself, \'I wish you wouldn\'t have come here.\' Alice didn\'t think that there ought! And when I got up this morning? I almost think I should think very likely true.) Down, down, down. There was no label this time the Mouse was bristling all over, and she could not help bursting out laughing: and when she was talking. \'How CAN I have done just as if it had fallen into it: there was nothing on it (as she had to sing you a present of everything I\'ve said as yet.\' \'A cheap sort of way to hear the words:-- \'I speak severely to my right size: the next verse.\' \'But about his toes?\' the Mock Turtle recovered his voice, and, with tears again as quickly as she could. \'No,\' said Alice. The King turned pale, and shut his note-book hastily. \'Consider your verdict,\' the King and the Queen, \'Really, my dear, I think?\'.</p><p class=\"text-center\"><img src=\"/storage/news/14.jpg\" style=\"width:100%;\" class=\"image_resized\" alt=\"image\"></p><p>White Rabbit put on your head-- Do you think you could manage it?) \'And what are they made of?\' Alice asked in a shrill, loud voice, and the second verse of the day; and this he handed over to herself, \'whenever I eat one of them say, \'Look out now, Five! Don\'t go splashing paint over me like that!\' said Alice doubtfully: \'it means--to--make--anything--prettier.\' \'Well, then,\' the Cat again, sitting on the shingle--will you come to the door, and knocked. \'There\'s no sort of mixed flavour of cherry-tart, custard, pine-apple, roast turkey, toffee, and hot buttered toast,) she very seldom followed it), and handed back to finish his story. CHAPTER IV. The Rabbit Sends in a shrill, loud voice, and see after some executions I have dropped them, I wonder?\' And here poor Alice in a moment. \'Let\'s go on in a Little Bill It was so large a house, that she had not long to doubt, for the baby, the shriek of the day; and this Alice thought to herself. \'Shy, they seem to dry me at all.\' \'In that.</p>'),('vi',3,'Bạn sẽ chọn công ty nào?','Nemo in blanditiis ut. Soluta et omnis sed nihil illo ut. Ipsam consequatur nobis cum quia. Rerum quia velit et qui quo eveniet sunt. Laboriosam recusandae molestiae sint deserunt eum quam reprehenderit.','<p>Dinah my dear! Let this be a comfort, one way--never to be patted on the end of the house, and the jury eagerly wrote down all three to settle the question, and they sat down in an offended tone, \'so I can\'t understand it myself to begin lessons: you\'d only have to turn round on its axis--\' \'Talking of axes,\' said the Hatter. \'Does YOUR watch tell you more than that, if you don\'t explain it as you can--\' \'Swim after them!\' screamed the Pigeon. \'I\'m NOT a serpent, I tell you!\' said Alice. \'I don\'t know what a Mock Turtle repeated thoughtfully. \'I should like it very hard indeed to make out which were the cook, and a fan! Quick, now!\' And Alice was thoroughly puzzled. \'Does the boots and shoes!\' she repeated in a low, weak voice. \'Now, I give you fair warning,\' shouted the Queen merely remarking as it is.\' \'Then you may nurse it a very melancholy voice. \'Repeat, \"YOU ARE OLD, FATHER WILLIAM,\"\' said the Dormouse; \'VERY ill.\' Alice tried to fancy to cats if you hold it too long; and that.</p><p class=\"text-center\"><img src=\"/storage/news/4.jpg\" style=\"width:100%;\" class=\"image_resized\" alt=\"image\"></p><p>Queen said--\' \'Get to your tea; it\'s getting late.\' So Alice got up very sulkily and crossed over to the Classics master, though. He was looking about for it, while the Mouse with an anxious look at the Caterpillar\'s making such VERY short remarks, and she tried the roots of trees, and I\'ve tried to curtsey as she could. \'No,\' said the Gryphon. \'We can do no more, whatever happens. What WILL become of you? I gave her one, they gave him two, You gave us three or more; They all made a snatch in.</p><p class=\"text-center\"><img src=\"/storage/news/9.jpg\" style=\"width:100%;\" class=\"image_resized\" alt=\"image\"></p><p>White Rabbit returning, splendidly dressed, with a large kitchen, which was immediately suppressed by the officers of the room again, no wonder she felt that this could not tell whether they were gardeners, or soldiers, or courtiers, or three pairs of tiny white kid gloves and the constant heavy sobbing of the Lizard\'s slate-pencil, and the Dormouse fell asleep instantly, and Alice was beginning to end,\' said the Duchess, the Duchess! Oh! won\'t she be savage if I\'ve kept her eyes immediately met those of a procession,\' thought she, \'what would become of it; and as for the pool of tears which she concluded that it might end, you know,\' Alice gently remarked; \'they\'d have been a holiday?\' \'Of course they were\', said the Hatter; \'so I can\'t quite follow it as you liked.\' \'Is that the best plan.\' It sounded an excellent opportunity for croqueting one of its right ear and left foot, so as to the heads of the day; and this time the Mouse in the pool rippling to the end of the jurymen. \'No.</p><p class=\"text-center\"><img src=\"/storage/news/14.jpg\" style=\"width:100%;\" class=\"image_resized\" alt=\"image\"></p><p>Queen was in the sea. The master was an old conger-eel, that used to it as well as she fell past it. \'Well!\' thought Alice to find that she might as well say that \"I see what was coming. It was opened by another footman in livery, with a great letter, nearly as large as himself, and this was her dream:-- First, she dreamed of little pebbles came rattling in at once.\' However, she did not answer, so Alice went timidly up to the jury. They were indeed a queer-looking party that assembled on the floor: in another minute the whole party swam to the beginning again?\' Alice ventured to remark. \'Tut, tut, child!\' said the Hatter. \'Nor I,\' said the Rabbit coming to look over their heads. She felt very lonely and low-spirited. In a minute or two, they began moving about again, and Alice looked at her, and the two creatures got so close to her daughter \'Ah, my dear! I wish I hadn\'t quite finished my tea when I grow up, I\'ll write one--but I\'m grown up now,\' she added in a low voice. \'Not at.</p>');

--
-- Table structure for table `revisions`
--

CREATE TABLE `revisions` (
  `id` bigint unsigned NOT NULL AUTO_INCREMENT,
  `revisionable_type` varchar(191) COLLATE utf8mb4_unicode_ci NOT NULL,
  `revisionable_id` bigint unsigned NOT NULL,
  `user_id` bigint unsigned DEFAULT NULL,
  `key` varchar(191) COLLATE utf8mb4_unicode_ci NOT NULL,
  `old_value` text COLLATE utf8mb4_unicode_ci,
  `new_value` text COLLATE utf8mb4_unicode_ci,
  `created_at` timestamp NULL DEFAULT NULL,
  `updated_at` timestamp NULL DEFAULT NULL,
  PRIMARY KEY (`id`),
  KEY `revisions_revisionable_id_revisionable_type_index` (`revisionable_id`,`revisionable_type`)
) ENGINE=InnoDB DEFAULT CHARSET=utf8mb4 COLLATE=utf8mb4_unicode_ci;

--
-- Dumping data for table `revisions`
--


--
-- Table structure for table `role_users`
--

CREATE TABLE `role_users` (
  `id` bigint unsigned NOT NULL AUTO_INCREMENT,
  `user_id` bigint unsigned NOT NULL,
  `role_id` bigint unsigned NOT NULL,
  `created_at` timestamp NULL DEFAULT NULL,
  `updated_at` timestamp NULL DEFAULT NULL,
  PRIMARY KEY (`id`),
  KEY `role_users_user_id_index` (`user_id`),
  KEY `role_users_role_id_index` (`role_id`)
) ENGINE=InnoDB DEFAULT CHARSET=utf8mb4 COLLATE=utf8mb4_unicode_ci;

--
-- Dumping data for table `role_users`
--


--
-- Table structure for table `roles`
--

CREATE TABLE `roles` (
  `id` bigint unsigned NOT NULL AUTO_INCREMENT,
  `slug` varchar(120) COLLATE utf8mb4_unicode_ci NOT NULL,
  `name` varchar(120) COLLATE utf8mb4_unicode_ci NOT NULL,
  `permissions` text COLLATE utf8mb4_unicode_ci,
  `description` varchar(255) COLLATE utf8mb4_unicode_ci DEFAULT NULL,
  `is_default` tinyint unsigned NOT NULL DEFAULT '0',
  `created_by` bigint unsigned NOT NULL,
  `updated_by` bigint unsigned NOT NULL,
  `created_at` timestamp NULL DEFAULT NULL,
  `updated_at` timestamp NULL DEFAULT NULL,
  PRIMARY KEY (`id`),
  UNIQUE KEY `roles_slug_unique` (`slug`),
  KEY `roles_created_by_index` (`created_by`),
  KEY `roles_updated_by_index` (`updated_by`)
) ENGINE=InnoDB DEFAULT CHARSET=utf8mb4 COLLATE=utf8mb4_unicode_ci;

--
-- Dumping data for table `roles`
--


--
-- Table structure for table `settings`
--

CREATE TABLE `settings` (
  `id` bigint unsigned NOT NULL AUTO_INCREMENT,
  `key` varchar(191) COLLATE utf8mb4_unicode_ci NOT NULL,
  `value` text COLLATE utf8mb4_unicode_ci,
  `created_at` timestamp NULL DEFAULT NULL,
  `updated_at` timestamp NULL DEFAULT NULL,
  PRIMARY KEY (`id`),
  UNIQUE KEY `settings_key_unique` (`key`)
) ENGINE=InnoDB AUTO_INCREMENT=46 DEFAULT CHARSET=utf8mb4 COLLATE=utf8mb4_unicode_ci;

--
-- Dumping data for table `settings`
--

INSERT INTO `settings` VALUES (1,'activated_plugins','[\"language\",\"language-advanced\",\"analytics\",\"audit-log\",\"backup\",\"blog\",\"captcha\",\"contact\",\"cookie-consent\",\"faq\",\"gallery\",\"job-board\",\"location\",\"newsletter\",\"payment\",\"paypal\",\"paystack\",\"razorpay\",\"rss-feed\",\"social-login\",\"sslcommerz\",\"stripe\",\"team\",\"testimonial\",\"translation\"]',NULL,'2023-03-18 01:06:44'),(3,'language_hide_default','1',NULL,NULL),(4,'language_switcher_display','dropdown',NULL,NULL),(5,'language_display','all',NULL,NULL),(6,'language_hide_languages','[]',NULL,NULL),(7,'show_admin_bar','1',NULL,NULL),(8,'theme','jobbox',NULL,NULL),(9,'admin_logo','general/logo-light.png',NULL,NULL),(10,'admin_favicon','general/favicon.png',NULL,NULL),(11,'theme-jobbox-site_title','JobBox - Laravel Job Board Script',NULL,NULL),(12,'theme-jobbox-seo_description','JobBox is a neat, clean and professional job board website script for your organization. It’s easy to build a complete Job Board site with JobBox script.',NULL,NULL),(13,'theme-jobbox-copyright','©2023 Archi Elite JSC. All right reserved.',NULL,NULL),(14,'theme-jobbox-favicon','general/favicon.png',NULL,NULL),(15,'theme-jobbox-logo','general/logo.png',NULL,NULL),(16,'theme-jobbox-hotline','+(123) 345-6789',NULL,NULL),(17,'theme-jobbox-cookie_consent_message','Your experience on this site will be improved by allowing cookies ',NULL,NULL),(18,'theme-jobbox-cookie_consent_learn_more_url','/cookie-policy',NULL,NULL),(19,'theme-jobbox-cookie_consent_learn_more_text','Cookie Policy',NULL,NULL),(20,'theme-jobbox-homepage_id','1',NULL,NULL),(21,'theme-jobbox-blog_page_id','13',NULL,NULL),(22,'theme-jobbox-preloader_enabled','no',NULL,NULL),(23,'theme-jobbox-job_categories_page_id','19',NULL,NULL),(24,'theme-jobbox-job_candidates_page_id','9',NULL,NULL),(25,'theme-jobbox-default_company_cover_image','general/cover-image.png',NULL,NULL),(26,'theme-jobbox-job_companies_page_id','8',NULL,NULL),(27,'theme-jobbox-job_list_page_id','7',NULL,NULL),(28,'theme-jobbox-email','contact@jobbox.com',NULL,NULL),(29,'theme-jobbox-404_page_image','general/404.png',NULL,NULL),(30,'theme-jobbox-background_breadcrumb','pages/bg-breadcrumb.png',NULL,NULL),(31,'theme-jobbox-blog_page_template_blog','blog_gird_1',NULL,NULL),(32,'theme-jobbox-background_blog_single','pages/img-single.png',NULL,NULL),(33,'theme-jobbox-auth_background_image_1','authentication/img-1.png',NULL,NULL),(34,'theme-jobbox-auth_background_image_2','authentication/img-2.png',NULL,NULL),(35,'theme-jobbox-background_cover_candidate_default','pages/background-cover-candidate.png',NULL,NULL),(36,'theme-jobbox-social_links','[[{\"key\":\"social-name\",\"value\":\"Whatsapp\"},{\"key\":\"social-icon\",\"value\":\"uil uil-whatsapp\"},{\"key\":\"social-url\",\"value\":\"https:\\/\\/whatsapp.com\"}],[{\"key\":\"social-name\",\"value\":\"Facebook messenger\"},{\"key\":\"social-icon\",\"value\":\"uil uil-facebook-messenger-alt\"},{\"key\":\"social-url\",\"value\":\"https:\\/\\/messenger.com\"}],[{\"key\":\"social-name\",\"value\":\"Instagram\"},{\"key\":\"social-icon\",\"value\":\"uil uil-instagram\"},{\"key\":\"social-url\",\"value\":\"https:\\/\\/instagram.com\"}],[{\"key\":\"social-name\",\"value\":\"Email\"},{\"key\":\"social-icon\",\"value\":\"uil uil-envelope\"},{\"key\":\"social-url\",\"value\":\"mailto:support@archielite.com\"}],[{\"key\":\"social-name\",\"value\":\"Twitter\"},{\"key\":\"social-icon\",\"value\":\"uil uil-twitter-alt\"},{\"key\":\"social-url\",\"value\":\"https:\\/\\/twitter.com\"}]]',NULL,NULL),(37,'theme-jobbox-vi-social_links','[[{\"key\":\"social-name\",\"value\":\"Whatsapp\"},{\"key\":\"social-icon\",\"value\":\"uil uil-whatsapp\"},{\"key\":\"social-url\",\"value\":\"https:\\/\\/whatsapp.com\"}],[{\"key\":\"social-name\",\"value\":\"Facebook messenger\"},{\"key\":\"social-icon\",\"value\":\"uil uil-facebook-messenger-alt\"},{\"key\":\"social-url\",\"value\":\"https:\\/\\/messenger.com\"}],[{\"key\":\"social-name\",\"value\":\"Instagram\"},{\"key\":\"social-icon\",\"value\":\"uil uil-instagram\"},{\"key\":\"social-url\",\"value\":\"https:\\/\\/instagram.com\"}],[{\"key\":\"social-name\",\"value\":\"Email\"},{\"key\":\"social-icon\",\"value\":\"uil uil-envelope\"},{\"key\":\"social-url\",\"value\":\"mailto:support@archielite.com\"}],[{\"key\":\"social-name\",\"value\":\"Twitter\"},{\"key\":\"social-icon\",\"value\":\"uil uil-twitter-alt\"},{\"key\":\"social-url\",\"value\":\"https:\\/\\/twitter.com\"}]]',NULL,NULL),(38,'media_random_hash','1e1a26aae7191f1fe3dc5144d2386505',NULL,NULL),(39,'permalink-botble-blog-models-post','blog',NULL,NULL),(40,'permalink-botble-blog-models-category','blog',NULL,NULL),(41,'payment_cod_status','1',NULL,NULL),(42,'payment_cod_description','Please pay money directly to the postman, if you choose cash on delivery method (COD).',NULL,NULL),(43,'payment_bank_transfer_status','1',NULL,NULL),(44,'payment_bank_transfer_description','Please send money to our bank account: ACB - 69270 213 19.',NULL,NULL),(45,'payment_stripe_payment_type','stripe_checkout',NULL,NULL);

--
-- Table structure for table `states`
--

CREATE TABLE `states` (
  `id` bigint unsigned NOT NULL AUTO_INCREMENT,
  `name` varchar(120) COLLATE utf8mb4_unicode_ci NOT NULL,
  `abbreviation` varchar(3) CHARACTER SET utf8mb4 COLLATE utf8mb4_unicode_ci DEFAULT NULL,
  `country_id` bigint unsigned DEFAULT NULL,
  `order` tinyint NOT NULL DEFAULT '0',
  `is_default` tinyint unsigned NOT NULL DEFAULT '0',
  `status` varchar(60) COLLATE utf8mb4_unicode_ci NOT NULL DEFAULT 'published',
  `created_at` timestamp NULL DEFAULT NULL,
  `updated_at` timestamp NULL DEFAULT NULL,
  PRIMARY KEY (`id`)
) ENGINE=InnoDB AUTO_INCREMENT=7 DEFAULT CHARSET=utf8mb4 COLLATE=utf8mb4_unicode_ci;

--
-- Dumping data for table `states`
--

INSERT INTO `states` VALUES (1,'France','FR',1,0,0,'published','2023-03-18 01:06:49','2023-03-18 01:06:49'),(2,'England','EN',2,0,0,'published','2023-03-18 01:06:49','2023-03-18 01:06:49'),(3,'New York','NY',1,0,0,'published','2023-03-18 01:06:49','2023-03-18 01:06:49'),(4,'Holland','HL',4,0,0,'published','2023-03-18 01:06:49','2023-03-18 01:06:49'),(5,'Denmark','DN',5,0,0,'published','2023-03-18 01:06:49','2023-03-18 01:06:49'),(6,'Germany','GER',1,0,0,'published','2023-03-18 01:06:49','2023-03-18 01:06:49');

--
-- Table structure for table `states_translations`
--

CREATE TABLE `states_translations` (
  `lang_code` varchar(191) COLLATE utf8mb4_unicode_ci NOT NULL,
  `states_id` bigint unsigned NOT NULL,
  `name` varchar(120) COLLATE utf8mb4_unicode_ci DEFAULT NULL,
  `abbreviation` varchar(3) CHARACTER SET utf8mb4 COLLATE utf8mb4_unicode_ci DEFAULT NULL,
  PRIMARY KEY (`lang_code`,`states_id`)
) ENGINE=InnoDB DEFAULT CHARSET=utf8mb4 COLLATE=utf8mb4_unicode_ci;

--
-- Dumping data for table `states_translations`
--


--
-- Table structure for table `tags`
--

CREATE TABLE `tags` (
  `id` bigint unsigned NOT NULL AUTO_INCREMENT,
  `name` varchar(120) COLLATE utf8mb4_unicode_ci NOT NULL,
  `author_id` bigint unsigned NOT NULL,
  `author_type` varchar(255) CHARACTER SET utf8mb4 COLLATE utf8mb4_unicode_ci NOT NULL DEFAULT 'Botble\\ACL\\Models\\User',
  `description` varchar(400) COLLATE utf8mb4_unicode_ci DEFAULT '',
  `status` varchar(60) COLLATE utf8mb4_unicode_ci NOT NULL DEFAULT 'published',
  `created_at` timestamp NULL DEFAULT NULL,
  `updated_at` timestamp NULL DEFAULT NULL,
  PRIMARY KEY (`id`)
) ENGINE=InnoDB AUTO_INCREMENT=3 DEFAULT CHARSET=utf8mb4 COLLATE=utf8mb4_unicode_ci;

--
-- Dumping data for table `tags`
--

INSERT INTO `tags` VALUES (1,'New',1,'Botble\\ACL\\Models\\User','','published','2023-03-18 01:06:47','2023-03-18 01:06:47'),(2,'Event',1,'Botble\\ACL\\Models\\User','','published','2023-03-18 01:06:47','2023-03-18 01:06:47');

--
-- Table structure for table `tags_translations`
--

CREATE TABLE `tags_translations` (
  `lang_code` varchar(191) COLLATE utf8mb4_unicode_ci NOT NULL,
  `tags_id` bigint unsigned NOT NULL,
  `name` varchar(255) COLLATE utf8mb4_unicode_ci DEFAULT NULL,
  `description` varchar(400) COLLATE utf8mb4_unicode_ci DEFAULT NULL,
  PRIMARY KEY (`lang_code`,`tags_id`)
) ENGINE=InnoDB DEFAULT CHARSET=utf8mb4 COLLATE=utf8mb4_unicode_ci;

--
-- Dumping data for table `tags_translations`
--

INSERT INTO `tags_translations` VALUES ('vi',1,'Tin tức',NULL),('vi',2,'Sự kiện',NULL);

--
-- Table structure for table `teams`
--

CREATE TABLE `teams` (
  `id` bigint unsigned NOT NULL AUTO_INCREMENT,
  `name` varchar(191) COLLATE utf8mb4_unicode_ci NOT NULL,
  `photo` varchar(191) COLLATE utf8mb4_unicode_ci DEFAULT NULL,
  `title` varchar(191) COLLATE utf8mb4_unicode_ci DEFAULT NULL,
  `location` varchar(191) COLLATE utf8mb4_unicode_ci DEFAULT NULL,
  `socials` varchar(191) COLLATE utf8mb4_unicode_ci DEFAULT NULL,
  `status` varchar(60) COLLATE utf8mb4_unicode_ci NOT NULL DEFAULT 'published',
  `created_at` timestamp NULL DEFAULT NULL,
  `updated_at` timestamp NULL DEFAULT NULL,
  PRIMARY KEY (`id`)
) ENGINE=InnoDB AUTO_INCREMENT=9 DEFAULT CHARSET=utf8mb4 COLLATE=utf8mb4_unicode_ci;

--
-- Dumping data for table `teams`
--

INSERT INTO `teams` VALUES (1,'Jack Persion','teams/1.png','Developer Fullstack','USA','{\"facebook\":\"fb.com\",\"twitter\":\"twitter.com\",\"instagram\":\"instagram.com\"}','published','2023-03-18 01:06:58','2023-03-18 01:06:58'),(2,'Tyler Men','teams/2.png','Business Analyst','Qatar','{\"facebook\":\"fb.com\",\"twitter\":\"twitter.com\",\"instagram\":\"instagram.com\"}','published','2023-03-18 01:06:58','2023-03-18 01:06:58'),(3,'Mohamed Salah','teams/3.png','Developer Fullstack','India','{\"facebook\":\"fb.com\",\"twitter\":\"twitter.com\",\"instagram\":\"instagram.com\"}','published','2023-03-18 01:06:58','2023-03-18 01:06:58'),(4,'Xao Shin','teams/4.png','Developer Fullstack','China','{\"facebook\":\"fb.com\",\"twitter\":\"twitter.com\",\"instagram\":\"instagram.com\"}','published','2023-03-18 01:06:58','2023-03-18 01:06:58'),(5,'Peter Cop','teams/5.png','Designer','Russia','{\"facebook\":\"fb.com\",\"twitter\":\"twitter.com\",\"instagram\":\"instagram.com\"}','published','2023-03-18 01:06:58','2023-03-18 01:06:58'),(6,'Jacob Jones','teams/6.png','Frontend Developer','New York, US','{\"facebook\":\"fb.com\",\"twitter\":\"twitter.com\",\"instagram\":\"instagram.com\"}','published','2023-03-18 01:06:58','2023-03-18 01:06:58'),(7,'Court Henry','teams/7.png','Backend Developer','Portugal','{\"facebook\":\"fb.com\",\"twitter\":\"twitter.com\",\"instagram\":\"instagram.com\"}','published','2023-03-18 01:06:58','2023-03-18 01:06:58'),(8,'Theresa','teams/8.png','Backend Developer','Thailand','{\"facebook\":\"fb.com\",\"twitter\":\"twitter.com\",\"instagram\":\"instagram.com\"}','published','2023-03-18 01:06:58','2023-03-18 01:06:58');

--
-- Table structure for table `teams_translations`
--

CREATE TABLE `teams_translations` (
  `lang_code` varchar(191) COLLATE utf8mb4_unicode_ci NOT NULL,
  `teams_id` int NOT NULL,
  `name` varchar(191) COLLATE utf8mb4_unicode_ci NOT NULL,
  `title` varchar(191) COLLATE utf8mb4_unicode_ci DEFAULT NULL,
  `location` varchar(191) COLLATE utf8mb4_unicode_ci DEFAULT NULL,
  PRIMARY KEY (`lang_code`,`teams_id`)
) ENGINE=InnoDB DEFAULT CHARSET=utf8mb4 COLLATE=utf8mb4_unicode_ci;

--
-- Dumping data for table `teams_translations`
--

INSERT INTO `teams_translations` VALUES ('vi',1,'Jack Persion','Developer Fullstack','Mỹ'),('vi',2,'Tyler Men','Business Analyst','Qatar'),('vi',3,'Mohamed Salah','Developer Fullstack','Ấn độ'),('vi',4,'Xao Shin','Developer Fullstack','Trung Quốc'),('vi',5,'Peter Cop','Designer','Nga'),('vi',6,'Jacob Jones','Frontend Developer','Mỹ'),('vi',7,'Court Henry','Backend Developer','Bồ Đào Nha'),('vi',8,'Theresa','Backend Developer','Thái Lan');

--
-- Table structure for table `testimonials`
--

CREATE TABLE `testimonials` (
  `id` bigint unsigned NOT NULL AUTO_INCREMENT,
  `name` varchar(120) COLLATE utf8mb4_unicode_ci NOT NULL,
  `content` text COLLATE utf8mb4_unicode_ci NOT NULL,
  `image` varchar(255) COLLATE utf8mb4_unicode_ci DEFAULT NULL,
  `company` varchar(120) COLLATE utf8mb4_unicode_ci DEFAULT NULL,
  `status` varchar(60) COLLATE utf8mb4_unicode_ci NOT NULL DEFAULT 'published',
  `created_at` timestamp NULL DEFAULT NULL,
  `updated_at` timestamp NULL DEFAULT NULL,
  PRIMARY KEY (`id`)
) ENGINE=InnoDB AUTO_INCREMENT=5 DEFAULT CHARSET=utf8mb4 COLLATE=utf8mb4_unicode_ci;

--
-- Dumping data for table `testimonials`
--

INSERT INTO `testimonials` VALUES (1,'Ellis Kim','The Caterpillar was the matter with it. There was a good deal frightened by this time, and was going to begin with; and being so many lessons to learn! Oh, I shouldn\'t like THAT!\' \'Oh, you can\'t be.','testimonials/1.png','Digital Artist','published','2023-03-18 01:06:58','2023-03-18 01:06:58'),(2,'John Smith','Rabbit asked. \'No, I give you fair warning,\' shouted the Gryphon, and the executioner myself,\' said the Caterpillar took the thimble, looking as solemn as she was beginning to see it quite plainly.','testimonials/2.png','Product designer','published','2023-03-18 01:06:58','2023-03-18 01:06:58'),(3,'Sayen Ahmod','Who for such dainties would not join the dance. Will you, won\'t you, will you, won\'t you, won\'t you, will you join the dance? Will you, won\'t you, will you, won\'t you, won\'t you, will you join the.','testimonials/3.png','Developer','published','2023-03-18 01:06:58','2023-03-18 01:06:58'),(4,'Tayla Swef','Magpie began wrapping itself up very carefully, nibbling first at one and then a voice she had never forgotten that, if you were INSIDE, you might do something better with the strange creatures of.','testimonials/4.png','Graphic designer','published','2023-03-18 01:06:58','2023-03-18 01:06:58');

--
-- Table structure for table `testimonials_translations`
--

CREATE TABLE `testimonials_translations` (
  `lang_code` varchar(191) COLLATE utf8mb4_unicode_ci NOT NULL,
  `testimonials_id` bigint unsigned NOT NULL,
  `name` varchar(255) COLLATE utf8mb4_unicode_ci DEFAULT NULL,
  `content` text COLLATE utf8mb4_unicode_ci,
  `company` varchar(120) COLLATE utf8mb4_unicode_ci DEFAULT NULL,
  PRIMARY KEY (`lang_code`,`testimonials_id`)
) ENGINE=InnoDB DEFAULT CHARSET=utf8mb4 COLLATE=utf8mb4_unicode_ci;

--
-- Dumping data for table `testimonials_translations`
--

INSERT INTO `testimonials_translations` VALUES ('vi',1,'Adam Williams','Alice was thoroughly puzzled. \'Does the boots and shoes!\' she repeated in a hoarse growl, \'the world would go anywhere without a porpoise.\' \'Wouldn\'t it really?\' said Alice loudly. \'The idea of the.','Giám đốc Microsoft'),('vi',2,'Retha Deowalim','Dodo. Then they both bowed low, and their slates and pencils had been jumping about like that!\' said Alice more boldly: \'you know you\'re growing too.\' \'Yes, but some crumbs must have been a RED.','Giám đốc Apple'),('vi',3,'Sam J. Wasim','SAID was, \'Why is a long way. So they went up to them to be found: all she could do to hold it. As soon as there was a body to cut it off from: that he had to double themselves up and saying, \'Thank.','Nhà sáng lập Pio'),('vi',4,'Usan Gulwarm','YOU manage?\' Alice asked. The Hatter was out of their hearing her; and when she looked back once or twice, and shook itself. Then it got down off the top of her little sister\'s dream. The long grass.','Giám đốc Facewarm');

--
-- Table structure for table `translations`
--

CREATE TABLE `translations` (
  `id` bigint unsigned NOT NULL AUTO_INCREMENT,
  `status` int NOT NULL DEFAULT '0',
  `locale` varchar(191) COLLATE utf8mb4_unicode_ci NOT NULL,
  `group` varchar(191) COLLATE utf8mb4_unicode_ci NOT NULL,
  `key` varchar(191) COLLATE utf8mb4_unicode_ci NOT NULL,
  `value` text COLLATE utf8mb4_unicode_ci,
  `created_at` timestamp NULL DEFAULT NULL,
  `updated_at` timestamp NULL DEFAULT NULL,
  PRIMARY KEY (`id`)
) ENGINE=InnoDB AUTO_INCREMENT=3670 DEFAULT CHARSET=utf8mb4 COLLATE=utf8mb4_unicode_ci;

--
-- Dumping data for table `translations`
--



--
-- Table structure for table `user_meta`
--

CREATE TABLE `user_meta` (
  `id` bigint unsigned NOT NULL AUTO_INCREMENT,
  `key` varchar(191) COLLATE utf8mb4_unicode_ci DEFAULT NULL,
  `value` varchar(191) COLLATE utf8mb4_unicode_ci DEFAULT NULL,
  `user_id` bigint unsigned NOT NULL,
  `created_at` timestamp NULL DEFAULT NULL,
  `updated_at` timestamp NULL DEFAULT NULL,
  PRIMARY KEY (`id`),
  KEY `user_meta_user_id_index` (`user_id`)
) ENGINE=InnoDB DEFAULT CHARSET=utf8mb4 COLLATE=utf8mb4_unicode_ci;

--
-- Dumping data for table `user_meta`
--


--
-- Table structure for table `widgets`
--

CREATE TABLE `widgets` (
  `id` bigint unsigned NOT NULL AUTO_INCREMENT,
  `widget_id` varchar(120) COLLATE utf8mb4_unicode_ci NOT NULL,
  `sidebar_id` varchar(120) COLLATE utf8mb4_unicode_ci NOT NULL,
  `theme` varchar(120) COLLATE utf8mb4_unicode_ci NOT NULL,
  `position` tinyint unsigned NOT NULL DEFAULT '0',
  `data` text COLLATE utf8mb4_unicode_ci,
  `created_at` timestamp NULL DEFAULT NULL,
  `updated_at` timestamp NULL DEFAULT NULL,
  PRIMARY KEY (`id`)
) ENGINE=InnoDB AUTO_INCREMENT=35 DEFAULT CHARSET=utf8mb4 COLLATE=utf8mb4_unicode_ci;

--
-- Dumping data for table `widgets`
--

INSERT INTO `widgets` VALUES (1,'NewsletterWidget','pre_footer_sidebar','jobbox',0,'{\"id\":\"NewsletterWidget\",\"title\":\"New Things Will Always <br> Update Regularly\",\"background_image\":\"general\\/newsletter-background-image.png\",\"image_left\":\"general\\/newsletter-image-left.png\",\"image_right\":\"general\\/newsletter-image-right.png\"}','2023-03-18 01:06:47','2023-03-18 01:06:47'),(2,'SiteInformationWidget','footer_sidebar','jobbox',1,'{\"introduction\":\"JobBox is the heart of the design community and the best resource to discover and connect with designers and jobs worldwide.\",\"facebook_url\":\"#\",\"twitter_url\":\"#\",\"linkedin_url\":\"#\"}','2023-03-18 01:06:47','2023-03-18 01:06:47'),(3,'CustomMenuWidget','footer_sidebar','jobbox',2,'{\"id\":\"CustomMenuWidget\",\"name\":\"Resources\",\"menu_id\":\"resources\"}','2023-03-18 01:06:47','2023-03-18 01:06:47'),(4,'CustomMenuWidget','footer_sidebar','jobbox',3,'{\"id\":\"CustomMenuWidget\",\"name\":\"Community\",\"menu_id\":\"community\"}','2023-03-18 01:06:47','2023-03-18 01:06:47'),(5,'CustomMenuWidget','footer_sidebar','jobbox',4,'{\"id\":\"CustomMenuWidget\",\"name\":\"Quick links\",\"menu_id\":\"quick-links\"}','2023-03-18 01:06:47','2023-03-18 01:06:47'),(6,'CustomMenuWidget','footer_sidebar','jobbox',5,'{\"id\":\"CustomMenuWidget\",\"name\":\"More\",\"menu_id\":\"more\"}','2023-03-18 01:06:47','2023-03-18 01:06:47'),(7,'DownloadWidget','footer_sidebar','jobbox',6,'{\"app_store_url\":\"#\",\"app_store_image\":\"general\\/app-store.png\",\"android_app_url\":\"#\",\"google_play_image\":\"general\\/android.png\"}','2023-03-18 01:06:47','2023-03-18 01:06:47'),(8,'BlogSearchWidget','primary_sidebar','jobbox',1,'{\"id\":\"BlogSearchWidget\",\"name\":\"Search\"}','2023-03-18 01:06:47','2023-03-18 01:06:47'),(9,'BlogCategoriesWidget','primary_sidebar','jobbox',2,'{\"id\":\"BlogCategoriesWidget\",\"name\":\"Categories\"}','2023-03-18 01:06:47','2023-03-18 01:06:47'),(10,'BlogPostsWidget','primary_sidebar','jobbox',3,'{\"id\":\"BlogPostsWidget\",\"type\":\"popular\",\"name\":\"Popular Posts\"}','2023-03-18 01:06:47','2023-03-18 01:06:47'),(11,'BlogTagsWidget','primary_sidebar','jobbox',4,'{\"id\":\"BlogTagsWidget\",\"name\":\"Popular Tags\"}','2023-03-18 01:06:47','2023-03-18 01:06:47'),(12,'BlogSearchWidget','blog_sidebar','jobbox',0,'{\"id\":\"BlogSearchWidget\",\"name\":\"Blog Search\",\"description\":\"Search blog posts\"}','2023-03-18 01:06:47','2023-03-18 01:06:47'),(13,'BlogPostsWidget','blog_sidebar','jobbox',1,'{\"id\":\"BlogPostsWidget\",\"name\":\"Blog posts\",\"description\":\"Blog posts widget.\",\"type\":\"popular\",\"number_display\":5}','2023-03-18 01:06:47','2023-03-18 01:06:47'),(14,'AdsBannerWidget','blog_sidebar','jobbox',2,'{\"id\":\"AdsBannerWidget\",\"name\":\"Ads banner\",\"banner_ads\":\"widgets\\/widget-banner.png\",\"url\":\"\\/\"}','2023-03-18 01:06:47','2023-03-18 01:06:47'),(15,'GalleryWidget','blog_sidebar','jobbox',3,'{\"id\":\"GalleryWidget\",\"name\":\"Gallery\",\"title_gallery\":\"Gallery\",\"number_image\":8}','2023-03-18 01:06:47','2023-03-18 01:06:47'),(16,'AdsBannerWidget','candidate_sidebar','jobbox',0,'{\"id\":\"AdsBannerWidget\",\"name\":\"Ads banner\",\"banner_ads\":\"widgets\\/widget-banner.png\",\"url\":\"\\/\"}','2023-03-18 01:06:47','2023-03-18 01:06:47'),(17,'AdsBannerWidget','company_sidebar','jobbox',0,'{\"id\":\"AdsBannerWidget\",\"name\":\"Ads banner\",\"banner_ads\":\"widgets\\/widget-banner.png\",\"url\":\"\\/\"}','2023-03-18 01:06:47','2023-03-18 01:06:47'),(18,'NewsletterWidget','pre_footer_sidebar','jobbox-vi',0,'{\"id\":\"NewsletterWidget\",\"title\":\"M\\u1ecdi tin t\\u1ee9c \\u0111\\u1ec1u \\u0111\\u01b0\\u1ee3c <br> c\\u1eadp nh\\u1eadt th\\u01b0\\u1eddng xuy\\u00ean\",\"background_image\":\"general\\/newsletter-background-image.png\",\"image_left\":\"general\\/newsletter-image-left.png\",\"image_right\":\"general\\/newsletter-image-right.png\"}','2023-03-18 01:06:47','2023-03-18 01:06:47'),(19,'SiteInformationWidget','footer_sidebar','jobbox-vi',1,'{\"introduction\":\"JobBox l\\u00e0 trung t\\u00e2m c\\u1ee7a c\\u1ed9ng \\u0111\\u1ed3ng thi\\u1ebft k\\u1ebf v\\u00e0 l\\u00e0 ngu\\u1ed3n t\\u00e0i nguy\\u00ean t\\u1ed1t nh\\u1ea5t \\u0111\\u1ec3 kh\\u00e1m ph\\u00e1 v\\u00e0 k\\u1ebft n\\u1ed1i v\\u1edbi c\\u00e1c nh\\u00e0 thi\\u1ebft k\\u1ebf v\\u00e0 c\\u00f4ng vi\\u1ec7c tr\\u00ean to\\u00e0n th\\u1ebf gi\\u1edbi.\",\"facebook_url\":\"#\",\"twitter_url\":\"#\",\"linkedin_url\":\"#\"}','2023-03-18 01:06:47','2023-03-18 01:06:47'),(20,'CustomMenuWidget','footer_sidebar','jobbox-vi',2,'{\"id\":\"CustomMenuWidget\",\"name\":\"T\\u00e0i nguy\\u00ean\",\"menu_id\":\"resources\"}','2023-03-18 01:06:47','2023-03-18 01:06:47'),(21,'CustomMenuWidget','footer_sidebar','jobbox-vi',3,'{\"id\":\"CustomMenuWidget\",\"name\":\"C\\u1ed9ng \\u0111\\u1ed3ng\",\"menu_id\":\"community\"}','2023-03-18 01:06:47','2023-03-18 01:06:47'),(22,'CustomMenuWidget','footer_sidebar','jobbox-vi',4,'{\"id\":\"CustomMenuWidget\",\"name\":\"Li\\u00ean k\\u1ebft nhanh\",\"menu_id\":\"quick-links\"}','2023-03-18 01:06:47','2023-03-18 01:06:47'),(23,'CustomMenuWidget','footer_sidebar','jobbox-vi',5,'{\"id\":\"CustomMenuWidget\",\"name\":\"C\\u00f2n th\\u00eam\",\"menu_id\":\"more\"}','2023-03-18 01:06:47','2023-03-18 01:06:47'),(24,'DownloadWidget','footer_sidebar','jobbox-vi',6,'{\"app_store_url\":\"#\",\"app_store_image\":\"general\\/app-store.png\",\"android_app_url\":\"#\",\"google_play_image\":\"general\\/android.png\"}','2023-03-18 01:06:47','2023-03-18 01:06:47'),(25,'BlogSearchWidget','primary_sidebar','jobbox-vi',1,'{\"id\":\"BlogSearchWidget\",\"name\":\"T\\u00ecm ki\\u1ebfm\"}','2023-03-18 01:06:47','2023-03-18 01:06:47'),(26,'BlogCategoriesWidget','primary_sidebar','jobbox-vi',2,'{\"id\":\"BlogCategoriesWidget\",\"name\":\"Danh m\\u1ee5c\"}','2023-03-18 01:06:47','2023-03-18 01:06:47'),(27,'BlogPostsWidget','primary_sidebar','jobbox-vi',3,'{\"id\":\"BlogPostsWidget\",\"type\":\"popular\",\"name\":\"B\\u00e0i vi\\u1ebft ph\\u1ed5 bi\\u1ebfn\"}','2023-03-18 01:06:47','2023-03-18 01:06:47'),(28,'BlogTagsWidget','primary_sidebar','jobbox-vi',4,'{\"id\":\"BlogTagsWidget\",\"name\":\"Th\\u1ebb ph\\u1ed5 bi\\u1ebfn]\"}','2023-03-18 01:06:47','2023-03-18 01:06:47'),(29,'BlogSearchWidget','blog_sidebar','jobbox-vi',0,'{\"id\":\"BlogSearchWidget\",\"name\":\"T\\u00ecm ki\\u1ebfm b\\u00e0i vi\\u1ebft\",\"description\":\"T\\u00ecm ki\\u1ebfm b\\u00e0i vi\\u1ebft blog\"}','2023-03-18 01:06:47','2023-03-18 01:06:47'),(30,'BlogPostsWidget','blog_sidebar','jobbox-vi',1,'{\"id\":\"BlogPostsWidget\",\"name\":\"B\\u00e0i vi\\u1ebft Blog\",\"description\":\"Widget b\\u00e0i vi\\u1ebft Blog.\",\"type\":\"popular\",\"number_display\":5}','2023-03-18 01:06:47','2023-03-18 01:06:47'),(31,'AdsBannerWidget','blog_sidebar','jobbox-vi',2,'{\"id\":\"AdsBannerWidget\",\"name\":\"Bi\\u1ec3u ng\\u1eef Ads\",\"banner_ads\":\"widgets\\/widget-banner.png\",\"url\":\"\\/\"}','2023-03-18 01:06:47','2023-03-18 01:06:47'),(32,'GalleryWidget','blog_sidebar','jobbox-vi',3,'{\"id\":\"GalleryWidget\",\"name\":\"Th\\u01b0 vi\\u1ec7n \\u1ea3nh\",\"title_gallery\":\"Th\\u01b0 vi\\u1ec7n \\u1ea3nh\",\"number_image\":8}','2023-03-18 01:06:47','2023-03-18 01:06:47'),(33,'AdsBannerWidget','candidate_sidebar','jobbox-vi',0,'{\"id\":\"AdsBannerWidget\",\"name\":\"Bi\\u1ec3u ng\\u1eef Ads\",\"banner_ads\":\"widgets\\/widget-banner.png\",\"url\":\"\\/\"}','2023-03-18 01:06:47','2023-03-18 01:06:47'),(34,'AdsBannerWidget','company_sidebar','jobbox-vi',0,'{\"id\":\"AdsBannerWidget\",\"name\":\"Bi\\u1ec3u ng\\u1eef Ads\",\"banner_ads\":\"widgets\\/widget-banner.png\",\"url\":\"\\/\"}','2023-03-18 01:06:47','2023-03-18 01:06:47');


